{"id":5176,"date":"2022-03-17T10:07:03","date_gmt":"2022-03-17T10:07:03","guid":{"rendered":"https:\/\/taniabonament.pl\/telewizory\/produkt\/bez-kategorii\/gogen-telewizor-tvh-24p452t\/"},"modified":"2022-03-17T10:07:13","modified_gmt":"2022-03-17T10:07:13","slug":"gogen-telewizor-tvh-24p452t","status":"publish","type":"product","link":"https:\/\/taniabonament.pl\/telewizory\/produkt\/hevc\/gogen-telewizor-tvh-24p452t\/","title":{"rendered":"GoGEN telewizor TVH 24P452T"},"content":{"rendered":"<p>Przejd\u017a teraz do sklepu internetowego gdzie <a style=\"color: red; text-decoration: underline;\" href=\"https:\/\/converti.se\/click\/34590059-c70e8160-5f3fd1b8\/?deep_link=https%3A%2F%2Fwww.mall.pl%2Ftelewizory%2Fgogen-telewizor-tvh-24p452t&#038;sid=telewizory-hevc&#038;tag6=product&#038;tag8=1a92aaf285bc2597c3cad596b96afa8d&#038;tag9=GoGEN+telewizor+TVH+24P452T\" rel=\"nofollow noopener\" target=\"_blank\">kupisz ten telewizor<\/a> zgodny ze standardem HEVC czyli DVB-T2. Model TV dost\u0119pny w promocyjnej tej cenie.<\/p>\n","protected":false},"excerpt":{"rendered":"<h4>Dobry <span style='color: #0286E7;'>telewizor<\/span> to gwarancja wy\u015bmienitego obrazu odbieranego w nowym standardzie nadawania DVB-T2 HEVC!<\/h4>\n<p style='padding-top: 10px;'>GoGEN telewizor TVH 24P452T, cechy i zalety: <\/p>\n<ul style='padding-left: 45px; padding-bottom: 10px;'>\n<li style='padding-top: 10px;'>  Interfejs: 2\u00d7 HDMI, 1\u00d7 USB, CI+, koaksjalne wyj\u015bcie audio, wej\u015bcie kompozytowe, wyj\u015bcie s\u0142uchawkowe<\/li>\n<li style='padding-top: 10px;'> GoGEN zapewnia ponadstandardowy okres gwarancji wynosz\u0105cy 40 miesi\u0119cy na wszystkie telewizory LED<\/li>\n<li style='padding-top: 10px;'>Telewizor LED o przek\u0105tnej 60 cm (24\u2033) w rozdzielczo\u015bci HD Ready (1366 \u00d7 768) jest wyposa\u017cony w tuner DVB-T \/ T2 (HEVC) \/ C, odtwarzacz multimedialny z USB, system stereo Nicam i tryb hotelowy<\/li>\n<\/ul>\n<p style='padding: 10px; font-weight: bold; background-color: aliceblue;'>Telewizor z HEVC w dobrej cenie:<\/p>\n<p><img src='https:\/\/taniabonament.pl\/telefony\/wp-content\/uploads\/sklepylogo\/mall-pl-logo.png' style='padding-top: 15px; padding-left: 48px; padding-bottom: 15px;' alt='Mall.pl sklep' \/><\/p>\n","protected":false},"featured_media":5177,"comment_status":"closed","ping_status":"open","template":"","meta":[],"product_cat":[489],"product_tag":[],"class_list":{"0":"post-5176","1":"product","2":"type-product","3":"status-publish","6":"product_cat-hevc","7":"pa_producent-gogen","8":"pa_sklep-mall-pl","9":"pa_typ-produktu-telewizor","11":"first","12":"instock","13":"sale","14":"product-type-external"},"_links":{"self":[{"href":"https:\/\/taniabonament.pl\/telewizory\/wp-json\/wp\/v2\/product\/5176","targetHints":{"allow":["GET"]}}],"collection":[{"href":"https:\/\/taniabonament.pl\/telewizory\/wp-json\/wp\/v2\/product"}],"about":[{"href":"https:\/\/taniabonament.pl\/telewizory\/wp-json\/wp\/v2\/types\/product"}],"replies":[{"embeddable":true,"href":"https:\/\/taniabonament.pl\/telewizory\/wp-json\/wp\/v2\/comments?post=5176"}],"wp:featuredmedia":[{"embeddable":true,"href":"https:\/\/taniabonament.pl\/telewizory\/wp-json\/wp\/v2\/media\/5177"}],"wp:attachment":[{"href":"https:\/\/taniabonament.pl\/telewizory\/wp-json\/wp\/v2\/media?parent=5176"}],"wp:term":[{"taxonomy":"product_cat","embeddable":true,"href":"https:\/\/taniabonament.pl\/telewizory\/wp-json\/wp\/v2\/product_cat?post=5176"},{"taxonomy":"product_tag","embeddable":true,"href":"https:\/\/taniabonament.pl\/telewizory\/wp-json\/wp\/v2\/product_tag?post=5176"}],"curies":[{"name":"wp","href":"https:\/\/api.w.org\/{rel}","templated":true}]}}