{"id":5144,"date":"2022-03-17T10:06:49","date_gmt":"2022-03-17T10:06:49","guid":{"rendered":"https:\/\/taniabonament.pl\/telewizory\/produkt\/bez-kategorii\/metz-telewizor-smart-tv-55muc7000z\/"},"modified":"2022-03-17T10:07:01","modified_gmt":"2022-03-17T10:07:01","slug":"metz-telewizor-smart-tv-55muc7000z","status":"publish","type":"product","link":"https:\/\/taniabonament.pl\/telewizory\/produkt\/hevc\/metz-telewizor-smart-tv-55muc7000z\/","title":{"rendered":"Metz telewizor Smart TV 55MUC7000Z"},"content":{"rendered":"<p>Przejd\u017a teraz do sklepu internetowego gdzie <a style=\"color: red; text-decoration: underline;\" href=\"https:\/\/converti.se\/click\/34590059-c70e8160-5f3fd1b8\/?deep_link=https%3A%2F%2Fwww.mall.pl%2Ftelewizory%2Fmetz-telewizor-smart-tv-55muc7000z&#038;sid=telewizory-hevc&#038;tag6=product&#038;tag8=bb54614a7b13204ec27e8e55a58d1f88&#038;tag9=Metz+telewizor+Smart+TV+55MUC7000Z\" rel=\"nofollow noopener\" target=\"_blank\">kupisz ten telewizor<\/a> zgodny ze standardem HEVC czyli DVB-T2. Model TV dost\u0119pny w promocyjnej tej cenie.<\/p>\n","protected":false},"excerpt":{"rendered":"<h4>Dobry <span style='color: #0286E7;'>telewizor<\/span> to gwarancja wy\u015bmienitego obrazu odbieranego w nowym standardzie nadawania DVB-T2 HEVC!<\/h4>\n<p style='padding-top: 10px;'>Metz telewizor Smart TV, cechy i zalety: <\/p>\n<ul style='padding-left: 45px; padding-bottom: 10px;'>\n<li style='padding-top: 10px;'> Smart TV o rozdzielczo\u015bci 4K (3840\u00d72160) ma przek\u0105tn\u0105 139 cm (55&#8243;), tunery DVB-T \/ T2 (HEVC) \/ C \/ S \/ S2, nowoczesny kodek AV1, system operacyjny Android 10, technologi\u0119 Pure HDR 10\/HLG, sterowanie g\u0142osowe za pomoc\u0105 Asystenta Google, wbudowany Chromecast, tryb gry, Youtube, Netflix, Disney+, HbbTV, odtwarzacz multimedialny USB, nagrywanie na USB, Timeshift, Bluetooth 5<\/li>\n<li style='padding-top: 10px;'>0, Wi-Fi, LAN, Dolby Digital Plus, audio Dolby Audio i DTS StudioSound<\/li>\n<li style='padding-top: 10px;'> Interfejs: 3\u00d7 HDMI 2<\/li>\n<li style='padding-top: 10px;'>Metz telewizor Smart TV.  Interfejs: 3\u00d7 HDMI 2<\/li>\n<li style='padding-top: 10px;'>0 (ARC), 2\u00d7 USB 2<\/li>\n<li style='padding-top: 10px;'>0, optyczne wyj\u015bcie audio, wyj\u015bcie s\u0142uchawkowe<\/li>\n<\/ul>\n<p style='padding: 10px; font-weight: bold; background-color: aliceblue;'>Telewizor z HEVC w dobrej cenie:<\/p>\n<p><img src='https:\/\/taniabonament.pl\/telefony\/wp-content\/uploads\/sklepylogo\/mall-pl-logo.png' style='padding-top: 15px; padding-left: 48px; padding-bottom: 15px;' alt='Mall.pl sklep' \/><\/p>\n","protected":false},"featured_media":5145,"comment_status":"closed","ping_status":"open","template":"","meta":[],"product_cat":[489],"product_tag":[],"class_list":{"0":"post-5144","1":"product","2":"type-product","3":"status-publish","6":"product_cat-hevc","7":"pa_producent-metz","8":"pa_sklep-mall-pl","9":"pa_typ-produktu-telewizor","11":"first","12":"instock","13":"sale","14":"product-type-external"},"_links":{"self":[{"href":"https:\/\/taniabonament.pl\/telewizory\/wp-json\/wp\/v2\/product\/5144","targetHints":{"allow":["GET"]}}],"collection":[{"href":"https:\/\/taniabonament.pl\/telewizory\/wp-json\/wp\/v2\/product"}],"about":[{"href":"https:\/\/taniabonament.pl\/telewizory\/wp-json\/wp\/v2\/types\/product"}],"replies":[{"embeddable":true,"href":"https:\/\/taniabonament.pl\/telewizory\/wp-json\/wp\/v2\/comments?post=5144"}],"wp:featuredmedia":[{"embeddable":true,"href":"https:\/\/taniabonament.pl\/telewizory\/wp-json\/wp\/v2\/media\/5145"}],"wp:attachment":[{"href":"https:\/\/taniabonament.pl\/telewizory\/wp-json\/wp\/v2\/media?parent=5144"}],"wp:term":[{"taxonomy":"product_cat","embeddable":true,"href":"https:\/\/taniabonament.pl\/telewizory\/wp-json\/wp\/v2\/product_cat?post=5144"},{"taxonomy":"product_tag","embeddable":true,"href":"https:\/\/taniabonament.pl\/telewizory\/wp-json\/wp\/v2\/product_tag?post=5144"}],"curies":[{"name":"wp","href":"https:\/\/api.w.org\/{rel}","templated":true}]}}