{"id":4952,"date":"2022-03-17T10:05:53","date_gmt":"2022-03-17T10:05:53","guid":{"rendered":"https:\/\/taniabonament.pl\/telewizory\/produkt\/bez-kategorii\/samsung-telewizor-qe55q64t\/"},"modified":"2022-03-17T10:05:53","modified_gmt":"2022-03-17T10:05:53","slug":"samsung-telewizor-qe55q64t","status":"publish","type":"product","link":"https:\/\/taniabonament.pl\/telewizory\/produkt\/hevc\/samsung-telewizor-qe55q64t\/","title":{"rendered":"Samsung telewizor QE55Q64T"},"content":{"rendered":"<p>Przejd\u017a teraz do sklepu internetowego gdzie <a style=\"color: red; text-decoration: underline;\" href=\"https:\/\/converti.se\/click\/34590059-c70e8160-5f3fd1b8\/?deep_link=https%3A%2F%2Fwww.mall.pl%2Ftelewizory%2Fsamsung-telewizor-qe55q64t&#038;sid=telewizory-hevc&#038;tag6=product&#038;tag8=18d44a705cb54c068246f9be27f6488b&#038;tag9=Samsung+telewizor+QE55Q64T\" rel=\"nofollow noopener\" target=\"_blank\">kupisz ten telewizor<\/a> zgodny ze standardem HEVC czyli DVB-T2. Model TV dost\u0119pny w promocyjnej tej cenie.<\/p>\n","protected":false},"excerpt":{"rendered":"<h4>Dobry <span style='color: #0286E7;'>telewizor<\/span> to gwarancja wy\u015bmienitego obrazu odbieranego w nowym standardzie nadawania DVB-T2 HEVC!<\/h4>\n<p style='padding-top: 10px;'>Samsung telewizor QE55Q64T, cechy i zalety: <\/p>\n<ul style='padding-left: 45px; padding-bottom: 10px;'>\n<li style='padding-top: 10px;'>Telewizor 4K QLED o rozdzielczo\u015bci 3840\u00d72160 i przek\u0105tnej 138 cm (55&#8243;), HDR, tuner DVB-T\/T2 (HEVC\/H<\/li>\n<li style='padding-top: 10px;'>4)<\/li>\n<li style='padding-top: 10px;'>1 (ARC), 2\u00d7 USB 2<\/li>\n<li style='padding-top: 10px;'>Samsung telewizor QE55Q64T. 1 (ARC), 2\u00d7 USB 2<\/li>\n<li style='padding-top: 10px;'>265)\/C\/S\/S2, Wi-Fi, Bluetooth, DLNA, HbbTV, odtwarzanie z USB, nagrywanie transmisji na USB, Timeshift, sterowanie g\u0142osem (AJ), przegl\u0105darka internetowa, O2 TV, Netflix, Skylink Live TV, HBO GO, Skylink Fastscan, dekoder Dolby Digital Plus<\/li>\n<li style='padding-top: 10px;'> Interfejs: 3\u00d7 HDMI 2<\/li>\n<li style='padding-top: 10px;'>0, 1\u00d7 LAN, 1\u00d7 wej\u015bcie kompozytowe, 1\u00d7 optyczne wyj\u015bcie audio, 1\u00d7 Cl+ (1<\/li>\n<\/ul>\n<p style='padding: 10px; font-weight: bold; background-color: aliceblue;'>Telewizor z HEVC w dobrej cenie:<\/p>\n<p><img src='https:\/\/taniabonament.pl\/telefony\/wp-content\/uploads\/sklepylogo\/mall-pl-logo.png' style='padding-top: 15px; padding-left: 48px; padding-bottom: 15px;' alt='Mall.pl sklep' \/><\/p>\n","protected":false},"featured_media":4953,"comment_status":"closed","ping_status":"open","template":"","meta":[],"product_cat":[489],"product_tag":[],"class_list":{"0":"post-4952","1":"product","2":"type-product","3":"status-publish","6":"product_cat-hevc","7":"pa_producent-samsung","8":"pa_sklep-mall-pl","9":"pa_typ-produktu-telewizor","11":"first","12":"instock","13":"product-type-external"},"_links":{"self":[{"href":"https:\/\/taniabonament.pl\/telewizory\/wp-json\/wp\/v2\/product\/4952","targetHints":{"allow":["GET"]}}],"collection":[{"href":"https:\/\/taniabonament.pl\/telewizory\/wp-json\/wp\/v2\/product"}],"about":[{"href":"https:\/\/taniabonament.pl\/telewizory\/wp-json\/wp\/v2\/types\/product"}],"replies":[{"embeddable":true,"href":"https:\/\/taniabonament.pl\/telewizory\/wp-json\/wp\/v2\/comments?post=4952"}],"wp:featuredmedia":[{"embeddable":true,"href":"https:\/\/taniabonament.pl\/telewizory\/wp-json\/wp\/v2\/media\/4953"}],"wp:attachment":[{"href":"https:\/\/taniabonament.pl\/telewizory\/wp-json\/wp\/v2\/media?parent=4952"}],"wp:term":[{"taxonomy":"product_cat","embeddable":true,"href":"https:\/\/taniabonament.pl\/telewizory\/wp-json\/wp\/v2\/product_cat?post=4952"},{"taxonomy":"product_tag","embeddable":true,"href":"https:\/\/taniabonament.pl\/telewizory\/wp-json\/wp\/v2\/product_tag?post=4952"}],"curies":[{"name":"wp","href":"https:\/\/api.w.org\/{rel}","templated":true}]}}