{"id":4920,"date":"2022-03-17T10:05:38","date_gmt":"2022-03-17T10:05:38","guid":{"rendered":"https:\/\/taniabonament.pl\/telewizory\/produkt\/bez-kategorii\/orava-telewizor-lt-635\/"},"modified":"2022-03-17T10:05:42","modified_gmt":"2022-03-17T10:05:42","slug":"orava-telewizor-lt-635","status":"publish","type":"product","link":"https:\/\/taniabonament.pl\/telewizory\/produkt\/hevc\/orava-telewizor-lt-635\/","title":{"rendered":"Orava telewizor LT-635"},"content":{"rendered":"<p>Przejd\u017a teraz do sklepu internetowego gdzie <a style=\"color: red; text-decoration: underline;\" href=\"https:\/\/converti.se\/click\/34590059-c70e8160-5f3fd1b8\/?deep_link=https%3A%2F%2Fwww.mall.pl%2Ftelewizory%2Forava-telewizor-lt-635&#038;sid=telewizory-hevc&#038;tag6=product&#038;tag8=5f9b7789dd6240d9c312bf3b1e071d66&#038;tag9=Orava+telewizor+LT-635\" rel=\"nofollow noopener\" target=\"_blank\">kupisz ten telewizor<\/a> zgodny ze standardem HEVC czyli DVB-T2. Model TV dost\u0119pny w promocyjnej tej cenie.<\/p>\n","protected":false},"excerpt":{"rendered":"<h4>Dobry <span style='color: #0286E7;'>telewizor<\/span> to gwarancja wy\u015bmienitego obrazu odbieranego w nowym standardzie nadawania DVB-T2 HEVC!<\/h4>\n<p style='padding-top: 10px;'>Orava telewizor LT-635, cechy i zalety: <\/p>\n<ul style='padding-left: 45px; padding-bottom: 10px;'>\n<li style='padding-top: 10px;'> Interfejs: 2\u00d7 HDMI 2<\/li>\n<li style='padding-top: 10px;'>0, 1\u00d7 USB 2<\/li>\n<li style='padding-top: 10px;'>0, 1\u00d7 SCART, 1\u00d7 VGA, 1\u00d7 optyczne wyj\u015bcie audio, 1\u00d7 wej\u015bcie komponentowe, 1\u00d7 wyj\u015bcie s\u0142uchawkowe<\/li>\n<li style='padding-top: 10px;'>Orava telewizor LT-635. 0, 1\u00d7 SCART, 1\u00d7 VGA, 1\u00d7 optyczne wyj\u015bcie audio, 1\u00d7 wej\u015bcie komponentowe, 1\u00d7 wyj\u015bcie s\u0142uchawkowe<\/li>\n<li style='padding-top: 10px;'>Telewizor LED o przek\u0105tnej 60 cm (24 &#8222;), rozdzielczo\u015bci HD ready (1366 \u00d7 768), oferuje pod\u015bwietlenie Edge LED, tuner DVB-T\/T2 (HEVC)\/C, nagrywanie na pami\u0119\u0107 zewn\u0119trzn\u0105, odtwarzanie plik\u00f3w z USB, tryb hotelowy<\/li>\n<\/ul>\n<p style='padding: 10px; font-weight: bold; background-color: aliceblue;'>Telewizor z HEVC w dobrej cenie:<\/p>\n<p><img src='https:\/\/taniabonament.pl\/telefony\/wp-content\/uploads\/sklepylogo\/mall-pl-logo.png' style='padding-top: 15px; padding-left: 48px; padding-bottom: 15px;' alt='Mall.pl sklep' \/><\/p>\n","protected":false},"featured_media":4921,"comment_status":"closed","ping_status":"open","template":"","meta":[],"product_cat":[489],"product_tag":[],"class_list":{"0":"post-4920","1":"product","2":"type-product","3":"status-publish","6":"product_cat-hevc","7":"pa_producent-orava","8":"pa_sklep-mall-pl","9":"pa_typ-produktu-telewizor","11":"first","12":"instock","13":"product-type-external"},"_links":{"self":[{"href":"https:\/\/taniabonament.pl\/telewizory\/wp-json\/wp\/v2\/product\/4920","targetHints":{"allow":["GET"]}}],"collection":[{"href":"https:\/\/taniabonament.pl\/telewizory\/wp-json\/wp\/v2\/product"}],"about":[{"href":"https:\/\/taniabonament.pl\/telewizory\/wp-json\/wp\/v2\/types\/product"}],"replies":[{"embeddable":true,"href":"https:\/\/taniabonament.pl\/telewizory\/wp-json\/wp\/v2\/comments?post=4920"}],"wp:featuredmedia":[{"embeddable":true,"href":"https:\/\/taniabonament.pl\/telewizory\/wp-json\/wp\/v2\/media\/4921"}],"wp:attachment":[{"href":"https:\/\/taniabonament.pl\/telewizory\/wp-json\/wp\/v2\/media?parent=4920"}],"wp:term":[{"taxonomy":"product_cat","embeddable":true,"href":"https:\/\/taniabonament.pl\/telewizory\/wp-json\/wp\/v2\/product_cat?post=4920"},{"taxonomy":"product_tag","embeddable":true,"href":"https:\/\/taniabonament.pl\/telewizory\/wp-json\/wp\/v2\/product_tag?post=4920"}],"curies":[{"name":"wp","href":"https:\/\/api.w.org\/{rel}","templated":true}]}}