{"id":4710,"date":"2022-03-17T10:04:25","date_gmt":"2022-03-17T10:04:25","guid":{"rendered":"https:\/\/taniabonament.pl\/telewizory\/produkt\/bez-kategorii\/samsung-telewizor-qe65q800t\/"},"modified":"2022-03-17T10:04:25","modified_gmt":"2022-03-17T10:04:25","slug":"samsung-telewizor-qe65q800t","status":"publish","type":"product","link":"https:\/\/taniabonament.pl\/telewizory\/produkt\/hevc\/samsung-telewizor-qe65q800t\/","title":{"rendered":"Samsung telewizor QE65Q800T"},"content":{"rendered":"<p>Przejd\u017a teraz do sklepu internetowego gdzie <a style=\"color: red; text-decoration: underline;\" href=\"https:\/\/converti.se\/click\/34590059-c70e8160-5f3fd1b8\/?deep_link=https%3A%2F%2Fwww.mall.pl%2Ftelewizory%2Fsamsung-telewizor-qe65q800t&#038;sid=telewizory-hevc&#038;tag6=product&#038;tag8=0282b109b470e5c359c3a42f5b8b11ab&#038;tag9=Samsung+telewizor+QE65Q800T\" rel=\"nofollow noopener\" target=\"_blank\">kupisz ten telewizor<\/a> zgodny ze standardem HEVC czyli DVB-T2. Model TV dost\u0119pny w promocyjnej tej cenie.<\/p>\n","protected":false},"excerpt":{"rendered":"<h4>Dobry <span style='color: #0286E7;'>telewizor<\/span> to gwarancja wy\u015bmienitego obrazu odbieranego w nowym standardzie nadawania DVB-T2 HEVC!<\/h4>\n<p style='padding-top: 10px;'>Samsung telewizor QE65Q800T, cechy i zalety: <\/p>\n<ul style='padding-left: 45px; padding-bottom: 10px;'>\n<li style='padding-top: 10px;'> Telewizor 8K QLED o rozdzielczo\u015bci 7680\u00d74320 i przek\u0105tnej 65\u201d (163 cm), HDR (HDR10+, HLG), tuner DVB-T\/T2 (HEVC\/H<\/li>\n<li style='padding-top: 10px;'>1 (ARC), 3\u00d7 USB 2<\/li>\n<li style='padding-top: 10px;'> \u0141\u0105czno\u015b\u0107: 4\u00d7 HDMI 2<\/li>\n<li style='padding-top: 10px;'>0, 1\u00d7 LAN, 1\u00d7 optyczne wyj\u015bcie audio, 1\u00d7 Cl+ (1<\/li>\n<li style='padding-top: 10px;'>Samsung telewizor QE65Q800T. 0, 1\u00d7 LAN, 1\u00d7 optyczne wyj\u015bcie audio, 1\u00d7 Cl+ (1<\/li>\n<li style='padding-top: 10px;'>265)\/C\/S\/S2, Wi-Fi, Bluetooth, DLNA, HbbTV, odtwarzacz USB, nagrywanie transmisji na pami\u0119\u0107 zewn\u0119trzn\u0105 USB, Timeshift, sterowanie g\u0142osem (AJ), przegl\u0105darka internetowa, O2 TV, Netflix, Skylink Live TV, HBO GO, Skylink Fastscan, dekoder Dolby Digital Plus, wbudowany Woofer<\/li>\n<li style='padding-top: 10px;'>4)<\/li>\n<\/ul>\n<p style='padding: 10px; font-weight: bold; background-color: aliceblue;'>Telewizor z HEVC w dobrej cenie:<\/p>\n<p><img src='https:\/\/taniabonament.pl\/telefony\/wp-content\/uploads\/sklepylogo\/mall-pl-logo.png' style='padding-top: 15px; padding-left: 48px; padding-bottom: 15px;' alt='Mall.pl sklep' \/><\/p>\n","protected":false},"featured_media":4711,"comment_status":"closed","ping_status":"open","template":"","meta":[],"product_cat":[489],"product_tag":[],"class_list":{"0":"post-4710","1":"product","2":"type-product","3":"status-publish","6":"product_cat-hevc","7":"pa_producent-samsung","8":"pa_sklep-mall-pl","9":"pa_typ-produktu-telewizor","11":"first","12":"instock","13":"product-type-external"},"_links":{"self":[{"href":"https:\/\/taniabonament.pl\/telewizory\/wp-json\/wp\/v2\/product\/4710","targetHints":{"allow":["GET"]}}],"collection":[{"href":"https:\/\/taniabonament.pl\/telewizory\/wp-json\/wp\/v2\/product"}],"about":[{"href":"https:\/\/taniabonament.pl\/telewizory\/wp-json\/wp\/v2\/types\/product"}],"replies":[{"embeddable":true,"href":"https:\/\/taniabonament.pl\/telewizory\/wp-json\/wp\/v2\/comments?post=4710"}],"wp:featuredmedia":[{"embeddable":true,"href":"https:\/\/taniabonament.pl\/telewizory\/wp-json\/wp\/v2\/media\/4711"}],"wp:attachment":[{"href":"https:\/\/taniabonament.pl\/telewizory\/wp-json\/wp\/v2\/media?parent=4710"}],"wp:term":[{"taxonomy":"product_cat","embeddable":true,"href":"https:\/\/taniabonament.pl\/telewizory\/wp-json\/wp\/v2\/product_cat?post=4710"},{"taxonomy":"product_tag","embeddable":true,"href":"https:\/\/taniabonament.pl\/telewizory\/wp-json\/wp\/v2\/product_tag?post=4710"}],"curies":[{"name":"wp","href":"https:\/\/api.w.org\/{rel}","templated":true}]}}