{"id":2366,"date":"2021-08-14T15:54:31","date_gmt":"2021-08-14T15:54:31","guid":{"rendered":"https:\/\/taniabonament.pl\/telewizory\/produkt\/soundbar-sony-ht-zf9-%e2%96%88%e2%96%ac%e2%96%88-%e2%96%88-%e2%96%80%e2%96%88%e2%96%80-raty-do-50x0-i-dodatkowy-rabat-w-koszyku-%e2%96%88%e2%96%ac%e2%96%88-%e2%96%88-%e2%96%80%e2%96%88%e2%96%80\/"},"modified":"2021-08-14T15:54:36","modified_gmt":"2021-08-14T15:54:36","slug":"soundbar-sony-ht-zf9-%e2%96%88%e2%96%ac%e2%96%88-%e2%96%88-%e2%96%80%e2%96%88%e2%96%80-raty-do-50x0-i-dodatkowy-rabat-w-koszyku-%e2%96%88%e2%96%ac%e2%96%88-%e2%96%88-%e2%96%80%e2%96%88%e2%96%80","status":"publish","type":"product","link":"https:\/\/taniabonament.pl\/telewizory\/produkt\/soundbar-do-tv\/soundbar-sony-ht-zf9-%e2%96%88%e2%96%ac%e2%96%88-%e2%96%88-%e2%96%80%e2%96%88%e2%96%80-raty-do-50x0-i-dodatkowy-rabat-w-koszyku-%e2%96%88%e2%96%ac%e2%96%88-%e2%96%88-%e2%96%80%e2%96%88%e2%96%80\/","title":{"rendered":"Soundbar SONY HT-ZF9 \u2588\u25ac\u2588 \u2588 \u2580\u2588\u2580 RATY DO 50&#215;0% i DODATKOWY RABAT W KOSZYKU !!! \u2588\u25ac\u2588 \u2588 \u2580\u2588\u2580"},"content":{"rendered":"<p>Przejd\u017a teraz do sklepu internetowego gdzie <a style=\"color: red; text-decoration: underline;\" href=\"https:\/\/converti.se\/click\/34590059-c70e8160-5f3ad4bc\/?deep_link=https%3A%2F%2Fmatrixmedia.pl%2Fsoundbar-sony-ht-zf9.html&#038;sid=soundbary&#038;tag6=product&#038;tag8=d5ac5e9fd167b7bea8e3ad4c129f9558&#038;tag9=Soundbar+SONY+HT-ZF9+%E2%96%88%E2%96%AC%E2%96%88+%E2%96%88+%E2%96%80%E2%96%88%E2%96%80+RATY+DO+50x0%25+i+DODATKOWY+RABAT+W+KOSZYKU+%21%21%21+%E2%96%88%E2%96%AC%E2%96%88+%E2%96%88+%E2%96%80%E2%96%88%E2%96%80\" rel=\"nofollow noopener\" target=\"_blank\">kupisz ten Soundbar marki Sony<\/a> w aktrakcyjnej cenie.<\/p>\n","protected":false},"excerpt":{"rendered":"<h4>Dobry <span style='color: #0286E7;'>Soundbar<\/span> to gwarancja wy\u015bmienitego d\u017awi\u0119ku!<\/h4>\n<p style='padding-top: 10px;'>Soundbar SONY HT-ZF9 \u2588\u25ac\u2588, cechy i zalety: <\/p>\n<ul style='padding-left: 45px; padding-bottom: 10px;'>\n<li style='padding-top: 10px;'>  Pasja do muzyki \u0142\u0105czy wszystkie elementy \u2014 od sygna\u0142u po g\u0142o\u015bniki \u2014 sprawiaj\u0105c wra\u017cenie, \u017ce artysta wyst\u0119puje przed Tob\u0105<\/li>\n<li style='padding-top: 10px;'>Sp\u00f3jny wygl\u0105d sprz\u0119tuPo\u0142\u0105czenia przez HDMI, LAN, USB i inne pozwalaj\u0105 cieszy\u0107 si\u0119 muzyk\u0105 i filmami z r\u00f3\u017cnych \u017ar\u00f3de\u0142<\/li>\n<li style='padding-top: 10px;'>Interpolacja do 7<\/li>\n<li style='padding-top: 10px;'>Soundbar SONY HT-ZF9 \u2588\u25ac\u2588. Interpolacja do 7<\/li>\n<li style='padding-top: 10px;'>Korzystaj\u0105c z przycisku na pilocie, wybierz tryb d\u017awi\u0119ku, kt\u00f3ry pasuje najlepiej do danej rozrywki<\/li>\n<li style='padding-top: 10px;'>2 urz\u0105dzenie HT-ZF9 obs\u0142uguje najnowsze formaty kina domowego, w tym HDR10, Dolby Vision i Hybrid-Log GammaTak, jak chcieli arty\u015bciS\u0142uchaj\u0105c d\u017awi\u0119ku o wysokiej rozdzielczo\u015bci, lepszej ni\u017c na p\u0142ycie CD, mo\u017cna poczu\u0107 si\u0119 jak w studiu<\/li>\n<li style='padding-top: 10px;'>Strumieniowa transmisja przez Bluetooth\u00aeStrumieniowe przesy\u0142anie muzyki dzi\u0119ki \u0142\u0105czno\u015bci Bluetooth\u00aeUs\u0142ysz wszystkie detale dzi\u0119ki DSEE HX\u2122 Dzi\u0119ki technologii DSEE HX\u2122 posiadane nagrania brzmi\u0105 niemal tak jak muzyka o wysokiej rozdzielczo\u015bci<\/li>\n<li style='padding-top: 10px;'>Pod\u0142\u0105czanie g\u0142o\u015bnik\u00f3w tylnychZestaw do obs\u0142ugi d\u017awi\u0119ku przestrzennego mo\u017cna rozbudowa\u0107 o bezprzewodowe g\u0142o\u015bniki tylne<\/li>\n<li style='padding-top: 10px;'> Tryb sportowy pozwoli Ci si\u0119 poczu\u0107 jak na trybunach, a Tryb muzyki uwydatni detale ka\u017cdego utworu<\/li>\n<li style='padding-top: 10px;'>1<\/li>\n<li style='padding-top: 10px;'>2-kana\u0142owego d\u017awi\u0119ku pozwoli Ci odkry\u0107 zupe\u0142nie inny wymiar film\u00f3w<\/li>\n<li style='padding-top: 10px;'>1<\/li>\n<li style='padding-top: 10px;'>2-kana\u0142owego d\u017awi\u0119kuSystem maksymalnie 7<\/li>\n<li style='padding-top: 10px;'> Z kolei je\u015bli chcesz poczu\u0107 si\u0119 jak w akcji, aktywuj tryb Game Studio, kt\u00f3ry zosta\u0142 stworzony przez tw\u00f3rc\u00f3w konsoli PlayStation<\/li>\n<li style='padding-top: 10px;'> Aby lepiej wczu\u0107 si\u0119 w film, wybierz Tryb kinowy<\/li>\n<li style='padding-top: 10px;'>Wbudowane Wi-Fi\u00aeBezprzewodowe \u0142\u0105czenie ze strumieniow\u0105 transmisj\u0105 muzyki dzi\u0119ki wbudowanemu modu\u0142owi Wi-Fi<\/li>\n<li style='padding-top: 10px;'>Prezentacja soundbara SONY HT ZF9Maksymalnie 7<\/li>\n<li style='padding-top: 10px;'> Bez wzgl\u0119du na rodzaj pomieszczenia trzy g\u0142o\u015bniki przednie reprodukuj\u0105 d\u017awi\u0119k \u201epionowy\u201d, tworz\u0105c wirtualny d\u017awi\u0119k przestrzenny, kt\u00f3ry otacza Ci\u0119 z ka\u017cdej strony<\/li>\n<li style='padding-top: 10px;'>2-kana\u0142owy system emituje d\u017awi\u0119k przestrzenny ze wszystkich kierunk\u00f3wZastosowana w tym pojedynczym zgrabnym urz\u0105dzeniu technologia Vertical Surround Engine umo\u017cliwia poczucie dreszczu emocji z film\u00f3w w najnowszych kinowych formatach d\u017awi\u0119ku, takich jak Dolby Atmos czy DTS:X<\/li>\n<li style='padding-top: 10px;'>Idealne ustawienia ka\u017cdego d\u017awi\u0119ku<\/li>\n<li style='padding-top: 10px;'> Tryb wiadomo\u015bci zwi\u0119ksza wyra\u017ano\u015b\u0107 g\u0142osu<\/li>\n<li style='padding-top: 10px;'>Przesy\u0142anie strumieniowe muzyki w ca\u0142ym domuAplikacja Sony | Music Center (wcze\u015bniej SongPal) pozwala grupowa\u0107 wybrane listwy g\u0142o\u015bnikowe i g\u0142o\u015bniki Sony oraz odtwarza\u0107 muzyk\u0119 w wielu pomieszczeniach<\/li>\n<li style='padding-top: 10px;'> Nasze zaawansowane cyfrowe przetwarzanie sygna\u0142u przekszta\u0142caj\u0105 ka\u017cdy sygna\u0142u audio w d\u017awi\u0119k przestrzenny za jednym naci\u015bni\u0119ciem przycisku na pilocie<\/li>\n<li style='padding-top: 10px;'>1<\/li>\n<li style='padding-top: 10px;'>Ogl\u0105daj wszystkie filmy w jako\u015bci 4K HDRDzi\u0119ki przekazywaniu najnowszego sygna\u0142u 4K HDR z pr\u0119dko\u015bci\u0105 18 GB\/s i obs\u0142udze HDCP 2<\/li>\n<\/ul>\n<p style='padding: 10px; font-weight: bold; background-color: aliceblue;'>Ten TV SONY w dobrej cenie kupisz w:<\/p>\n<p><img src='https:\/\/taniabonament.pl\/telefony\/wp-content\/uploads\/sklepylogo\/matrixmedia-pl-logo.png' style='padding-top: 15px; padding-left: 48px; padding-bottom: 15px;' alt='Matrixmedia.pl sklep' \/><\/p>\n","protected":false},"featured_media":3892,"comment_status":"closed","ping_status":"open","template":"","meta":[],"product_cat":[330],"product_tag":[],"class_list":{"0":"post-2366","1":"product","2":"type-product","3":"status-publish","6":"product_cat-soundbar-do-tv","7":"pa_producent-sony","8":"pa_sklep-matrixmedia","9":"pa_typ-produktu-soundbar","11":"first","12":"instock","13":"product-type-external"},"_links":{"self":[{"href":"https:\/\/taniabonament.pl\/telewizory\/wp-json\/wp\/v2\/product\/2366","targetHints":{"allow":["GET"]}}],"collection":[{"href":"https:\/\/taniabonament.pl\/telewizory\/wp-json\/wp\/v2\/product"}],"about":[{"href":"https:\/\/taniabonament.pl\/telewizory\/wp-json\/wp\/v2\/types\/product"}],"replies":[{"embeddable":true,"href":"https:\/\/taniabonament.pl\/telewizory\/wp-json\/wp\/v2\/comments?post=2366"}],"wp:featuredmedia":[{"embeddable":true,"href":"https:\/\/taniabonament.pl\/telewizory\/wp-json\/wp\/v2\/media\/3892"}],"wp:attachment":[{"href":"https:\/\/taniabonament.pl\/telewizory\/wp-json\/wp\/v2\/media?parent=2366"}],"wp:term":[{"taxonomy":"product_cat","embeddable":true,"href":"https:\/\/taniabonament.pl\/telewizory\/wp-json\/wp\/v2\/product_cat?post=2366"},{"taxonomy":"product_tag","embeddable":true,"href":"https:\/\/taniabonament.pl\/telewizory\/wp-json\/wp\/v2\/product_tag?post=2366"}],"curies":[{"name":"wp","href":"https:\/\/api.w.org\/{rel}","templated":true}]}}