{"id":2356,"date":"2021-08-14T15:54:39","date_gmt":"2021-08-14T15:54:39","guid":{"rendered":"https:\/\/taniabonament.pl\/telewizory\/produkt\/soundbar-sony-ht-g700-%e2%96%88%e2%96%ac%e2%96%88-%e2%96%88-%e2%96%80%e2%96%88%e2%96%80-raty-do-50x0-i-dodatkowy-rabat-w-koszyku-%e2%96%88%e2%96%ac%e2%96%88-%e2%96%88-%e2%96%80%e2%96%88%e2%96%80\/"},"modified":"2021-08-14T15:54:44","modified_gmt":"2021-08-14T15:54:44","slug":"soundbar-sony-ht-g700-%e2%96%88%e2%96%ac%e2%96%88-%e2%96%88-%e2%96%80%e2%96%88%e2%96%80-raty-do-50x0-i-dodatkowy-rabat-w-koszyku-%e2%96%88%e2%96%ac%e2%96%88-%e2%96%88-%e2%96%80%e2%96%88%e2%96%80","status":"publish","type":"product","link":"https:\/\/taniabonament.pl\/telewizory\/produkt\/soundbar-do-tv\/soundbar-sony-ht-g700-%e2%96%88%e2%96%ac%e2%96%88-%e2%96%88-%e2%96%80%e2%96%88%e2%96%80-raty-do-50x0-i-dodatkowy-rabat-w-koszyku-%e2%96%88%e2%96%ac%e2%96%88-%e2%96%88-%e2%96%80%e2%96%88%e2%96%80\/","title":{"rendered":"Soundbar Sony HT-G700 \u2588\u25ac\u2588 \u2588 \u2580\u2588\u2580 RATY DO 50&#215;0% i DODATKOWY RABAT W KOSZYKU !!! \u2588\u25ac\u2588 \u2588 \u2580\u2588\u2580"},"content":{"rendered":"<p>Przejd\u017a teraz do sklepu internetowego gdzie <a style=\"color: red; text-decoration: underline;\" href=\"https:\/\/converti.se\/click\/34590059-c70e8160-5f3ad4bc\/?deep_link=https%3A%2F%2Fmatrixmedia.pl%2Fsoundbar-sony-ht-g700.html&#038;sid=soundbary&#038;tag6=product&#038;tag8=563c7f5b563dca01ae58617057362b8e&#038;tag9=Soundbar+Sony+HT-G700+%E2%96%88%E2%96%AC%E2%96%88+%E2%96%88+%E2%96%80%E2%96%88%E2%96%80+RATY+DO+50x0%25+i+DODATKOWY+RABAT+W+KOSZYKU+%21%21%21+%E2%96%88%E2%96%AC%E2%96%88+%E2%96%88+%E2%96%80%E2%96%88%E2%96%80\" rel=\"nofollow noopener\" target=\"_blank\">kupisz ten Soundbar marki Sony<\/a> w aktrakcyjnej cenie.<\/p>\n","protected":false},"excerpt":{"rendered":"<h4>Dobry <span style='color: #0286E7;'>Soundbar<\/span> to gwarancja wy\u015bmienitego d\u017awi\u0119ku!<\/h4>\n<p style='padding-top: 10px;'>Soundbar Sony HT-G700 \u2588\u25ac\u2588, cechy i zalety: <\/p>\n<ul style='padding-left: 45px; padding-bottom: 10px;'>\n<li style='padding-top: 10px;'>  Trzy przednie g\u0142o\u015bniki i system przetwarzania sygna\u0142u umo\u017cliwiaj\u0105 reprodukcj\u0119 wirtualnego, \u201epionowego\u201d d\u017awi\u0119ku przestrzennego, kt\u00f3ry zdaje si\u0119 dobiega\u0107 ze wszystkich stron<\/li>\n<li style='padding-top: 10px;'>D\u017awi\u0119k przestrzenny ze wszystkich kierunk\u00f3w: nawet 7<\/li>\n<li style='padding-top: 10px;'>Wra\u017cenie 7<\/li>\n<li style='padding-top: 10px;'> W celu uzyskania jeszcze lepszego efektu mo\u017cna regulowa\u0107 ustawienia subwoofera<\/li>\n<li style='padding-top: 10px;'> Tryb kinowyWczuj si\u0119 w akcj\u0119 filmu dzi\u0119ki d\u017awi\u0119kowi, kt\u00f3ry otacza Ci\u0119 ze wszystkich stron i wci\u0105ga w filmowy \u015bwiat<\/li>\n<li style='padding-top: 10px;'>Tryb g\u0142osowyDzi\u0119ki optymalizacji s\u0142yszalno\u015bci mowy nie uronisz ani s\u0142owa w trakcie ogl\u0105dania program\u00f3w informacyjnych czy fina\u0142owego odcinka<\/li>\n<li style='padding-top: 10px;'>Wyra\u017ane dialogi z g\u0142o\u015bnika centralnegoDzi\u0119ki oddzielnemu g\u0142o\u015bnikowi centralnemu wyra\u017anie us\u0142yszysz zar\u00f3wno b\u0142yskawiczn\u0105 wymian\u0119 zda\u0144 w programie telewizyjnym, jak i wypowiadan\u0105 szeptem kwesti\u0119 z filmu<\/li>\n<li style='padding-top: 10px;'> Kiedy naci\u015bniesz przycisk Immersive AE (Audio Enhancement), funkcje interpolacji w soundbarze HT-G700 przekszta\u0142c\u0105 na d\u017awi\u0119k 7<\/li>\n<li style='padding-top: 10px;'> Mo\u017cesz go ustawi\u0107 praktycznie w dowolnym miejscu, bo wszystkie sygna\u0142y przekazywane s\u0105 bezprzewodowo<\/li>\n<li style='padding-top: 10px;'> A je\u015bli zale\u017cy Ci na wra\u017ceniu doskona\u0142ej przestrzenno\u015bci, mo\u017cesz u\u017cy\u0107 wej\u015bcia HDMI eARC\/ARC lub optycznego wej\u015bcia cyfrowego<\/li>\n<li style='padding-top: 10px;'>1<\/li>\n<li style='padding-top: 10px;'>Bogaty, mocny basMocny subwoofer bezprzewodowy pog\u0142\u0119bia i wzbogaca bas<\/li>\n<li style='padding-top: 10px;'>Wybierz idealne ustawienieDedykowane przyciski pozwalaj\u0105 wybiera\u0107 r\u00f3\u017cne tryby \u2014 Automatyczny d\u017awi\u0119k, Standardowy efekt przestrzenny, Kino, Muzyka, Noc i G\u0142os \u2014 by zoptymalizowa\u0107 ustawienia soundbara do odtwarzania r\u00f3\u017cnego rodzaju materia\u0142\u00f3w<\/li>\n<li style='padding-top: 10px;'>Tryb \u201enoc\u201dOgl\u0105dasz filmy noc\u0105? Ta funkcja optymalizuje d\u017awi\u0119k tak, by by\u0142o go wyra\u017anie s\u0142ycha\u0107 nawet przy niskiej g\u0142o\u015bno\u015bci<\/li>\n<li style='padding-top: 10px;'>\u0141atwe pod\u0142\u0105czanieTechnologia Bluetooth\u00ae pozwala pod\u0142\u0105czy\u0107 telewizor lub inne urz\u0105dzenie bez \u017cadnych kabli<\/li>\n<li style='padding-top: 10px;'>Jeszcze wi\u0119cej przyjemno\u015bciSeanse filmowe, ogl\u0105danie telewizji, s\u0142uchanie muzyki czy kibicowanie ulubionej dru\u017cynie \u2013 cokolwiek robicie ca\u0142\u0105 rodzin\u0105, dzi\u0119ki soundbarowi Sony b\u0119dziecie z tego czerpa\u0107 jeszcze wi\u0119cej przyjemno\u015bci, a wsp\u00f3lny czas up\u0142ynie pod znakiem intensywnej rozrywki<\/li>\n<li style='padding-top: 10px;'>2 kana\u0142\u00f3wTechnologia d\u017awi\u0119ku przestrzennego Sony Vertical Surround Engine rozbudzi emocje przy ogl\u0105daniu film\u00f3w z d\u017awi\u0119kiem w najnowszych kinowych formatach Dolby Atmos\u00ae i DTS:X\u2122<\/li>\n<li style='padding-top: 10px;'>1<\/li>\n<li style='padding-top: 10px;'> G\u0142o\u015bnik ten zapewni te\u017c bogate, szczeg\u00f3\u0142owe brzmienie muzyki<\/li>\n<li style='padding-top: 10px;'>2-kana\u0142owy nawet zwyk\u0142y sygna\u0142 stereo, wzbogacaj\u0105c efektami przestrzennymi ka\u017cdy film i serial<\/li>\n<li style='padding-top: 10px;'>2 kana\u0142\u00f3w d\u017awi\u0119ku przy ogl\u0105daniu ka\u017cdego filmuNowoczesne sale kinowe s\u0105 wyposa\u017cone w liczne g\u0142o\u015bniki, kt\u00f3re otaczaj\u0105 widz\u00f3w, zapewniaj\u0105c realistyczny efekt przestrzenny<\/li>\n<li style='padding-top: 10px;'>1<\/li>\n<li style='padding-top: 10px;'>Tryb muzykiUs\u0142ysz wyra\u017aniej bogactwo ton\u00f3w ulubionej muzyki<\/li>\n<\/ul>\n<p style='padding: 10px; font-weight: bold; background-color: aliceblue;'>Ten TV SONY w dobrej cenie kupisz w:<\/p>\n<p><img src='https:\/\/taniabonament.pl\/telefony\/wp-content\/uploads\/sklepylogo\/matrixmedia-pl-logo.png' style='padding-top: 15px; padding-left: 48px; padding-bottom: 15px;' alt='Matrixmedia.pl sklep' \/><\/p>\n","protected":false},"featured_media":3911,"comment_status":"closed","ping_status":"open","template":"","meta":[],"product_cat":[330],"product_tag":[],"class_list":{"0":"post-2356","1":"product","2":"type-product","3":"status-publish","6":"product_cat-soundbar-do-tv","7":"pa_producent-sony","8":"pa_sklep-matrixmedia","9":"pa_typ-produktu-soundbar","11":"first","12":"instock","13":"product-type-external"},"_links":{"self":[{"href":"https:\/\/taniabonament.pl\/telewizory\/wp-json\/wp\/v2\/product\/2356","targetHints":{"allow":["GET"]}}],"collection":[{"href":"https:\/\/taniabonament.pl\/telewizory\/wp-json\/wp\/v2\/product"}],"about":[{"href":"https:\/\/taniabonament.pl\/telewizory\/wp-json\/wp\/v2\/types\/product"}],"replies":[{"embeddable":true,"href":"https:\/\/taniabonament.pl\/telewizory\/wp-json\/wp\/v2\/comments?post=2356"}],"wp:featuredmedia":[{"embeddable":true,"href":"https:\/\/taniabonament.pl\/telewizory\/wp-json\/wp\/v2\/media\/3911"}],"wp:attachment":[{"href":"https:\/\/taniabonament.pl\/telewizory\/wp-json\/wp\/v2\/media?parent=2356"}],"wp:term":[{"taxonomy":"product_cat","embeddable":true,"href":"https:\/\/taniabonament.pl\/telewizory\/wp-json\/wp\/v2\/product_cat?post=2356"},{"taxonomy":"product_tag","embeddable":true,"href":"https:\/\/taniabonament.pl\/telewizory\/wp-json\/wp\/v2\/product_tag?post=2356"}],"curies":[{"name":"wp","href":"https:\/\/api.w.org\/{rel}","templated":true}]}}