{"id":2336,"date":"2021-08-14T15:54:39","date_gmt":"2021-08-14T15:54:39","guid":{"rendered":"https:\/\/taniabonament.pl\/telewizory\/produkt\/dell-soundbar-ac511m\/"},"modified":"2021-08-14T15:54:46","modified_gmt":"2021-08-14T15:54:46","slug":"dell-soundbar-ac511m","status":"publish","type":"product","link":"https:\/\/taniabonament.pl\/telewizory\/produkt\/soundbar-do-tv\/dell-soundbar-ac511m\/","title":{"rendered":"Dell Soundbar AC511M"},"content":{"rendered":"<p>Przejd\u017a teraz do sklepu internetowego gdzie <a style=\"color: red; text-decoration: underline;\" href=\"https:\/\/converti.se\/click\/34590059-c70e8160-5f3ad4bf\/?deep_link=https%3A%2F%2Fwww.komputronik.pl%2Fproduct%2F235418%2Fdell-listwa-dzwiekowa-ac511.html&#038;sid=soundbary&#038;tag6=product&#038;tag8=d0309af69004857cff03e5b3e2cc027b&#038;tag9=Dell+Soundbar+AC511M\" rel=\"nofollow noopener\" target=\"_blank\">kupisz ten Soundbar marki Dell<\/a> w aktrakcyjnej cenie.<\/p>\n","protected":false},"excerpt":{"rendered":"<h4>Dobry <span style='color: #0286E7;'>Soundbar<\/span> to gwarancja wy\u015bmienitego d\u017awi\u0119ku!<\/h4>\n<p style='padding-top: 10px;'>Dell Soundbar AC511M, cechy i zalety: <\/p>\n<ul style='padding-left: 45px; padding-bottom: 10px;'>\n<li style='padding-top: 10px;'>  Zero dodatkowego oprogramowania<\/li>\n<li style='padding-top: 10px;'> Mo\u017cesz zadba\u0107 o prywatno\u015b\u0107 podczas s\u0142uchania \u2014 stereofoniczna listwa d\u017awi\u0119kowa Dell ma wygodne gniazdo s\u0142uchawkowe<\/li>\n<li style='padding-top: 10px;'> Wydobywaj\u0105ca si\u0119 z niego muzyka jest czysta i wyra\u017ana<\/li>\n<li style='padding-top: 10px;'> G\u0142\u0119boki d\u017awi\u0119k stereofoniczny D\u017awi\u0119k przeczy wymiarom g\u0142o\u015bnika<\/li>\n<li style='padding-top: 10px;'>Dell Soundbar AC511M.  G\u0142\u0119boki d\u017awi\u0119k stereofoniczny D\u017awi\u0119k przeczy wymiarom g\u0142o\u015bnika<\/li>\n<li style='padding-top: 10px;'> Konstrukcja zajmuj\u0105ca ma\u0142o miejsca Nie zwr\u00f3cisz uwagi, p\u00f3ki nie us\u0142yszysz<\/li>\n<li style='padding-top: 10px;'> Gry i filmy jawi\u0105 si\u0119 w zupe\u0142nie nowy spos\u00f3b<\/li>\n<li style='padding-top: 10px;'> Wystarczy pod\u0142\u0105czy\u0107 listw\u0119 d\u017awi\u0119kow\u0105 do wolnego portu USB \u2014 i rozkoszowa\u0107 si\u0119 g\u0142\u0119bokim d\u017awi\u0119kiem stereofonicznym<\/li>\n<li style='padding-top: 10px;'> Zero przewod\u00f3w zasilaj\u0105cych<\/li>\n<li style='padding-top: 10px;'> Stereofoniczna listwa d\u017awi\u0119kowa Dell emituje d\u017awi\u0119k tak g\u0142o\u015bny jak chcesz bez konieczno\u015bci stosowania du\u017cych g\u0142o\u015bnik\u00f3w i d\u0142ugich kabli<\/li>\n<li style='padding-top: 10px;'> Zero baterii<\/li>\n<li style='padding-top: 10px;'> Do\u0142\u0105czony uchwyt umo\u017cliwia \u0142atwy monta\u017c listwy d\u017awi\u0119kowej, oszcz\u0119dzaj\u0105c miejsce na biurku, a zarazem nie ograniczaj\u0105c zakresu regulacji monitora<\/li>\n<li style='padding-top: 10px;'> Zasilanie przez z\u0142\u0105cze USB Listwa d\u017awi\u0119kowa USB Dell to czysta prostota<\/li>\n<li style='padding-top: 10px;'>Stereofoniczna listwa d\u017awi\u0119kowa Dell AC511M Stereofoniczna listwa d\u017awi\u0119kowa Dell AC511M zapewnia czysty d\u017awi\u0119k stereo, kt\u00f3rym mo\u017cesz si\u0119 cieszy\u0107 przy ulubionych grach, muzyce i filmach, nie trac\u0105c miejsca na biurku<\/li>\n<\/ul>\n<p style='padding: 10px; font-weight: bold; background-color: aliceblue;'>Ten TV SONY w dobrej cenie kupisz w:<\/p>\n","protected":false},"featured_media":3918,"comment_status":"closed","ping_status":"open","template":"","meta":[],"product_cat":[330],"product_tag":[],"class_list":{"0":"post-2336","1":"product","2":"type-product","3":"status-publish","6":"product_cat-soundbar-do-tv","7":"pa_model-mon-a-del-014","8":"pa_producent-dell","9":"pa_sklep-komputronik-pl","10":"pa_typ-produktu-soundbar","12":"first","13":"instock","14":"product-type-external"},"_links":{"self":[{"href":"https:\/\/taniabonament.pl\/telewizory\/wp-json\/wp\/v2\/product\/2336","targetHints":{"allow":["GET"]}}],"collection":[{"href":"https:\/\/taniabonament.pl\/telewizory\/wp-json\/wp\/v2\/product"}],"about":[{"href":"https:\/\/taniabonament.pl\/telewizory\/wp-json\/wp\/v2\/types\/product"}],"replies":[{"embeddable":true,"href":"https:\/\/taniabonament.pl\/telewizory\/wp-json\/wp\/v2\/comments?post=2336"}],"wp:featuredmedia":[{"embeddable":true,"href":"https:\/\/taniabonament.pl\/telewizory\/wp-json\/wp\/v2\/media\/3918"}],"wp:attachment":[{"href":"https:\/\/taniabonament.pl\/telewizory\/wp-json\/wp\/v2\/media?parent=2336"}],"wp:term":[{"taxonomy":"product_cat","embeddable":true,"href":"https:\/\/taniabonament.pl\/telewizory\/wp-json\/wp\/v2\/product_cat?post=2336"},{"taxonomy":"product_tag","embeddable":true,"href":"https:\/\/taniabonament.pl\/telewizory\/wp-json\/wp\/v2\/product_tag?post=2336"}],"curies":[{"name":"wp","href":"https:\/\/api.w.org\/{rel}","templated":true}]}}