{"id":82976,"date":"2025-01-06T12:16:42","date_gmt":"2025-01-06T12:16:42","guid":{"rendered":"https:\/\/taniabonament.pl\/telefony\/produkt\/honor-200-lite-8-256gb-czarny\/"},"modified":"2025-01-06T12:16:48","modified_gmt":"2025-01-06T12:16:48","slug":"honor-200-lite-8-256gb-czarny","status":"publish","type":"product","link":"https:\/\/taniabonament.pl\/telefony\/produkt\/honor-200-lite-8-256gb-czarny\/","title":{"rendered":"HONOR 200 Lite 8\/256GB Czarny"},"content":{"rendered":"<p><strong><span style=\"color: red;\">Gdzie mo\u017cna kupi\u0107<\/span> ten telefon HONOR?<\/strong><\/p>\n<p>Ten smartfon &#8211; czyli model GS-T-HNR-0175, jest ch\u0119tnie wybierany. Kupisz go dzisiaj w promocyjnej cenie 1499.0 PLN w sklepie <a href=\"https:\/\/converti.se\/click\/34590059-c70e8160-5f3ad4bf\/?tag6=product&#038;tag8=4d4d73fbdb55fb6f606d3b17d65f2e45&#038;tag9=HONOR+200+Lite+8%2F256GB+Czarny\" rel=\"noopener\">Komputronik.pl<\/a><\/p>\n<p><strong><span style=\"color: red;\">Czy warto kupi\u0107<\/span> HONOR 200 Lite 8\/256GB Czarny?<\/strong><\/p>\n<p>Tak, to sprawdzony smartfon. Telefony producenta\u00a0HONOR cechuj\u0105 si\u0119 dobr\u0105 wydajno\u015bci\u0105 oraz atrakcyjn\u0105 cen\u0105. Wykorzystuj\u0105 najnowsze wersje systemu operacyjnego Android. HONOR cieszy si\u0119 tak\u017ce bardzo dobrymi opiniami.<\/p>\n<p style=\"text-align: center; margin: 25px 10px;\"><a style=\"background-color: red; padding: 10px 20px; border-radius: 7px; color: #fff;\" href=\"https:\/\/converti.se\/click\/34590059-c70e8160-5f3ad4bf\/?deep_link=https%3A%2F%2Fwww.komputronik.pl%2Fproduct%2F931430%2Ftelefon-honor-200-lite-8-256gb-czarny.html&#038;tag6=product&#038;tag8=4d4d73fbdb55fb6f606d3b17d65f2e45&#038;tag9=HONOR+200+Lite+8%2F256GB+Czarny\" rel=\"nofollow\"><strong>Kup w Komputronik.pl<\/strong><\/a><\/p>\n","protected":false},"excerpt":{"rendered":"<h4>Smartfon <span style='color: #0286E7;'>dobry i godny zaufania<\/span> &#8211; <strong>Honor<\/strong>!<\/h4>\n<p style='padding-top: 10px;'>HONOR 200 Lite 8\/256GB, cechy i zalety: <\/p>\n<ul style='padding-left: 45px; padding-bottom: 10px;'>\n<li style='padding-top: 10px;'> HONOR 200 Lite 8\/256GB Czarny &#8211; \u2714\ufe0f \u015awietne ceny, \u2714\ufe0f zakupy na raty, \u2714\ufe0f opinie, \u2714\ufe0f specyfikacja, \u2714\ufe0f darmowa dostawa i odbi\u00f3r w sklepach Komputronik!<\/li>\n<\/ul>\n<p style='padding: 10px; font-weight: bold; background-color: aliceblue;'>Dost\u0119pno\u015b\u0107:<\/p>\n","protected":false},"featured_media":82980,"comment_status":"closed","ping_status":"open","template":"","meta":[],"product_brand":[],"product_cat":[198],"product_tag":[],"class_list":{"0":"post-82976","1":"product","2":"type-product","3":"status-publish","6":"product_cat-honor","7":"pa_model-gs-t-hnr-0175","8":"pa_producent-honor","9":"pa_sklep-komputronik-pl","11":"first","12":"instock","13":"product-type-external"},"_links":{"self":[{"href":"https:\/\/taniabonament.pl\/telefony\/wp-json\/wp\/v2\/product\/82976","targetHints":{"allow":["GET"]}}],"collection":[{"href":"https:\/\/taniabonament.pl\/telefony\/wp-json\/wp\/v2\/product"}],"about":[{"href":"https:\/\/taniabonament.pl\/telefony\/wp-json\/wp\/v2\/types\/product"}],"replies":[{"embeddable":true,"href":"https:\/\/taniabonament.pl\/telefony\/wp-json\/wp\/v2\/comments?post=82976"}],"wp:featuredmedia":[{"embeddable":true,"href":"https:\/\/taniabonament.pl\/telefony\/wp-json\/wp\/v2\/media\/82980"}],"wp:attachment":[{"href":"https:\/\/taniabonament.pl\/telefony\/wp-json\/wp\/v2\/media?parent=82976"}],"wp:term":[{"taxonomy":"product_brand","embeddable":true,"href":"https:\/\/taniabonament.pl\/telefony\/wp-json\/wp\/v2\/product_brand?post=82976"},{"taxonomy":"product_cat","embeddable":true,"href":"https:\/\/taniabonament.pl\/telefony\/wp-json\/wp\/v2\/product_cat?post=82976"},{"taxonomy":"product_tag","embeddable":true,"href":"https:\/\/taniabonament.pl\/telefony\/wp-json\/wp\/v2\/product_tag?post=82976"}],"curies":[{"name":"wp","href":"https:\/\/api.w.org\/{rel}","templated":true}]}}