{"id":82741,"date":"2025-01-05T07:43:53","date_gmt":"2025-01-05T07:43:53","guid":{"rendered":"https:\/\/taniabonament.pl\/telefony\/produkt\/smartfon-oppo-reno-12-12-256gb-czarny-110010233902\/"},"modified":"2025-01-05T07:43:59","modified_gmt":"2025-01-05T07:43:59","slug":"smartfon-oppo-reno-12-12-256gb-czarny-110010233902","status":"publish","type":"product","link":"https:\/\/taniabonament.pl\/telefony\/produkt\/smartfon-oppo-reno-12-12-256gb-czarny-110010233902\/","title":{"rendered":"Smartfon Oppo Reno 12 12\/256GB Czarny (110010233902)"},"content":{"rendered":"<p><strong><span style=\"color: red;\">Gdzie mo\u017cna kupi\u0107<\/span> ten telefon Oppo?<\/strong><\/p>\n<p>Ten smartfon &#8211; czyli model , jest ch\u0119tnie wybierany. Kupisz go dzisiaj w promocyjnej cenie 1593.86 PLN w sklepie <a href=\"https:\/\/converti.se\/click\/34590059-c70e8160-5f3fd1bb\/?tag6=product&#038;tag8=ec5c7bcffb01c3744fbf7759f38aa2c9&#038;tag9=Smartfon+Oppo+Reno+12+12%2F256GB+Czarny+%28110010233902%29\" rel=\"noopener\">Morele.net<\/a><\/p>\n<p><strong><span style=\"color: red;\">Czy warto kupi\u0107<\/span> Smartfon Oppo Reno 12 12\/256GB Czarny (110010233902)?<\/strong><\/p>\n<p>Tak, to sprawdzony smartfon. Telefony producenta OPPO cechuj\u0105 si\u0119 dobr\u0105 wydajno\u015bci\u0105 oraz atrakcyjn\u0105 cen\u0105. Wykorzystuj\u0105 najnowsze wersje systemu operacyjnego Android. OPPO cieszy si\u0119\u00a0tak\u017ce bardzo dobrymi opiniami.<\/p>\n<p style=\"text-align: center; margin: 25px 10px;\"><a style=\"background-color: red; padding: 10px 20px; border-radius: 7px; color: #fff;\" href=\"https:\/\/converti.se\/click\/34590059-c70e8160-5f3fd1bb\/?deep_link=https%3A%2F%2Fwww.morele.net%2Fsmartfon-oppo-reno-12-12-256gb-czarny-110010233902-13266842%2F&#038;tag6=product&#038;tag8=ec5c7bcffb01c3744fbf7759f38aa2c9&#038;tag9=Smartfon+Oppo+Reno+12+12%2F256GB+Czarny+%28110010233902%29\" rel=\"nofollow\"><strong>Kup w Morele.net<\/strong><\/a><\/p>\n","protected":false},"excerpt":{"rendered":"<p>Smartfon Oppo Reno 12. Szukasz <strong>telefonu Oppo<\/strong>? Dobrze trafi\u0142e\u015b! <\/p>\n","protected":false},"featured_media":82743,"comment_status":"closed","ping_status":"open","template":"","meta":[],"product_brand":[],"product_cat":[263],"product_tag":[],"class_list":{"0":"post-82741","1":"product","2":"type-product","3":"status-publish","6":"product_cat-oppo","7":"pa_producent-oppo","8":"pa_sklep-morele-net","10":"first","11":"instock","12":"product-type-external"},"_links":{"self":[{"href":"https:\/\/taniabonament.pl\/telefony\/wp-json\/wp\/v2\/product\/82741","targetHints":{"allow":["GET"]}}],"collection":[{"href":"https:\/\/taniabonament.pl\/telefony\/wp-json\/wp\/v2\/product"}],"about":[{"href":"https:\/\/taniabonament.pl\/telefony\/wp-json\/wp\/v2\/types\/product"}],"replies":[{"embeddable":true,"href":"https:\/\/taniabonament.pl\/telefony\/wp-json\/wp\/v2\/comments?post=82741"}],"wp:featuredmedia":[{"embeddable":true,"href":"https:\/\/taniabonament.pl\/telefony\/wp-json\/wp\/v2\/media\/82743"}],"wp:attachment":[{"href":"https:\/\/taniabonament.pl\/telefony\/wp-json\/wp\/v2\/media?parent=82741"}],"wp:term":[{"taxonomy":"product_brand","embeddable":true,"href":"https:\/\/taniabonament.pl\/telefony\/wp-json\/wp\/v2\/product_brand?post=82741"},{"taxonomy":"product_cat","embeddable":true,"href":"https:\/\/taniabonament.pl\/telefony\/wp-json\/wp\/v2\/product_cat?post=82741"},{"taxonomy":"product_tag","embeddable":true,"href":"https:\/\/taniabonament.pl\/telefony\/wp-json\/wp\/v2\/product_tag?post=82741"}],"curies":[{"name":"wp","href":"https:\/\/api.w.org\/{rel}","templated":true}]}}