{"id":82278,"date":"2024-07-11T05:22:03","date_gmt":"2024-07-11T05:22:03","guid":{"rendered":"https:\/\/taniabonament.pl\/telefony\/produkt\/smartfon-huawei-pura-70-ultra-16-512gb-czarny\/"},"modified":"2024-07-11T05:22:07","modified_gmt":"2024-07-11T05:22:07","slug":"smartfon-huawei-pura-70-ultra-16-512gb-czarny","status":"publish","type":"product","link":"https:\/\/taniabonament.pl\/telefony\/produkt\/smartfon-huawei-pura-70-ultra-16-512gb-czarny\/","title":{"rendered":"Smartfon Huawei Pura 70 Ultra 16\/512GB Czarny"},"content":{"rendered":"<p>Ten smartfon GS-T-HUA-1185 producenta Huawei kupisz w wyj\u0105tkowej, atrakcyjnej cenie w sklepie <a href=\"https:\/\/converti.se\/click\/34590059-c70e8160-5f3ad4bf\/?deep_link=https%3A%2F%2Fwww.komputronik.pl%2Fproduct%2F908988%2Ftelefon-huawei-pura-70-ultra-12-512gb-czarny.html&#038;tag6=product&#038;tag8=56e9470d7247ceb1979b8c8bc99d78fb&#038;tag9=Smartfon+Huawei+Pura+70+Ultra+16%2F512GB+Czarny\" rel=\"nofollow\">Komputronik.pl<\/a><\/p>\n<p><strong>Jak wypada Smartfon Huawei Pura 70 Ultra 16\/512GB Czarny?<\/strong><\/p>\n<p style=\"padding-left: 40px;\">To bardzo udany model telefonu. Smartfon dzi\u0119ki kt\u00f3remu poczujesz si\u0119 swobodnie. Jest szybki, posiada przyzwoit\u0105 bateri\u0119, a dzi\u0119ki szybkiemu systemowi Android codzienna obs\u0142uga b\u0119dzie mi\u0142a i przyjemna. Z pewno\u015bci\u0105 jest to telefon kt\u00f3ry spe\u0142ni wiele oczekiwa\u0144.<\/p>\n<p>\u2605\u2605\u2605\u2605\u2605<\/p>\n<p style=\"padding-left: 40px;\">A mo\u017ce tak si\u0119 sk\u0142ada \u017ce poszukujesz innego <a href=\"https:\/\/taniabonament.pl\/telefony\/\">nowego taniego telefonu<\/a>? Mo\u017cesz sprawdzi\u0107 w\u015br\u00f3d pozosta\u0142ych dobrych marek smartfon\u00f3w, kt\u00f3re prezentujemy na naszym portalu. Zainteresuje Ci\u0119 Xiaomi, Apple lub Samsung? Je\u017celi tak &#8211; to zapraszamy, rozejrzyj si\u0119!<\/p>\n","protected":false},"excerpt":{"rendered":"<h4>Smartfon <span style='color: #0286E7;'>dobry i godny zaufania<\/span> &#8211; <strong>Huawei<\/strong>!<\/h4>\n<p style='padding: 17px 0px;'><span style='color: #fff; background-color: yellowgreen; padding: 2px 7px;border-left: 13px solid #000000;'> polecany <\/span><span style='margin-left: 10px; color: #fff; background-color: red; padding: 2px 7px;border-left: 13px solid #000000;'> dobra cena <\/span><\/p>\n<p style='padding-top: 10px;'>Smartfon Huawei Pura 70, cechy i zalety: <\/p>\n<ul style='padding-left: 45px; padding-bottom: 10px;'>\n<li style='padding-top: 10px;'>  Skorzystanie z opcji Vivid (jaskrawy) pozwali Ci na tworzenie bardziej kolorowych zdj\u0119\u0107, opcja Bright (jasny) uwydatnia detale, wi\u0119c jest idealna do \u017cywych portret\u00f3w lub kontrastowych scenerii, a Mono prezentuje proste i czyste odcienie czerni oraz bieli<\/li>\n<li style='padding-top: 10px;'> A co znajdziesz z przodu? Aparat 13 MP (f\/2<\/li>\n<li style='padding-top: 10px;'> Natomiast 9 stopniowa przys\u0142ona (f\/1<\/li>\n<li style='padding-top: 10px;'><strong> Natomiast 9 stopniowa przys\u0142ona (f\/1<\/strong><\/li>\n<li style='padding-top: 10px;'> Powierzchnia tylnej cz\u0119\u015bci urz\u0105dzenia jest wykonana z wega\u0144skiej sk\u00f3ry i ozdobiona subtelnym wzorem w kratk\u0119, inspirowanym b\u0142yskiem gwiazdy<\/li>\n<li style='padding-top: 10px;'>Smartfon Huawei Pura 70.  Powierzchnia tylnej cz\u0119\u015bci urz\u0105dzenia jest wykonana z wega\u0144skiej sk\u00f3ry i ozdobiona subtelnym wzorem w kratk\u0119, inspirowanym b\u0142yskiem gwiazdy<\/li>\n<li style='padding-top: 10px;'> HUAWEI Pura 70 Ultra wnosi fotografi\u0119 mobiln\u0105 na nieosi\u0105galny dot\u0105d poziom<\/li>\n<li style='padding-top: 10px;'>2 o k\u0105cie widzenia 120\u00b0, kt\u00f3ry pozwoli Ci zarejestrowa\u0107 pi\u0119kne krajobrazy<\/li>\n<li style='padding-top: 10px;'>6 \u2013 f\/4<\/li>\n<li style='padding-top: 10px;'> Drugi aparat to wyj\u0105tkowo czu\u0142y na \u015bwiat\u0142o peryskopowy teleobiektyw f\/2<\/li>\n<li style='padding-top: 10px;'>1 z optyczn\u0105 stabilizacj\u0105 obrazu<\/li>\n<li style='padding-top: 10px;'> Bajkowy krajobraz, portret bliskiej Ci osoby, jad\u0105ce na rowerze dziecko, klimat miasta noc\u0105, a mo\u017ce pszczo\u0142a na p\u0142atku r\u00f3\u017cy lub selfie? Niezale\u017cnie od tego jaki rodzaj zdj\u0119cia, i w jakich warunkach o\u015bwietleniowych chcesz zrobi\u0107, HUAWEI Pura 70 Ultra pozwoli Ci uchwyci\u0107 to maksymalnie realistycznie<\/li>\n<li style='padding-top: 10px;'> Nowy algorytm ulepszania, oparty o silnik XD Fusion Pro, \u0142\u0105czy informacje o obrazie z kilku obiektyw\u00f3w o r\u00f3\u017cnych ogniskowych i rozdzielczo\u015bciach, dzi\u0119ki czemu powstaje wyra\u017ane i bogate w szczeg\u00f3\u0142y zdj\u0119cie<\/li>\n<li style='padding-top: 10px;'> W 2024 r<\/li>\n<li style='padding-top: 10px;'>4) z szerokim k\u0105tem<\/li>\n<li style='padding-top: 10px;'> architektury nie b\u0119dzie stanowi\u0142o dla Ciebie problemu<\/li>\n<li style='padding-top: 10px;'> WYR\u00d3\u017bNIJ SI\u0118 HUAWEI Pura 70 Ultra prezentuje artystyczn\u0105 interpretacj\u0119 trzech klasycznych kolor\u00f3w: eleganckiej czerni, patynowej zieleni oraz ciep\u0142ego br\u0105zu<\/li>\n<li style='padding-top: 10px;'> ZACHWY\u0106 SI\u0118 EFEKTAMI Huawei wprowadza innowacje w zakresie uk\u0142ad\u00f3w optycznych, ale tak\u017ce w oprogramowaniu<\/li>\n<li style='padding-top: 10px;'> Trwa\u0142o\u015b\u0107 uzupe\u0142nia ultrawytrzyma\u0142e na upadki i zarysowania kryszta\u0142owe szk\u0142o Kunlun Glass<\/li>\n<li style='padding-top: 10px;'>Ultrajasny wysuwany aparat | Ultraszybka migawka | Ultrawytrzyma\u0142e szk\u0142o Kunlun Glass Smartfony HUAWEI z serii P od zawsze s\u0142yn\u0119\u0142y z \u0142\u0105czenia unikalnego stylu, mo\u017cliwo\u015bci fotograficznych oraz wyj\u0105tkowej dba\u0142o\u015bci o jako\u015b\u0107 wykonania<\/li>\n<li style='padding-top: 10px;'> Symbol ten reprezentuje now\u0105 lini\u0119 produkt\u00f3w Huawei, \u0142\u0105cz\u0105cych technologiczne innowacje z minimalistycznym, modowym wzornictwem<\/li>\n<li style='padding-top: 10px;'> Nie inaczej jest tym razem<\/li>\n<li style='padding-top: 10px;'> To nowe otwarcie podkre\u015bla prze\u0142omowe dokonania zar\u00f3wno we wzornictwie, jak i technologiach obrazowania, zastosowanych w najnowszej generacji telefon\u00f3w<\/li>\n<li style='padding-top: 10px;'> Dodaj\u0105c do tego hybrydowe zbli\u017cenie w zakresie od 3,5x a\u017c do 100\u00d7 okazuje si\u0119, \u017ce uwiecznianie nawet odleg\u0142ych szczeg\u00f3\u0142\u00f3w np<\/li>\n<li style='padding-top: 10px;'> Zastosowany materia\u0142 sprawia, \u017ce obudowa wygl\u0105da zawsze nieskazitelnie, poniewa\u017c nie zbiera Twoich odcisk\u00f3w palc\u00f3w<\/li>\n<li style='padding-top: 10px;'> Pozytywnie zaskoczy Ci\u0119 tak\u017ce precyzyjne i realistyczne odwzorowanie barw<\/li>\n<li style='padding-top: 10px;'> HUAWEI Pura 70 Ultra domy\u015blnie wykorzystuje tryb kolor\u00f3w XMAGE Original (pierwotny), rejestruj\u0105c obraz tak, jak widz\u0105 to Twoje oczy<\/li>\n<li style='padding-top: 10px;'> R\u00f3wnie\u017c wygl\u0105d tylnej wyspy aparat\u00f3w jest nietuzinkowy \u2013 zamiast tradycyjnych figur geometrycznych, modu\u0142 z obiektywami otoczony jest futurystycznym tr\u00f3jk\u0105tem, nazwanym Forward Symbol Design<\/li>\n<li style='padding-top: 10px;'> HUAWEI Pura 70 Ultra wpr<\/li>\n<li style='padding-top: 10px;'> Wystarczy, \u017ce zbli\u017cysz si\u0119 do fotografowanego obiektu na 5 cm, \u017ceby zrobi\u0107 perfekcyjne uj\u0119cie mikro\u015bwiata w makro skali<\/li>\n<li style='padding-top: 10px;'> A je\u015bli marzysz o zdj\u0119ciach mikroskopijnego \u015bwiata \u2013 tryb super makro Ci to umo\u017cliwi<\/li>\n<li style='padding-top: 10px;'> Zreszt\u0105 o ostro\u015b\u0107 naprawd\u0119 nie musisz si\u0119 martwi\u0107 \u2013 ultraszybka migawka oraz HUAWEI XD Motion Engine sprawiaj\u0105, \u017ce dos\u0142ownie zamrozisz ka\u017cdy kadr<\/li>\n<li style='padding-top: 10px;'> Dzi\u0119ki po\u0142\u0105czeniu wysuwanego obiektywu z 1 calow\u0105 matryc\u0105 o niezwyk\u0142ej czu\u0142o\u015bci na \u015bwiat\u0142o, uzyskasz fotografie o wysokiej rozdzielczo\u015bci z ultrawysokim zakresem dynamicznym<\/li>\n<li style='padding-top: 10px;'> Nawet gdy obiekt porusza si\u0119 z pr\u0119dko\u015bci\u0105 300 km\/h<\/li>\n<li style='padding-top: 10px;'> Ale na tym nie koniec, poniewa\u017c masz jeszcze do dyspozycji ultraszerokok\u0105tny aparat 40 MP, f\/2<\/li>\n<li style='padding-top: 10px;'> Z\u0142apiesz wszystkie wa\u017cne dla Ciebie chwile, nastr\u00f3j i emocje niezale\u017cnie od tego czy na zdj\u0119ciu b\u0119dziesz tylko Ty czy te\u017c grono bliskich Ci os\u00f3b \u2013 wszyscy zmieszcz\u0105 si\u0119 na tym selfie<\/li>\n<li style='padding-top: 10px;'> Nowy ultraflagowiec wyr\u00f3\u017cnia si\u0119 tak\u017ce wygl\u0105dem \u2013 na jego plecach znajdziesz wysp\u0119 aparat\u00f3w o futurystycznym kszta\u0142cie<\/li>\n<li style='padding-top: 10px;'> POZNAJ POT\u0118G\u0118 MOBILNEJ FOTOGRAFII HUAWEI Pura 70 Ultra swoje pot\u0119\u017cne mo\u017cliwo\u015bci fotograficzne zawdzi\u0119cza przede wszystkim dw\u00f3m aparatom XMAGE z matrycami 50 MP<\/li>\n<li style='padding-top: 10px;'>0) pozwoli Ci wykreowa\u0107 profesjonalne rozmycie t\u0142a i wyeksponowa\u0107 bohatera zdj\u0119cia lub wr\u0119cz przeciwnie \u2013 ustawi\u0107 ostro\u015b\u0107 na wi\u0119cej szczeg\u00f3\u0142\u00f3w w otoczeniu<\/li>\n<li style='padding-top: 10px;'> jej dziedzictwo przejmuje zupe\u0142nie nowa seria HUAWEI Pura<\/li>\n<li style='padding-top: 10px;'> Pierwszy z nich to ultrajasny, wysuwany obiektyw ze zmienn\u0105, mechaniczn\u0105 przys\u0142on\u0105 oraz optyczn\u0105 stabilizacj\u0105 obrazu ze stabilizacj\u0105 matrycy<\/li>\n<li style='padding-top: 10px;'> Takie mo\u017cliwo\u015bci zapewnia ultrajasny, potr\u00f3jny aparat XMAGE: g\u0142\u00f3wny wysuwany obiektyw o regulowanej przes\u0142onie f\/1,6 \u2013 f\/4,0 i ultraszybkiej migawce, ultrajasny teleobiektyw makro f\/2,1 i szczeg\u00f3\u0142owy obiektyw ultraszerokok\u0105tny<\/li>\n<li style='padding-top: 10px;'> Natomiast emblemat XMAGE przypomina etykietk\u0119 luksusowej marki, nadaj\u0105c produktowi odrobin\u0119 wyj\u0105tkowej elegancji<\/li>\n<li style='padding-top: 10px;'> Pokochasz te\u017c wygodny interfejs \u2013 ustawienia mo\u017cesz \u0142atwo dostosowa\u0107 jedn\u0105 r\u0119k\u0105! Efekty synergii optyki z oprogramowaniem wida\u0107 tak\u017ce podczas kr\u0119cenia film\u00f3w<\/li>\n<\/ul>\n<p style='padding: 10px; font-weight: bold; background-color: aliceblue;'>Dost\u0119pno\u015b\u0107:<\/p>\n","protected":false},"featured_media":82279,"comment_status":"closed","ping_status":"open","template":"","meta":[],"product_brand":[],"product_cat":[195],"product_tag":[],"class_list":{"0":"post-82278","1":"product","2":"type-product","3":"status-publish","6":"product_cat-huawei","7":"pa_model-gs-t-hua-1185","8":"pa_producent-huawei","9":"pa_sklep-komputronik-pl","11":"first","12":"instock","13":"product-type-external"},"_links":{"self":[{"href":"https:\/\/taniabonament.pl\/telefony\/wp-json\/wp\/v2\/product\/82278","targetHints":{"allow":["GET"]}}],"collection":[{"href":"https:\/\/taniabonament.pl\/telefony\/wp-json\/wp\/v2\/product"}],"about":[{"href":"https:\/\/taniabonament.pl\/telefony\/wp-json\/wp\/v2\/types\/product"}],"replies":[{"embeddable":true,"href":"https:\/\/taniabonament.pl\/telefony\/wp-json\/wp\/v2\/comments?post=82278"}],"wp:featuredmedia":[{"embeddable":true,"href":"https:\/\/taniabonament.pl\/telefony\/wp-json\/wp\/v2\/media\/82279"}],"wp:attachment":[{"href":"https:\/\/taniabonament.pl\/telefony\/wp-json\/wp\/v2\/media?parent=82278"}],"wp:term":[{"taxonomy":"product_brand","embeddable":true,"href":"https:\/\/taniabonament.pl\/telefony\/wp-json\/wp\/v2\/product_brand?post=82278"},{"taxonomy":"product_cat","embeddable":true,"href":"https:\/\/taniabonament.pl\/telefony\/wp-json\/wp\/v2\/product_cat?post=82278"},{"taxonomy":"product_tag","embeddable":true,"href":"https:\/\/taniabonament.pl\/telefony\/wp-json\/wp\/v2\/product_tag?post=82278"}],"curies":[{"name":"wp","href":"https:\/\/api.w.org\/{rel}","templated":true}]}}