{"id":82146,"date":"2024-04-19T06:03:14","date_gmt":"2024-04-19T06:03:14","guid":{"rendered":"https:\/\/taniabonament.pl\/telefony\/produkt\/smartfon-xiaomi-redmi-note-13-6-128gb-mint-green\/"},"modified":"2024-04-19T06:03:19","modified_gmt":"2024-04-19T06:03:19","slug":"smartfon-xiaomi-redmi-note-13-6-128gb-mint-green","status":"publish","type":"product","link":"https:\/\/taniabonament.pl\/telefony\/produkt\/smartfon-xiaomi-redmi-note-13-6-128gb-mint-green\/","title":{"rendered":"Smartfon Xiaomi Redmi Note 13 6\/128GB Mint Green"},"content":{"rendered":"<h3><strong>Gdzie kupi\u0107 ten telefon marki Xiaomi?<\/strong><\/h3>\n<p>Ten model kupisz w sklepie <a href=\"https:\/\/converti.se\/click\/34590059-c70e8160-5f3ad4bf\/?deep_link=https%3A%2F%2Fwww.komputronik.pl%2Fproduct%2F886719%2Ftelefon-xiaomi-redmi-note-13-6-128gb-mint-green.html&#038;sid=xiaomi&#038;tag6=product&#038;tag8=868730f3c6763af5b61d422d921a92aa&#038;tag9=Smartfon+Xiaomi+Redmi+Note+13+6%2F128GB+Mint+Green\" rel=\"noopener\">Komputronik.pl<\/a>, w niskiej cenie 899.0 PLN. Przeczytaj opinie oraz zapoznaj si\u0119 z plusami tego konkretnego telefonu od producenta Xiaomi.<\/p>\n<h3><strong>Czy warto kupi\u0107 Smartfon Xiaomi Redmi Note 13 6\/128GB Mint Green?<\/strong><\/h3>\n<p>Tak, to unikalny smartfon. Sprawdzony i dobrze wykonany. Telefony od <a href=\"https:\/\/taniabonament.pl\/telefony\/kategoria-produktu\/xiaomi\/\">Xiaomi<\/a> cechuj\u0105 si\u0119 bardzo dobr\u0105 wydajno\u015bci\u0105 oraz dopracowaniem. System operacyjny Android w najnowszym wydaniu zapewnia komfort u\u017cytkowania oraz stabilno\u015b\u0107 dzia\u0142ania.<\/p>\n<p>Bardzo du\u017co os\u00f3b jest wierna tej marce, kt\u00f3ra w ostatnich latach bardzo mocno zainwestowa\u0142a w technologie zyskuj\u0105c ugruntowan\u0105 pozycj\u0119 na rynku nowych telefon\u00f3w.<\/p>\n<p>Wielu klient\u00f3w ponownie decyduje si\u0119 na nowego smartfona tego producenta. <strong>Smartfony te ciesz\u0105 si\u0119 bardzo dobr\u0105 opini\u0105<\/strong>.<\/p>\n<h3>Cena smartfona<\/h3>\n<p>Kliknij klawisz &#8217;<strong>Kup ..<\/strong>&#8217; i przejd\u017a do sklepu naszego partnera gdzie kupisz ten telefon (sprawd\u017a czy przypadkiem nie ma na niego promocji, bo <strong>cena mo\u017ce by\u0107 jeszcze ni\u017csza!<\/strong>)<\/p>\n<p style=\"text-align: center; margin: 25px 10px;\"><a style=\"background-color: red; padding: 10px 20px; border-radius: 7px; color: #fff;\" href=\"https:\/\/converti.se\/click\/34590059-c70e8160-5f3ad4bf\/?deep_link=https%3A%2F%2Fwww.komputronik.pl%2Fproduct%2F886719%2Ftelefon-xiaomi-redmi-note-13-6-128gb-mint-green.html&#038;sid=xiaomi&#038;tag6=product&#038;tag8=868730f3c6763af5b61d422d921a92aa&#038;tag9=Smartfon+Xiaomi+Redmi+Note+13+6%2F128GB+Mint+Green\" rel=\"nofollow\"><strong>Kup w Komputronik.pl<\/strong><\/a><\/p>\n<p>&nbsp;<\/p>\n<p>\u2605\u2605\u2605\u2605\u2605<\/p>\n<p>Poszukujesz innego <a href=\"https:\/\/taniabonament.pl\/telefony\/\">dobrego taniego smartfona<\/a>? Sprawd\u017a w\u015br\u00f3d pozosta\u0142ych producent\u00f3w telefon\u00f3w, kt\u00f3rych produkty przedstawiamy na naszym portalu (m.in. Apple, Xiaomi, MyPhone) . Telefon to urz\u0105dzenie kt\u00f3re u\u017cywamy codziennie. Ze smartfonem w dzisiejszych czasach praktycznie si\u0119 nie rozstajemy, dlatego warto zainwestowa\u0107 par\u0119 z\u0142otych w dobry sprz\u0119t. Wierzymy, \u017ce znajdziesz na naszym portalu odpowiedni model dla siebie!<\/p>\n<p><strong>Spraw sobie nowy Tani Abonament i zyskaj<\/strong><\/p>\n<p>Z pewno\u015bci\u0105 do nowego smartfona przyda Ci si\u0119 <a href=\"https:\/\/taniabonament.pl\">dobry tani abonament<\/a> czy to na kart\u0119 czy tradycyjny. Sprawd\u017a oferty na TaniAbonament.pl &#8211; szczeg\u00f3lnie polecamy bardzo atrakcyjn\u0105 <a style=\"color: red;\" href=\"https:\/\/taniabonament.pl\/nju-mobile-w-parze-wszystko-bez-limitu-za-19-zl\/\">ofert\u0119 abonamentu od NJU MOBILE<\/a>! Warto zobaczy\u0107 czemu&#8230; i co mo\u017cesz mie\u0107 za 19z\u0142!<\/p>\n","protected":false},"excerpt":{"rendered":"<h4>Smartfon <span style='color: #0286E7;'>dobry i godny zaufania<\/span> &#8211; <strong>Xiaomi<\/strong>!<\/h4>\n<p style='padding: 17px 0px;'><span style='color: #fff; background-color: yellowgreen; padding: 2px 7px;border-left: 13px solid #000000;'> godny uwagi <\/span><\/p>\n<p style='padding: 17px 0px;'><span style='color: #fff; background-color: yellowgreen; padding: 2px 7px;border-left: 13px solid #000000;'> dobra cena <\/span><\/p>\n<p style='padding-top: 10px;'>Smartfon Xiaomi Redmi Note, cechy i zalety: <\/p>\n<ul style='padding-left: 45px; padding-bottom: 10px;'>\n<li style='padding-top: 10px;'>  Dynamiczne rozszerzenie RAM Dodaj do Redmi Note 13 do 8GB* RAMu dzi\u0119ki technologii \u0142\u0105czenia pami\u0119ci, kt\u00f3ra pozwala na sprawn\u0105 obs\u0142ug\u0119 wielu zada\u0144 i p\u0142ynne prze\u0142\u0105czanie mi\u0119dzy aplikacjami<\/li>\n<li style='padding-top: 10px;'>108 MP Ultrawyra\u017any aparat g\u0142\u00f3wny Inteligentne algorytmy we wsp\u00f3\u0142pracy z flagowym aparatem g\u0142\u00f3wnym 108MP gwarantuj\u0105 niezwyk\u0142e zdj\u0119cia<\/li>\n<li style='padding-top: 10px;'> Daj upust kreatywno\u015bci Szeroki wyb\u00f3r ogniskowych i tryb\u00f3w dopasowanych do r\u00f3\u017cnych okazji<\/li>\n<li style='padding-top: 10px;'><strong> Daj upust kreatywno\u015bci Szeroki wyb\u00f3r ogniskowych i tryb\u00f3w dopasowanych do r\u00f3\u017cnych okazji<\/strong><\/li>\n<li style='padding-top: 10px;'> Redmi Note 13 dba o zdrowie oczu poprzez wyj\u0105tkowy wy\u015bwietlacz i funkcj\u0119 rytmu oko\u0142odobowego, dostosowuj\u0105c ekran do zmieniaj\u0105cego si\u0119 o\u015bwietlenia i redukuj\u0105c negatywne skutki na sen podczas korzystania w nocy<\/li>\n<li style='padding-top: 10px;'>Smartfon Xiaomi Redmi Note.  Redmi Note 13 dba o zdrowie oczu poprzez wyj\u0105tkowy wy\u015bwietlacz i funkcj\u0119 rytmu oko\u0142odobowego, dostosowuj\u0105c ekran do zmieniaj\u0105cego si\u0119 o\u015bwietlenia i redukuj\u0105c negatywne skutki na sen podczas korzystania w nocy<\/li>\n<li style='padding-top: 10px;'> Cz\u0119stotliwo\u015b\u0107 pr\u00f3bkowania dotykowego 240Hz<\/li>\n<li style='padding-top: 10px;'> Ekscytuj\u0105ce do\u015bwiadczenie Ultrasmuk\u0142e ramki boczne 1,8 mm maj\u0105 na celu dostarczenie jeszcze lepszych dozna\u0144 wzrokowych<\/li>\n<li style='padding-top: 10px;'>67&#8243; z ultrasmuk\u0142\u0105 ramk\u0105, prezentuj\u0105cy 100% gam\u0119 kolor\u00f3w DCI-P3 i 8-bitow\u0105 g\u0142\u0119bi\u0119 koloru, zapewnia najwy\u017csz\u0105 jako\u015b\u0107 obrazu i intensywne wra\u017cenia wzrokowe<\/li>\n<li style='padding-top: 10px;'> Xiaomi Imaging Engine Xiaomi Imaging Engine umo\u017cliwia b\u0142yskawiczne wykonywanie zdj\u0119\u0107, poprawia ich wyrazisto\u015b\u0107 i nadaje unikalny styl<\/li>\n<li style='padding-top: 10px;'> Solidna jako\u015b\u0107 Ka\u017cde urz\u0105dzenie, poza solidnym designem i skuteczn\u0105 ochron\u0105, spe\u0142nia liczne rygorystyczne wymogi zapewniaj\u0105ce najlepsz\u0105 jako\u015b\u0107<\/li>\n<li style='padding-top: 10px;'> Co wi\u0119cej, ekran Redmi Note 13 5G przeszed\u0142 optymalizacj\u0119, aby poprawi\u0107 rozpoznawanie dotyku i sterowanie oraz ochroni\u0107 urz\u0105dzenie przed przypadkowym dzia\u0142aniem w wyniku kontaktu z wod\u0105<\/li>\n<li style='padding-top: 10px;'> Ultrasmuk\u0142a ramka<\/li>\n<li style='padding-top: 10px;'> Komfort u\u017cytkowania w dzie\u0144 i w nocy Ciesz si\u0119 komfortem dzi\u0119ki 4096 poziomom jasno\u015bci<\/li>\n<li style='padding-top: 10px;'> P\u0142ynno\u015b\u0107 na najwy\u017cszym poziomie W trybie gry Redmi Note 13 5G wykorzystuje super responsywne sterowanie dotykowe w rozdzielczo\u015bci 16X, osi\u0105gaj\u0105c chwilow\u0105 cz\u0119stotliwo\u015b\u0107 pr\u00f3bkowania dotykowego na poziomie 2160Hz*<\/li>\n<li style='padding-top: 10px;'> Wyj\u0105tkowe doznania wizualne Wy\u015bwietlacz 6<\/li>\n<li style='padding-top: 10px;'> Tryby aparatu na ka\u017cd\u0105 chwil\u0119<\/li>\n<li style='padding-top: 10px;'> Zoom 3x bez strat Oparta na czujnikach wbudowana technologia zoomu dostarcza realistyczne efekty<\/li>\n<li style='padding-top: 10px;'> Najwy\u017csza wydajno\u015b\u0107 od Snapdragon\u2122 Dzi\u0119ki wersji Snapdragon\u00ae 685, wyposa\u017conej w nowoczesny procesor 6 nm, mo\u017cesz cieszy\u0107 si\u0119 sta\u0142\u0105 i p\u0142ynn\u0105 wydajno\u015bci\u0105 podczas u\u017cytkowania<\/li>\n<li style='padding-top: 10px;'> Wy\u015bwietlacz dbaj\u0105cy o wzrok u\u017cytkownika<\/li>\n<li style='padding-top: 10px;'> Od\u015bwie\u017canie adaptacyjne 120Hz<\/li>\n<li style='padding-top: 10px;'> Uchwy\u0107 dalekie krajobrazy i ciesz si\u0119 niesko\u0144czonymi korzy\u015bciami<\/li>\n<li style='padding-top: 10px;'> Dzi\u0119ki temu rozpoznaje delikatne ruchy i gwarantuje szereg dozna\u0144<\/li>\n<li style='padding-top: 10px;'> Niezawodny i uniwersalny<\/li>\n<li style='padding-top: 10px;'> Dopasowany do Ciebie Dzi\u0119ki cz\u0119stotliwo\u015bci od\u015bwie\u017cania 120Hz Redmi Note 13 dzia\u0142a z niezr\u00f3wnan\u0105 p\u0142ynno\u015bci\u0105, co pozwala na sprawne i komfortowe korzystanie z funkcji takich jak przegl\u0105danie stron oraz medi\u00f3w spo\u0142eczno\u015bciowych<\/li>\n<\/ul>\n<p style='padding: 10px; font-weight: bold; background-color: aliceblue;'>Dost\u0119pno\u015b\u0107:<\/p>\n","protected":false},"featured_media":82147,"comment_status":"closed","ping_status":"open","template":"","meta":[],"product_brand":[],"product_cat":[164],"product_tag":[],"class_list":{"0":"post-82146","1":"product","2":"type-product","3":"status-publish","6":"product_cat-xiaomi","7":"pa_model-gs-t-xia-1159","8":"pa_producent-xiaomi","9":"pa_sklep-komputronik-pl","11":"first","12":"instock","13":"product-type-external"},"_links":{"self":[{"href":"https:\/\/taniabonament.pl\/telefony\/wp-json\/wp\/v2\/product\/82146","targetHints":{"allow":["GET"]}}],"collection":[{"href":"https:\/\/taniabonament.pl\/telefony\/wp-json\/wp\/v2\/product"}],"about":[{"href":"https:\/\/taniabonament.pl\/telefony\/wp-json\/wp\/v2\/types\/product"}],"replies":[{"embeddable":true,"href":"https:\/\/taniabonament.pl\/telefony\/wp-json\/wp\/v2\/comments?post=82146"}],"wp:featuredmedia":[{"embeddable":true,"href":"https:\/\/taniabonament.pl\/telefony\/wp-json\/wp\/v2\/media\/82147"}],"wp:attachment":[{"href":"https:\/\/taniabonament.pl\/telefony\/wp-json\/wp\/v2\/media?parent=82146"}],"wp:term":[{"taxonomy":"product_brand","embeddable":true,"href":"https:\/\/taniabonament.pl\/telefony\/wp-json\/wp\/v2\/product_brand?post=82146"},{"taxonomy":"product_cat","embeddable":true,"href":"https:\/\/taniabonament.pl\/telefony\/wp-json\/wp\/v2\/product_cat?post=82146"},{"taxonomy":"product_tag","embeddable":true,"href":"https:\/\/taniabonament.pl\/telefony\/wp-json\/wp\/v2\/product_tag?post=82146"}],"curies":[{"name":"wp","href":"https:\/\/api.w.org\/{rel}","templated":true}]}}