{"id":82038,"date":"2024-04-19T06:02:27","date_gmt":"2024-04-19T06:02:27","guid":{"rendered":"https:\/\/taniabonament.pl\/telefony\/produkt\/smartfon-xiaomi-redmi-note-13-5g-6-128gb-graphite-black\/"},"modified":"2024-04-19T06:02:36","modified_gmt":"2024-04-19T06:02:36","slug":"smartfon-xiaomi-redmi-note-13-5g-6-128gb-graphite-black","status":"publish","type":"product","link":"https:\/\/taniabonament.pl\/telefony\/produkt\/smartfon-xiaomi-redmi-note-13-5g-6-128gb-graphite-black\/","title":{"rendered":"Smartfon Xiaomi Redmi Note 13 5G 6\/128GB Graphite Black"},"content":{"rendered":"<h3><strong>Gdzie kupi\u0107 ten telefon marki Xiaomi?<\/strong><\/h3>\n<p>Ten model kupisz w sklepie <a href=\"https:\/\/converti.se\/click\/34590059-c70e8160-5f3ad4bf\/?deep_link=https%3A%2F%2Fwww.komputronik.pl%2Fproduct%2F886720%2Ftelefon-xiaomi-redmi-note-13-5g-6-128gb-graphite-black.html&#038;sid=xiaomi&#038;tag6=product&#038;tag8=4a27d0059a3db2f08dae03580c53fcc2&#038;tag9=Smartfon+Xiaomi+Redmi+Note+13+5G+6%2F128GB+Graphite+Black\" rel=\"noopener\">Komputronik.pl<\/a>, w niskiej cenie 1399.0 PLN. Przeczytaj opinie oraz zapoznaj si\u0119 z plusami tego konkretnego telefonu od producenta Xiaomi.<\/p>\n<h3><strong>Czy warto kupi\u0107 Smartfon Xiaomi Redmi Note 13 5G 6\/128GB Graphite Black?<\/strong><\/h3>\n<p>Tak, to unikalny smartfon. Sprawdzony i dobrze wykonany. Telefony od <a href=\"https:\/\/taniabonament.pl\/telefony\/kategoria-produktu\/xiaomi\/\">Xiaomi<\/a> cechuj\u0105 si\u0119 bardzo dobr\u0105 wydajno\u015bci\u0105 oraz dopracowaniem. System operacyjny Android w najnowszym wydaniu zapewnia komfort u\u017cytkowania oraz stabilno\u015b\u0107 dzia\u0142ania.<\/p>\n<p>Bardzo du\u017co os\u00f3b jest wierna tej marce, kt\u00f3ra w ostatnich latach bardzo mocno zainwestowa\u0142a w technologie zyskuj\u0105c ugruntowan\u0105 pozycj\u0119 na rynku nowych telefon\u00f3w.<\/p>\n<p>Wielu klient\u00f3w ponownie decyduje si\u0119 na nowego smartfona tego producenta. <strong>Smartfony te ciesz\u0105 si\u0119 bardzo dobr\u0105 opini\u0105<\/strong>.<\/p>\n<h3>Cena smartfona<\/h3>\n<p>Kliknij klawisz &#8217;<strong>Kup ..<\/strong>&#8217; i przejd\u017a do sklepu naszego partnera gdzie kupisz ten telefon (sprawd\u017a czy przypadkiem nie ma na niego promocji, bo <strong>cena mo\u017ce by\u0107 jeszcze ni\u017csza!<\/strong>)<\/p>\n<p style=\"text-align: center; margin: 25px 10px;\"><a style=\"background-color: red; padding: 10px 20px; border-radius: 7px; color: #fff;\" href=\"https:\/\/converti.se\/click\/34590059-c70e8160-5f3ad4bf\/?deep_link=https%3A%2F%2Fwww.komputronik.pl%2Fproduct%2F886720%2Ftelefon-xiaomi-redmi-note-13-5g-6-128gb-graphite-black.html&#038;sid=xiaomi&#038;tag6=product&#038;tag8=4a27d0059a3db2f08dae03580c53fcc2&#038;tag9=Smartfon+Xiaomi+Redmi+Note+13+5G+6%2F128GB+Graphite+Black\" rel=\"nofollow\"><strong>Kup w Komputronik.pl<\/strong><\/a><\/p>\n<p>&nbsp;<\/p>\n<p>\u2605\u2605\u2605\u2605\u2605<\/p>\n<p>Poszukujesz innego <a href=\"https:\/\/taniabonament.pl\/telefony\/\">dobrego taniego smartfona<\/a>? Sprawd\u017a w\u015br\u00f3d pozosta\u0142ych producent\u00f3w telefon\u00f3w, kt\u00f3rych produkty przedstawiamy na naszym portalu (m.in. Apple, Xiaomi, MyPhone) . Telefon to urz\u0105dzenie kt\u00f3re u\u017cywamy codziennie. Ze smartfonem w dzisiejszych czasach praktycznie si\u0119 nie rozstajemy, dlatego warto zainwestowa\u0107 par\u0119 z\u0142otych w dobry sprz\u0119t. Wierzymy, \u017ce znajdziesz na naszym portalu odpowiedni model dla siebie!<\/p>\n<p><strong>Spraw sobie nowy Tani Abonament i zyskaj<\/strong><\/p>\n<p>Z pewno\u015bci\u0105 do nowego smartfona przyda Ci si\u0119 <a href=\"https:\/\/taniabonament.pl\">dobry tani abonament<\/a> czy to na kart\u0119 czy tradycyjny. Sprawd\u017a oferty na TaniAbonament.pl &#8211; szczeg\u00f3lnie polecamy bardzo atrakcyjn\u0105 <a style=\"color: red;\" href=\"https:\/\/taniabonament.pl\/nju-mobile-w-parze-wszystko-bez-limitu-za-19-zl\/\">ofert\u0119 abonamentu od NJU MOBILE<\/a>! Warto zobaczy\u0107 czemu&#8230; i co mo\u017cesz mie\u0107 za 19z\u0142!<\/p>\n","protected":false},"excerpt":{"rendered":"<h4>Smartfon <span style='color: #0286E7;'>dobry i godny zaufania<\/span> &#8211; <strong>Xiaomi<\/strong>!<\/h4>\n<p style='padding: 17px 0px;'><span style='color: #fff; background-color: yellowgreen; padding: 2px 7px;border-left: 13px solid #000000;'> polecany <\/span><span style='margin-left: 10px; color: #fff; background-color: red; padding: 2px 7px;border-left: 13px solid #000000;'> dobra cena <\/span><\/p>\n<p style='padding-top: 10px;'>Smartfon Xiaomi Redmi Note, cechy i zalety: <\/p>\n<ul style='padding-left: 45px; padding-bottom: 10px;'>\n<li style='padding-top: 10px;'>  Adaptacyjna cz\u0119stotliwo\u015b\u0107 od\u015bwie\u017cania 120 Hz<\/li>\n<li style='padding-top: 10px;'> Niepowtarzalny design<\/li>\n<li style='padding-top: 10px;'> Ultraw\u0105ska ramka<\/li>\n<li style='padding-top: 10px;'><strong> Ultraw\u0105ska ramka<\/strong><\/li>\n<li style='padding-top: 10px;'>108 MP Ultrawyra\u017any aparat g\u0142\u00f3wny Zaawansowane algorytmy i flagowy aparat g\u0142\u00f3wny 108MP pozwalaj\u0105 tworzy\u0107 niezwyk\u0142e zdj\u0119cia<\/li>\n<li style='padding-top: 10px;'>Smartfon Xiaomi Redmi Note. 108 MP Ultrawyra\u017any aparat g\u0142\u00f3wny Zaawansowane algorytmy i flagowy aparat g\u0142\u00f3wny 108MP pozwalaj\u0105 tworzy\u0107 niezwyk\u0142e zdj\u0119cia<\/li>\n<li style='padding-top: 10px;'> R\u00f3\u017cnorodno\u015b\u0107 tryb\u00f3w dla z\u0142apania chwili Xiaomi Imaging Engine Dzi\u0119ki algorytmowi Xiaomi Imaging Engine robienie zdj\u0119\u0107 jest szybsze, a uj\u0119cia zyskuj\u0105 niepowtarzalny charakter dzi\u0119ki swojej wyrazisto\u015bci<\/li>\n<li style='padding-top: 10px;'> Flagowy wy\u015bwietlacz AMOLED Ekran o rozmiarze 6<\/li>\n<li style='padding-top: 10px;'> Poznawaj odleg\u0142e krajobrazy i korzystaj z licznych opcji<\/li>\n<li style='padding-top: 10px;'> Chwilowa cz\u0119stotliwo\u015b\u0107 pr\u00f3bkowania dotykowego 2160Hz W trybie gry Redmi Note 13 5G wykorzystuje super responsywne sterowanie dotykowe w rozdzielczo\u015bci 16X, osi\u0105gaj\u0105c chwilow\u0105 cz\u0119stotliwo\u015b\u0107 pr\u00f3bkowania dotykowego na poziomie 2160Hz<\/li>\n<li style='padding-top: 10px;'> Od\u015bwie\u017cone doznania wzrokowe Dzi\u0119ki ultraw\u0105skiej i uproszczonej ramce Redmi Note 13 5G zapewnia przejrzysty i p\u0142ynny obraz<\/li>\n<li style='padding-top: 10px;'> Zoom 3x bez strat<\/li>\n<li style='padding-top: 10px;'>67&#8243; z ultraw\u0105sk\u0105 ramk\u0105 oferuje wysok\u0105 jako\u015b\u0107 obrazu, pe\u0142n\u0105 gam\u0119 kolor\u00f3w DCI-P3 i g\u0142\u0119bi\u0119 koloru 10 bit\u00f3w, co przek\u0142ada si\u0119 na intensywne i anga\u017cuj\u0105ce doznania wzrokowe<\/li>\n<li style='padding-top: 10px;'> Ciesz si\u0119 detalami z daleka Wbudowana technologia zoomu z czujnikami zapewnia autentyczne rezultaty przy pe\u0142nej jako\u015bci obrazu<\/li>\n<li style='padding-top: 10px;'> Dopasowany do Ciebie Zmienna cz\u0119stotliwo\u015b\u0107 od\u015bwie\u017cania dopasowuje liczb\u0119 klatek do r\u00f3\u017cnych zastosowa\u0144, takich jak ogl\u0105danie film\u00f3w, przegl\u0105danie rolek czy medi\u00f3w spo\u0142eczno\u015bciowych, zapewniaj\u0105c tym samym p\u0142ynno\u015b\u0107 dzia\u0142ania i oszcz\u0119dno\u015b\u0107 energii<\/li>\n<li style='padding-top: 10px;'> MediaTek Dimensity 6081 Procesor 6 nm 5G Flagowy o\u015bmiordzeniowy procesor 6 nm i dual SIM 5G umo\u017cliwiaj\u0105 efektywn\u0105 eliminacj\u0119 lag\u00f3w, co gwarantuje lepsz\u0105 p\u0142ynno\u015b\u0107, szybko\u015b\u0107 i stabilno\u015b\u0107<\/li>\n<li style='padding-top: 10px;'> Dzi\u0119ki technologii \u0142\u0105czonej pami\u0119ci mo\u017cesz skorzysta\u0107 z dodatkowego RAMu do 8GB, kt\u00f3ry dzia\u0142a tak, by m\u00f3c cieszy\u0107 si\u0119 d\u0142u\u017cszym czasem korzystania z urz\u0105dzenia bez op\u00f3\u017anie\u0144<\/li>\n<li style='padding-top: 10px;'> Dzi\u0119ki temu rozpoznaje delikatne ruchy i gwarantuje szereg dozna\u0144<\/li>\n<li style='padding-top: 10px;'> Potwierdzona jako\u015b\u0107 Ka\u017cde urz\u0105dzenie, poza solidnym designem i skuteczn\u0105 ochron\u0105, spe\u0142nia liczne rygorystyczne wymogi zapewniaj\u0105ce najlepsz\u0105 jako\u015b\u0107<\/li>\n<li style='padding-top: 10px;'> Lekki i porywaj\u0105cy Redmi Note 13 5G wyr\u00f3\u017cnia si\u0119 smuk\u0142o\u015bci\u0105 (7,6 mm) i lekko\u015bci\u0105 dzi\u0119ki najwy\u017cszej precyzji wykonania<\/li>\n<li style='padding-top: 10px;'> Minimalistyczne rozwi\u0105zania, takie jak stylowa ramka i subtelne wyko\u0144czenie, ujawniaj\u0105 ka\u017cdy szczeg\u00f3\u0142 pi\u0119kna<\/li>\n<li style='padding-top: 10px;'> Tryby aparatu na ka\u017cd\u0105 chwil\u0119 Daj upust kreatywno\u015bci<\/li>\n<li style='padding-top: 10px;'> Dodatkowo ekran Redmi Note 13 5G przeszed\u0142 optymalizacj\u0119, aby poprawi\u0107 rozpoznawanie dotyku i sterowanie oraz ochroni\u0107 urz\u0105dzenie przed przypadkowym dzia\u0142aniem w wyniku kontaktu z wod\u0105<\/li>\n<li style='padding-top: 10px;'> Dynamiczne rozszerzenie pami\u0119ci Seria ta wyr\u00f3\u017cnia si\u0119 du\u017cymi wbudowanymi mo\u017cliwo\u015bciami przechowywania do 8GB+256GB<\/li>\n<li style='padding-top: 10px;'> Solidny i wielofunkcyjny<\/li>\n<\/ul>\n<p style='padding: 10px; font-weight: bold; background-color: aliceblue;'>Dost\u0119pno\u015b\u0107:<\/p>\n","protected":false},"featured_media":82039,"comment_status":"closed","ping_status":"open","template":"","meta":[],"product_brand":[],"product_cat":[164],"product_tag":[],"class_list":{"0":"post-82038","1":"product","2":"type-product","3":"status-publish","6":"product_cat-xiaomi","7":"pa_model-gs-t-xia-1160","8":"pa_producent-xiaomi","9":"pa_sklep-komputronik-pl","11":"first","12":"instock","13":"product-type-external"},"_links":{"self":[{"href":"https:\/\/taniabonament.pl\/telefony\/wp-json\/wp\/v2\/product\/82038","targetHints":{"allow":["GET"]}}],"collection":[{"href":"https:\/\/taniabonament.pl\/telefony\/wp-json\/wp\/v2\/product"}],"about":[{"href":"https:\/\/taniabonament.pl\/telefony\/wp-json\/wp\/v2\/types\/product"}],"replies":[{"embeddable":true,"href":"https:\/\/taniabonament.pl\/telefony\/wp-json\/wp\/v2\/comments?post=82038"}],"wp:featuredmedia":[{"embeddable":true,"href":"https:\/\/taniabonament.pl\/telefony\/wp-json\/wp\/v2\/media\/82039"}],"wp:attachment":[{"href":"https:\/\/taniabonament.pl\/telefony\/wp-json\/wp\/v2\/media?parent=82038"}],"wp:term":[{"taxonomy":"product_brand","embeddable":true,"href":"https:\/\/taniabonament.pl\/telefony\/wp-json\/wp\/v2\/product_brand?post=82038"},{"taxonomy":"product_cat","embeddable":true,"href":"https:\/\/taniabonament.pl\/telefony\/wp-json\/wp\/v2\/product_cat?post=82038"},{"taxonomy":"product_tag","embeddable":true,"href":"https:\/\/taniabonament.pl\/telefony\/wp-json\/wp\/v2\/product_tag?post=82038"}],"curies":[{"name":"wp","href":"https:\/\/api.w.org\/{rel}","templated":true}]}}