{"id":81483,"date":"2023-03-22T18:52:07","date_gmt":"2023-03-22T18:52:07","guid":{"rendered":"https:\/\/taniabonament.pl\/telefony\/produkt\/smartfon-samsung-galaxy-s23-5g-8-256gb-dual-sim-rozowy-s916\/"},"modified":"2023-03-22T18:52:07","modified_gmt":"2023-03-22T18:52:07","slug":"smartfon-samsung-galaxy-s23-5g-8-256gb-dual-sim-rozowy-s916","status":"publish","type":"product","link":"https:\/\/taniabonament.pl\/telefony\/produkt\/smartfon-samsung-galaxy-s23-5g-8-256gb-dual-sim-rozowy-s916\/","title":{"rendered":"Smartfon Samsung Galaxy S23+ 5G 8\/256GB Dual SIM r\u00f3\u017cowy (S916)"},"content":{"rendered":"<h3><strong>Gdzie kupi\u0107 ten telefon marki Samsung?<\/strong><\/h3>\n<p>Ten smartfon &#8211; model GS-T-SAM-1898, kt\u00f3ry jest ch\u0119tnie wybierany, kupisz w cenie 5799.0 PLN w sklepie <a href=\"https:\/\/converti.se\/click\/34590059-c70e8160-5f3ad4bf\/?sid=samsung&#038;tag6=product&#038;tag8=18cf9bad4b82191cb3010d5d78fc29d0&#038;tag9=Smartfon+Samsung+Galaxy+S23%2B+5G+8%2F256GB+Dual+SIM+r%C3%B3%C5%BCowy+%28S916%29\" rel=\"noopener\">Komputronik.pl<\/a> (sprawd\u017a na stronie naszego partnera czy na ten model obowi\u0105zuj\u0119 promocja, bo ta cena mo\u017ce by\u0107 jeszcze ni\u017csza!)<\/p>\n<h3><strong>Czy warto kupi\u0107 Smartfon Samsung Galaxy S23+ 5G 8\/256GB Dual SIM r\u00f3\u017cowy (S916)?<\/strong><\/h3>\n<p>Tak, to sprawdzony smartfon. Telefony od Samsunga cechuj\u0105 si\u0119 dobr\u0105 wydajno\u015bci\u0105 oraz dopracowaniem, korzystaj\u0105 z najnowszych wersji systemu operacyjnego Android. To stabilne i wydajne urz\u0105dzenia z kt\u00f3rych korzystamy na co dzie\u0144. <strong>Bardzo du\u017co os\u00f3b jest wierna marce Samsung<\/strong> i ponownie <strong>decyduje si\u0119 na nowego smartfona tego producenta<\/strong>. Telefony te ciesz\u0105 si\u0119 bardzo dobr\u0105 opini\u0105.<\/p>\n<p style=\"text-align: center; margin: 25px 10px;\"><a style=\"background-color: red; padding: 10px 20px; border-radius: 7px; color: #fff;\" href=\"https:\/\/converti.se\/click\/34590059-c70e8160-5f3ad4bf\/?deep_link=https%3A%2F%2Fwww.komputronik.pl%2Fproduct%2F805861%2Fsamsung-galaxy-s23-5g-8-256gb-dual-sim-rozowy-s916-.html&#038;sid=samsung&#038;tag6=product&#038;tag8=18cf9bad4b82191cb3010d5d78fc29d0&#038;tag9=Smartfon+Samsung+Galaxy+S23%2B+5G+8%2F256GB+Dual+SIM+r%C3%B3%C5%BCowy+%28S916%29\" rel=\"nofollow\"><strong>Zamawiam \/ sprawdzam dane<\/strong><\/a><\/p>\n<p>\u2605\u2605\u2605\u2605\u2605<\/p>\n<p>Poszukujesz <a href=\"https:\/\/taniabonament.pl\/telefony\/\">dobrego taniego smartfona<\/a>? Sprawd\u017a w\u015br\u00f3d pozosta\u0142ych producent\u00f3w telefon\u00f3w, kt\u00f3rych produkty przedstawiamy na naszym portalu (m.in. Apple, Xiaomi, MyPhone) . Telefon to urz\u0105dzenie kt\u00f3re u\u017cywamy codziennie. Ze smartfonem w dzisiejszych czasach praktycznie si\u0119 nie rozstajemy, dlatego warto zainwestowa\u0107 par\u0119 z\u0142otych w dobry sprz\u0119t. Wierzymy, \u017ce znajdziesz na naszym portalu <strong>odpowiedni model telefonu dla siebie<\/strong>!<\/p>\n","protected":false},"excerpt":{"rendered":"<h4>Smartfon <span style='color: #0286E7;'>godny zaufania<\/span> &#8211; <strong>Samsung<\/strong>!<\/h4>\n<p style='padding: 17px 0px;'><span style='color: #fff; background-color: yellowgreen; padding: 2px 7px;border-left: 13px solid #000000;'> polecany <\/span><span style='margin-left: 10px; color: #fff; background-color: red; padding: 2px 7px;border-left: 13px solid #000000;'> dobra cena <\/span><\/p>\n<p style='padding-top: 10px;'>Smartfon Samsung Galaxy S23+, cechy i zalety: <\/p>\n<ul style='padding-left: 45px; padding-bottom: 10px;'>\n<li style='padding-top: 10px;'>  * Super HDR i Detail Enhancer s\u0105 w\u0142\u0105czone domy\u015blnie<\/li>\n<li style='padding-top: 10px;'> Ma pojemno\u015b\u0107 4700 mAh (typowa)* i inteligentnie oszcz\u0119dza energi\u0119, dzi\u0119ki czemu mo\u017cesz gra\u0107 i ogl\u0105da\u0107 filmy do p\u00f3\u017anych godzin nocnych<\/li>\n<li style='padding-top: 10px;'> * Obraz symulowany<\/li>\n<li style='padding-top: 10px;'><strong> * Obraz symulowany<\/strong><\/li>\n<li style='padding-top: 10px;'> Rzeczywista \u017cywotno\u015b\u0107 baterii mo\u017ce si\u0119 r\u00f3\u017cni\u0107 w zale\u017cno\u015bci od \u015brodowiska sieciowego, wzorc\u00f3w u\u017cytkowania i innych czynnik\u00f3w<\/li>\n<li style='padding-top: 10px;'>Smartfon Samsung Galaxy S23+.  Rzeczywista \u017cywotno\u015b\u0107 baterii mo\u017ce si\u0119 r\u00f3\u017cni\u0107 w zale\u017cno\u015bci od \u015brodowiska sieciowego, wzorc\u00f3w u\u017cytkowania i innych czynnik\u00f3w<\/li>\n<li style='padding-top: 10px;'> Rozgrywka pe\u0142na wra\u017ce\u0144 Easy czy hard? Graj bez lag\u00f3w na ka\u017cdym poziomie Gdy nie ma czasu do stracenia mo\u017cesz liczy\u0107 na wyj\u0105tkow\u0105 wydajno\u015b\u0107 swojego smartfona<\/li>\n<li style='padding-top: 10px;'> Zarejestrujesz wyra\u017ane kadry o ka\u017cdej porze<\/li>\n<li style='padding-top: 10px;'> Galaxy <\/li>\n<li style='padding-top: 10px;'> Tw\u00f3j nowy telefon zosta\u0142 wykonany ze szk\u0142a i plastiku pochodz\u0105cego z recyklingu i naturalnie zabarwiony, a jego opakowanie r\u00f3wnie\u017c wykorzystuje przyjazne dla \u015brodowiska materia\u0142y<\/li>\n<li style='padding-top: 10px;'> Dla innych super, dla nas standard Chwytaj dzie\u0144 i uwieczniaj noc<\/li>\n<li style='padding-top: 10px;'> Portret w nocy Najja\u015bniejsza gwiazda na nocnym zdj\u0119ciu? Ty Technologia Dual Pixel AF w aparacie do selfie jeszcze szybciej i dok\u0142adniej ustawia ostro\u015b\u0107, nie potrzebuj\u0105c do tego du\u017co \u015bwiat\u0142a<\/li>\n<li style='padding-top: 10px;'> Umo\u017cliwia to matryca Galaxy S23+ o rozdzielczo\u015bci 50 MP, inteligentne, doskonale utrwalaj\u0105ce \u015bwiat\u0142o piksele oraz optyczna stabilizacja obrazu (OIS)<\/li>\n<li style='padding-top: 10px;'> Delikatnie rozmyj t\u0142o, aby wyeksponowa\u0107 znajomych i pozwoli\u0107 im zab\u0142ysn\u0105\u0107, wydobywaj\u0105c na zdj\u0119ciu szczeg\u00f3\u0142y na najwy\u017cszym poziomie<\/li>\n<li style='padding-top: 10px;'> Wybierz kolory zainspirowane natur\u0105 i najwy\u017csz\u0105 wytrzyma\u0142o\u015b\u0107 w\u015br\u00f3d smartfon\u00f3w Galaxy<\/li>\n<li style='padding-top: 10px;'> Symulacja obrazu w celach ilustracyjnych<\/li>\n<li style='padding-top: 10px;'>Poznaj Galaxy S23+ Idealne nocne portrety i wideo dzi\u0119ki 50 MP z optyczn\u0105 stabilizacj\u0105 obrazu Nowy poziom rozgrywki dzi\u0119ki najbardziej wydajnemu procesorowi w Galaxy Stworzony dla Ciebie, z my\u015bl\u0105 o planecie Idealne zdj\u0119cia Obiektyw 50 MP<\/li>\n<li style='padding-top: 10px;'> Zdj\u0119cia robione pod \u015bwiat\u0142o Wi\u0119cej szczeg\u00f3\u0142\u00f3w Zdj\u0119cia z tylnym o\u015bwietleniem s\u0105 bogatsze w detale<\/li>\n<li style='padding-top: 10px;'> Dodatkowo, gdy Tw\u00f3j smartfon si\u0119 roz\u0142aduje b\u0119dzie potrzebowa\u0142 mniej czasu na uzupe\u0142nienie w nim energii \u2013 pomo\u017ce w tym superszybkie \u0142adowanie 45 W**<\/li>\n<li style='padding-top: 10px;'> Wszelkie prawa zastrze\u017cone<\/li>\n<li style='padding-top: 10px;'> Zachowaj w pami\u0119ci jeszcze wi\u0119cej wspomnie\u0144 Galaxy S23+ posiada 256 GB pami\u0119ci wewn\u0119trznej, kt\u00f3ra pozwala przechowywa\u0107 wi\u0119cej Twoich wspomnie\u0144 w formie zdj\u0119\u0107, film\u00f3w czy dokument\u00f3w<\/li>\n<li style='padding-top: 10px;'> ** \u0141adowarka 45 W sprzedawana osobno<\/li>\n<li style='padding-top: 10px;'> Technologia Super HDR umo\u017cliwia wydobycie szczeg\u00f3\u0142\u00f3w nawet w jasnych i ciemnych partiach obrazu*<\/li>\n<li style='padding-top: 10px;'> Z udoskonalon\u0105 sztuczn\u0105 inteligencj\u0105 Galaxy S23+ szczeg\u00f3\u0142y na zdj\u0119ciach sta\u0142y si\u0119 wyra\u017ane, wi\u0119c zdj\u0119cia i filmy robione przy s\u0142abym o\u015bwietleniu s\u0105 jasne i kolorowe, w dzie\u0144 i w nocy<\/li>\n<li style='padding-top: 10px;'> *Warto\u015b\u0107 typowa testowana przez inn\u0105 firm\u0119 w warunkach laboratoryjnych<\/li>\n<li style='padding-top: 10px;'> Sztuczna inteligencja rozja\u015bnia zdj\u0119cia oraz dba o ich naturalny koloryt<\/li>\n<li style='padding-top: 10px;'> Ostre \u015bwiat\u0142o ju\u017c nie zepsuje Ci uj\u0119cia<\/li>\n<li style='padding-top: 10px;'> IP68 Wodoodporno\u015b\u0107 Odporny na wod\u0119 i kurz<\/li>\n<li style='padding-top: 10px;'> ultra bateria Wydajna bateria, z kt\u00f3r\u0105 dzie\u0144 mo\u017ce trwa\u0107 d\u0142u\u017cej Poznaj wytrzyma\u0142\u0105 bateri\u0119, stworzon\u0105 z my\u015bl\u0105 o Twoich zwyci\u0119stwach<\/li>\n<li style='padding-top: 10px;'> * Symulacja obrazu w celach ilustracyjnych<\/li>\n<li style='padding-top: 10px;'> Snapdragon jest produktem firmy Qualcomm Technologies, Inc<\/li>\n<li style='padding-top: 10px;'> Teraz tak\u017ce przedni aparat mo\u017ce po zachodzie s\u0142o\u0144ca wyra\u017anie uchwyci\u0107 Ciebie i Twoich znajomych<\/li>\n<li style='padding-top: 10px;'> Do kupienia w wybranych krajach w Samsung Galaxy Store i innych sklepach z aplikacjami<\/li>\n<li style='padding-top: 10px;'> Automatycznie dostosowuje si\u0119 do r\u00f3\u017cnych warunk\u00f3w o\u015bwietleniowych (dost\u0119pne 3 fazy), zapewniaj\u0105c wy\u015bwietlanie grafik zawsze w najlepszej jako\u015bci<\/li>\n<li style='padding-top: 10px;'> SELFIE W NOCY Idealny efekt bokeh Dzi\u0119ki doskona\u0142emu przedniemu aparatowi 12 MP Twoje nocne selfie zyskaj\u0105 g\u0142\u0119bi\u0119 i wymiar<\/li>\n<li style='padding-top: 10px;'> IDEALNE ZDJ\u0118CIA R\u00d3WNIE\u017b NOC\u0104 Fotografuj i edytuj w profesjonalnym stylu z Expert Raw W\u0142\u0105cz aplikacj\u0119 Expert RAW, aby mie\u0107 pe\u0142niejsz\u0105 kontrol\u0119 nad ekspozycj\u0105 i tworzy\u0107 bardziej dynamiczne kadry<\/li>\n<li style='padding-top: 10px;'> Nightografia Nocne zdj\u0119cia, kt\u00f3rych ka\u017cdy Ci pozazdro\u015bci Przygotuj si\u0119 na galeri\u0119 pe\u0142n\u0105 niesamowitych nocnych uj\u0119\u0107, o kt\u00f3rych inni mog\u0105 pomarzy\u0107<\/li>\n<li style='padding-top: 10px;'> * Symulacja obrazu w celach ilustracyjnych<\/li>\n<li style='padding-top: 10px;'> Wszystkie inne znaki towarowe, logo i prawa autorskie s\u0105 w\u0142asno\u015bci\u0105 ich w\u0142a\u015bcicieli<\/li>\n<li style='padding-top: 10px;'> Mo\u017cesz tak\u017ce rozszerzy\u0107 sw\u00f3j repertuar o niesamowit\u0105 astrofotografi\u0119 czy zachwycaj\u0105c\u0105 wielokrotn\u0105 ekspozycj\u0119<\/li>\n<li style='padding-top: 10px;'> zr\u00f3wnowa\u017cony DESIGN Stworzony dla Ciebie, z my\u015bl\u0105 o planecie Seria Galaxy S23 \u0142\u0105czy zaawansowane rozwi\u0105zania technologiczne i efektowny design, kt\u00f3ry jest przyjazny dla \u015brodowiska<\/li>\n<li style='padding-top: 10px;'> i\/lub jej sp\u00f3\u0142ek zale\u017cnych<\/li>\n<li style='padding-top: 10px;'> Dla poprawy p\u0142ynno\u015bci obraz\u00f3w w urz\u0105dzeniu zastosowano wysok\u0105 cz\u0119stotliwo\u015b\u0107 od\u015bwie\u017cania do 120 Hz<\/li>\n<li style='padding-top: 10px;'> wideo w NOcy Ciii\u2026 widzisz? To nocne wideo bez szum\u00f3w Po zmroku Tw\u00f3j aparat jest gotowy nie tylko do zdj\u0119\u0107, ale r\u00f3wnie\u017c do nagrywania ostrych jak brzytwa nocnych film\u00f3w<\/li>\n<li style='padding-top: 10px;'> Wreckfest \u00a92022 THQ Nordic AB, Szwecja jest znakiem towarowym firmy THQ Nordic AB, Szwecja<\/li>\n<li style='padding-top: 10px;'> Prze\u017cyj niezwyk\u0142e dni z Galaxy S23+<\/li>\n<li style='padding-top: 10px;'> Wyra\u017aniejszy obraz Optymalny obraz w ka\u017cdym \u015bwietle Wy\u015bwietlacz Dynamic AMOLED 2X jest wyj\u0105tkowo jasny (do 1750 nit\u00f3w) i niezwykle czytelny, a przy tym nie m\u0119czy oczu<\/li>\n<li style='padding-top: 10px;'> Zawdzi\u0119czasz j\u0105 wsp\u00f3\u0142pracy najnowszego i najbardziej wydajnego w rodzinie Galaxy procesora Snapdragon 8 Gen 2 oraz 8 GB RAM<\/li>\n<li style='padding-top: 10px;'> Ciesz si\u0119 rewelacyjn\u0105 jako\u015bci\u0105 gry i streamingu wideo oraz wyd\u0142u\u017conym czasem pracy baterii<\/li>\n<\/ul>\n<p style='padding: 10px; font-weight: bold; background-color: aliceblue;'>Dost\u0119pno\u015b\u0107:<\/p>\n","protected":false},"featured_media":81484,"comment_status":"closed","ping_status":"open","template":"","meta":[],"product_brand":[],"product_cat":[109],"product_tag":[],"class_list":{"0":"post-81483","1":"product","2":"type-product","3":"status-publish","6":"product_cat-samsung","7":"pa_model-gs-t-sam-1898","8":"pa_producent-samsung","9":"pa_sklep-komputronik-pl","11":"first","12":"instock","13":"product-type-external"},"_links":{"self":[{"href":"https:\/\/taniabonament.pl\/telefony\/wp-json\/wp\/v2\/product\/81483","targetHints":{"allow":["GET"]}}],"collection":[{"href":"https:\/\/taniabonament.pl\/telefony\/wp-json\/wp\/v2\/product"}],"about":[{"href":"https:\/\/taniabonament.pl\/telefony\/wp-json\/wp\/v2\/types\/product"}],"replies":[{"embeddable":true,"href":"https:\/\/taniabonament.pl\/telefony\/wp-json\/wp\/v2\/comments?post=81483"}],"wp:featuredmedia":[{"embeddable":true,"href":"https:\/\/taniabonament.pl\/telefony\/wp-json\/wp\/v2\/media\/81484"}],"wp:attachment":[{"href":"https:\/\/taniabonament.pl\/telefony\/wp-json\/wp\/v2\/media?parent=81483"}],"wp:term":[{"taxonomy":"product_brand","embeddable":true,"href":"https:\/\/taniabonament.pl\/telefony\/wp-json\/wp\/v2\/product_brand?post=81483"},{"taxonomy":"product_cat","embeddable":true,"href":"https:\/\/taniabonament.pl\/telefony\/wp-json\/wp\/v2\/product_cat?post=81483"},{"taxonomy":"product_tag","embeddable":true,"href":"https:\/\/taniabonament.pl\/telefony\/wp-json\/wp\/v2\/product_tag?post=81483"}],"curies":[{"name":"wp","href":"https:\/\/api.w.org\/{rel}","templated":true}]}}