{"id":77975,"date":"2023-03-22T18:51:32","date_gmt":"2023-03-22T18:51:32","guid":{"rendered":"https:\/\/taniabonament.pl\/telefony\/produkt\/smartfon-samsung-galaxy-m23-128gb-dual-sim-niebieski-m236\/"},"modified":"2023-03-22T18:51:32","modified_gmt":"2023-03-22T18:51:32","slug":"smartfon-samsung-galaxy-m23-128gb-dual-sim-niebieski-m236","status":"publish","type":"product","link":"https:\/\/taniabonament.pl\/telefony\/produkt\/smartfon-samsung-galaxy-m23-128gb-dual-sim-niebieski-m236\/","title":{"rendered":"Smartfon Samsung Galaxy M23 128GB Dual SIM niebieski (M236)"},"content":{"rendered":"<h3><strong>Gdzie kupi\u0107 ten telefon marki Samsung?<\/strong><\/h3>\n<p>Ten smartfon &#8211; model GS-T-SAM-1766, kt\u00f3ry jest ch\u0119tnie wybierany, kupisz w cenie 999.0 PLN w sklepie <a href=\"https:\/\/converti.se\/click\/34590059-c70e8160-5f3ad4bf\/?sid=samsung&#038;tag6=product&#038;tag8=fe99d25bdc757e58c1e45b9f8ad68756&#038;tag9=Smartfon+Samsung+Galaxy+M23+128GB+Dual+SIM+niebieski+%28M236%29\" rel=\"noopener\">Komputronik.pl<\/a> (sprawd\u017a na stronie naszego partnera czy na ten model obowi\u0105zuj\u0119 promocja, bo ta cena mo\u017ce by\u0107 jeszcze ni\u017csza!)<\/p>\n<h3><strong>Czy warto kupi\u0107 Smartfon Samsung Galaxy M23 128GB Dual SIM niebieski (M236)?<\/strong><\/h3>\n<p>Tak, to sprawdzony smartfon. Telefony od Samsunga cechuj\u0105 si\u0119 dobr\u0105 wydajno\u015bci\u0105 oraz dopracowaniem, korzystaj\u0105 z najnowszych wersji systemu operacyjnego Android. To stabilne i wydajne urz\u0105dzenia z kt\u00f3rych korzystamy na co dzie\u0144. <strong>Bardzo du\u017co os\u00f3b jest wierna marce Samsung<\/strong> i ponownie <strong>decyduje si\u0119 na nowego smartfona tego producenta<\/strong>. Telefony te ciesz\u0105 si\u0119 bardzo dobr\u0105 opini\u0105.<\/p>\n<p style=\"text-align: center; margin: 25px 10px;\"><a style=\"background-color: red; padding: 10px 20px; border-radius: 7px; color: #fff;\" href=\"https:\/\/converti.se\/click\/34590059-c70e8160-5f3ad4bf\/?deep_link=https%3A%2F%2Fwww.komputronik.pl%2Fproduct%2F749721%2Fsamsung-galaxy-m23-128gb-dual-sim-niebieski-m236-.html&#038;sid=samsung&#038;tag6=product&#038;tag8=fe99d25bdc757e58c1e45b9f8ad68756&#038;tag9=Smartfon+Samsung+Galaxy+M23+128GB+Dual+SIM+niebieski+%28M236%29\" rel=\"nofollow\"><strong>Zamawiam \/ sprawdzam dane<\/strong><\/a><\/p>\n<p>\u2605\u2605\u2605\u2605\u2605<\/p>\n<p>Poszukujesz <a href=\"https:\/\/taniabonament.pl\/telefony\/\">dobrego taniego smartfona<\/a>? Sprawd\u017a w\u015br\u00f3d pozosta\u0142ych producent\u00f3w telefon\u00f3w, kt\u00f3rych produkty przedstawiamy na naszym portalu (m.in. Apple, Xiaomi, MyPhone) . Telefon to urz\u0105dzenie kt\u00f3re u\u017cywamy codziennie. Ze smartfonem w dzisiejszych czasach praktycznie si\u0119 nie rozstajemy, dlatego warto zainwestowa\u0107 par\u0119 z\u0142otych w dobry sprz\u0119t. Wierzymy, \u017ce znajdziesz na naszym portalu <strong>odpowiedni model telefonu dla siebie<\/strong>!<\/p>\n","protected":false},"excerpt":{"rendered":"<h4>Smartfon <span style='color: #0286E7;'>godny zaufania<\/span> &#8211; <strong>Samsung<\/strong>!<\/h4>\n<p style='padding: 17px 0px;'><span style='color: #fff; background-color: yellowgreen; padding: 2px 7px;border-left: 13px solid #000000;'> dobra cena <\/span><span style='color: #fff; background-color: red; padding: 2px 7px;border-left: 13px solid gainsboro; margin-left: 10px;'> polecany <\/span><\/p>\n<p style='padding-top: 10px;'>Smartfon Samsung Galaxy M23, cechy i zalety: <\/p>\n<ul style='padding-left: 45px; padding-bottom: 10px;'>\n<li style='padding-top: 10px;'>  DESIGN Smuk\u0142y i nowoczesny Smuk\u0142a konstrukcja smartfonu prezentuje si\u0119 niezwykle nowocze\u015bnie<\/li>\n<li style='padding-top: 10px;'> Uwag\u0119 przykuwaj\u0105 stylowe kolory urz\u0105dzenia: zielony, niebieski oraz r\u00f3\u017cowy<\/li>\n<li style='padding-top: 10px;'> Zawsze w kontakcie Prowad\u017a p\u0142ynne konferencje wideo, niezale\u017cnie od tego, czy \u0142\u0105czysz si\u0119 z biura, czy zdalnie**<\/li>\n<li style='padding-top: 10px;'><strong> Zawsze w kontakcie Prowad\u017a p\u0142ynne konferencje wideo, niezale\u017cnie od tego, czy \u0142\u0105czysz si\u0119 z biura, czy zdalnie**<\/strong><\/li>\n<li style='padding-top: 10px;'> \u0141adowarka jest sprzedawana oddzielnie<\/li>\n<li style='padding-top: 10px;'>Smartfon Samsung Galaxy M23.  \u0141adowarka jest sprzedawana oddzielnie<\/li>\n<li style='padding-top: 10px;'> Dodatkowo wysoka jasno\u015b\u0107 wy\u015bwietlacza dochodz\u0105ca do 800 nit\u00f3w u\u0142atwia korzystanie z urz\u0105dzenia nawet w ostrym s\u0142o\u0144cu<\/li>\n<li style='padding-top: 10px;'> ** Rzeczywisty czas pracy baterii zale\u017cy od \u015brodowiska sieciowego, u\u017cywanych funkcji i aplikacji, cz\u0119stotliwo\u015bci po\u0142\u0105cze\u0144 i wiadomo\u015bci, liczby \u0142adowa\u0144 i wielu innych czynnik\u00f3w<\/li>\n<li style='padding-top: 10px;'> Gry i sport Zanurz si\u0119 w najnowszej grze dost\u0119pnej w chmurze<\/li>\n<li style='padding-top: 10px;'> Bez op\u00f3\u017anie\u0144 mo\u017cesz prze\u017cywa\u0107 niezwyk\u0142e przygody nawet w zaawansowanych grach AR i VR**<\/li>\n<li style='padding-top: 10px;'> Hiperszybkie pobieranie Sie\u0107 5G oferuje tak du\u017ce pr\u0119dko\u015bci transferu, \u017ce mo\u017cesz \u015bci\u0105ga\u0107 pliki b\u0142yskawicznie*, niezale\u017cnie od tego, gdzie jeste\u015b<\/li>\n<li style='padding-top: 10px;'>Poznaj Galaxy M23 5G Doskona\u0142e aparaty Wysoka jako\u015b\u0107 zdj\u0119\u0107 dzi\u0119ki czterem aparatom, w tym g\u0142\u00f3wnemu z matryc\u0105 50 MP \u0141\u0105czno\u015b\u0107 5G Do\u015bwiadcz hiperszybkiego dzia\u0142ania i niezr\u00f3wnanej pr\u0119dko\u015bci transferu* Pojemna bateria Bateria 5000 mAh i szybkie \u0142adowanie 25 W, by korzysta\u0107 ze smartfona jak najd\u0142u\u017cej** Rewelacyjny wy\u015bwietlacz 120 Hz Zachwycaj\u0105ca p\u0142ynno\u015b\u0107 wy\u015bwietlanych tre\u015bci * Dotyczy dzia\u0142ania w sieci 5G<\/li>\n<li style='padding-top: 10px;'> G\u0142\u00f3wny ma matryc\u0119 o wysokiej rozdzielczo\u015bci 50 MP, optyczn\u0105 stabilizacj\u0119 obrazu i jasn\u0105 przys\u0142on\u0119 F1,8<\/li>\n<li style='padding-top: 10px;'> BATERIA D\u0142ugie godziny korzystania z telefonu Galaxy M23 5G posiada bateri\u0119 o pojemno\u015bci 5000 mAh oraz wspiera szybkie \u0142adowanie 25 W*<\/li>\n<li style='padding-top: 10px;'> Us\u0142ugi Google System Android na co dzie\u0144 Mo\u017cesz korzysta\u0107 z aplikacji Google, kt\u00f3re s\u0105 zainstalowane na Galaxy M23 5G*<\/li>\n<li style='padding-top: 10px;'> Od teraz pobieranie, wysy\u0142anie danych odbywa si\u0119 z niewiarygodn\u0105 pr\u0119dko\u015bci\u0105, strumieniowe ogl\u0105danie film\u00f3w czy wideokonferencje w rewelacyjnej jako\u015bci obrazu**<\/li>\n<li style='padding-top: 10px;'> W prosty spos\u00f3b trafisz do celu, znajdziesz potrzebne Ci informacje czy sprawdzisz poczt\u0119<\/li>\n<li style='padding-top: 10px;'> W przypadku funkcji szybkiego \u0142adowania zalecamy u\u017cycie oryginalnej \u0142adowarki Samsung 25 W i kabla do transmisji danych<\/li>\n<li style='padding-top: 10px;'> Sie\u0107 5G nie jest jeszcze dost\u0119pna powszechnie w Polsce<\/li>\n<li style='padding-top: 10px;'> U\u017cywaj narz\u0119dzi, kt\u00f3re znasz i lubisz<\/li>\n<li style='padding-top: 10px;'> Lekko zaokr\u0105glone kraw\u0119dzie idealnie le\u017c\u0105 w d\u0142oni<\/li>\n<li style='padding-top: 10px;'> Moc potrzebn\u0105 do codziennego dzia\u0142ania zapewnia urz\u0105dzeniu wysoce wydajny procesor Snapdragon 750G oraz 4 GB pami\u0119ci RAM<\/li>\n<li style='padding-top: 10px;'> NOWOCZESNY WY\u015aWIETLACZ \u015awietna jako\u015b\u0107 obrazu Wy\u015bwietlacz o przek\u0105tnej 6,6 cala, rozdzielczo\u015bci FHD+, o wysokiej cz\u0119stotliwo\u015bci od\u015bwie\u017cania 120 Hz zapewnia rewelacyjn\u0105 jako\u015b\u0107 i p\u0142ynno\u015b\u0107 obrazu<\/li>\n<li style='padding-top: 10px;'> Wszystko po to, by umo\u017cliwi\u0107 Ci jak najd\u0142u\u017csze korzystanie z urz\u0105dzenia oraz skr\u00f3cenie czasu potrzebnego do na\u0142adowania jego baterii<\/li>\n<li style='padding-top: 10px;'> Zapami\u0119taj wszystkie wa\u017cne chwile<\/li>\n<li style='padding-top: 10px;'> Sie\u0107 5G nie jest jeszcze dost\u0119pna powszechnie w Polsce<\/li>\n<li style='padding-top: 10px;'> Grafiki wy\u015bwietlaj\u0105 si\u0119 p\u0142ynnie, a wzrok mniej si\u0119 m\u0119czy<\/li>\n<li style='padding-top: 10px;'> * Dost\u0119pno\u015b\u0107 aplikacji Google mo\u017ce si\u0119 r\u00f3\u017cni\u0107 w zale\u017cno\u015bci od kraju lub j\u0119zyka<\/li>\n<li style='padding-top: 10px;'> 50 MP Aparat g\u0142\u00f3wny z optyczn\u0105 stabilizacj\u0105 obrazu (OIS) 8 MP Aparat ultraszerokok\u0105tny 5 MP Aparat makro 8 MP Aparat przedni szeroki k\u0105t 123\u02da Makro selfie Wida\u0107 wi\u0119cej Rejestruj zdj\u0119cia obejmuj\u0105ce szerokie pole widzenia &#8211; idealne rozwi\u0105zanie podczas podr\u00f3\u017cy<\/li>\n<li style='padding-top: 10px;'> APARAT Zachwycaj\u0105ce zdj\u0119cia i filmy Galaxy M23 5G udost\u0119pnia Ci cztery aparaty, by Twoje zdj\u0119cia by\u0142y jak najlepszej jako\u015bci, niezale\u017cnie od tego, co fotografujesz<\/li>\n<li style='padding-top: 10px;'> \u0141\u0105czno\u015b\u0107 5G SUPERSZYBKI PRZESY\u0141 DANYCH Przygotuj si\u0119 na najwy\u017csz\u0105 szybko\u015b\u0107! Samsung Galaxy M23 5G jest gotowy, by dzia\u0142a\u0107 w sieci mobilnej najnowszej generacji*<\/li>\n<li style='padding-top: 10px;'> ** Rzeczywiste pr\u0119dko\u015bci sieci mog\u0105 si\u0119 r\u00f3\u017cni\u0107 w zale\u017cno\u015bci od dostawcy us\u0142ug sieciowych<\/li>\n<li style='padding-top: 10px;'> Dodatkowo mo\u017cesz aktywowa\u0107 inteligentny tryb Adaptive Power Saving, w kt\u00f3rym smartfon b\u0119dzie automatycznie dobiera\u0142 optymalne ustawienia i r\u00f3wnocze\u015bnie zmniejsza\u0142 zu\u017cycie energii<\/li>\n<li style='padding-top: 10px;'> Umo\u017cliwi ogl\u0105danie ulubionych seriali w wysokiej jako\u015bci i p\u0142ynne rozgrywki w chmurze, bez potrzeby instalacji gier<\/li>\n<li style='padding-top: 10px;'> Do dyspozycji masz r\u00f3wnie\u017c aparat ultraszerokok\u0105tny, makro oraz ultraszerokok\u0105tny aparat przedni<\/li>\n<li style='padding-top: 10px;'> * Dotyczy dzia\u0142ania w sieci 5G<\/li>\n<li style='padding-top: 10px;'> Ma\u0142e jest pi\u0119kne Uchwy\u0107 nawet najdrobniejsze detale, przybli\u017caj\u0105c obiektyw do przedmiotu czy ro\u015bliny<\/li>\n<li style='padding-top: 10px;'> * \u0141adowarki, w tym \u0142adowarka 25 W, s\u0105 sprzedawane oddzielnie<\/li>\n<li style='padding-top: 10px;'> Naturalne portrety Twoje selfie b\u0119d\u0105 wyra\u017ane i naturalnie wygl\u0105daj\u0105ce<\/li>\n<\/ul>\n<p style='padding: 10px; font-weight: bold; background-color: aliceblue;'>Dost\u0119pno\u015b\u0107:<\/p>\n","protected":false},"featured_media":81413,"comment_status":"closed","ping_status":"open","template":"","meta":[],"product_brand":[],"product_cat":[109],"product_tag":[],"class_list":{"0":"post-77975","1":"product","2":"type-product","3":"status-publish","6":"product_cat-samsung","7":"pa_model-gs-t-sam-1766","8":"pa_producent-samsung","9":"pa_sklep-komputronik-pl","11":"first","12":"instock","13":"product-type-external"},"_links":{"self":[{"href":"https:\/\/taniabonament.pl\/telefony\/wp-json\/wp\/v2\/product\/77975","targetHints":{"allow":["GET"]}}],"collection":[{"href":"https:\/\/taniabonament.pl\/telefony\/wp-json\/wp\/v2\/product"}],"about":[{"href":"https:\/\/taniabonament.pl\/telefony\/wp-json\/wp\/v2\/types\/product"}],"replies":[{"embeddable":true,"href":"https:\/\/taniabonament.pl\/telefony\/wp-json\/wp\/v2\/comments?post=77975"}],"wp:featuredmedia":[{"embeddable":true,"href":"https:\/\/taniabonament.pl\/telefony\/wp-json\/wp\/v2\/media\/81413"}],"wp:attachment":[{"href":"https:\/\/taniabonament.pl\/telefony\/wp-json\/wp\/v2\/media?parent=77975"}],"wp:term":[{"taxonomy":"product_brand","embeddable":true,"href":"https:\/\/taniabonament.pl\/telefony\/wp-json\/wp\/v2\/product_brand?post=77975"},{"taxonomy":"product_cat","embeddable":true,"href":"https:\/\/taniabonament.pl\/telefony\/wp-json\/wp\/v2\/product_cat?post=77975"},{"taxonomy":"product_tag","embeddable":true,"href":"https:\/\/taniabonament.pl\/telefony\/wp-json\/wp\/v2\/product_tag?post=77975"}],"curies":[{"name":"wp","href":"https:\/\/api.w.org\/{rel}","templated":true}]}}