{"id":65527,"date":"2021-02-25T14:30:52","date_gmt":"2021-02-25T14:30:52","guid":{"rendered":"https:\/\/taniabonament.pl\/telefony\/produkt\/kabel-usb-qbest-qbest-kabel-przewod-magnetyczny-3w1-micro-usb-usb-c-iphone-led-swiecacy\/"},"modified":"2021-02-25T14:30:59","modified_gmt":"2021-02-25T14:30:59","slug":"kabel-usb-qbest-qbest-kabel-przewod-magnetyczny-3w1-micro-usb-usb-c-iphone-led-swiecacy","status":"publish","type":"product","link":"https:\/\/taniabonament.pl\/telefony\/produkt\/kabel-usb-qbest-qbest-kabel-przewod-magnetyczny-3w1-micro-usb-usb-c-iphone-led-swiecacy\/","title":{"rendered":"Kabel USB QBest QBest kabel przew\u00f3d magnetyczny 3w1 Micro USB USB-C IPhone LED \u015bwiec\u0105cy"},"content":{"rendered":"<p><strong>Jaki kabel do smartfona iPhone kupi\u0107?<\/strong><\/p>\n<p>Ten kabel do iPhone&#8217;a  kupisz w promocyjnej cenie 13.05 PLN w sklepie <a href=\"https:\/\/converti.se\/click\/34590059-c70e8160-5f3fd1bb\/?sid=kabel-iphone&#038;tag6=product&#038;tag8=84d80639dbb02c6d4a971f1632e4f99a&#038;tag9=Kabel+USB+QBest+QBest+kabel+przew%C3%B3d+magnetyczny+3w1+Micro+USB+USB-C+IPhone+LED+%C5%9Bwiec%C4%85cy\" rel=\"noopener\">Morele.net<\/a><\/p>\n","protected":false},"excerpt":{"rendered":"<p>Kabel USB QBest QBest. Szukasz kabla do <strong>iPhone&#8217;a<\/strong>? Dobrze trafi\u0142e\u015b! <\/p>\n","protected":false},"featured_media":65739,"comment_status":"closed","ping_status":"open","template":"","meta":[],"product_brand":[],"product_cat":[810,944],"product_tag":[],"class_list":{"0":"post-65527","1":"product","2":"type-product","3":"status-publish","6":"product_cat-akcesoria","7":"product_cat-kabel-iphone","8":"pa_producent-qbest","9":"pa_sklep-morele-net","11":"first","12":"instock","13":"product-type-external"},"_links":{"self":[{"href":"https:\/\/taniabonament.pl\/telefony\/wp-json\/wp\/v2\/product\/65527","targetHints":{"allow":["GET"]}}],"collection":[{"href":"https:\/\/taniabonament.pl\/telefony\/wp-json\/wp\/v2\/product"}],"about":[{"href":"https:\/\/taniabonament.pl\/telefony\/wp-json\/wp\/v2\/types\/product"}],"replies":[{"embeddable":true,"href":"https:\/\/taniabonament.pl\/telefony\/wp-json\/wp\/v2\/comments?post=65527"}],"wp:featuredmedia":[{"embeddable":true,"href":"https:\/\/taniabonament.pl\/telefony\/wp-json\/wp\/v2\/media\/65739"}],"wp:attachment":[{"href":"https:\/\/taniabonament.pl\/telefony\/wp-json\/wp\/v2\/media?parent=65527"}],"wp:term":[{"taxonomy":"product_brand","embeddable":true,"href":"https:\/\/taniabonament.pl\/telefony\/wp-json\/wp\/v2\/product_brand?post=65527"},{"taxonomy":"product_cat","embeddable":true,"href":"https:\/\/taniabonament.pl\/telefony\/wp-json\/wp\/v2\/product_cat?post=65527"},{"taxonomy":"product_tag","embeddable":true,"href":"https:\/\/taniabonament.pl\/telefony\/wp-json\/wp\/v2\/product_tag?post=65527"}],"curies":[{"name":"wp","href":"https:\/\/api.w.org\/{rel}","templated":true}]}}