{"id":65415,"date":"2021-02-25T14:30:52","date_gmt":"2021-02-25T14:30:52","guid":{"rendered":"https:\/\/taniabonament.pl\/telefony\/produkt\/sbs-ladowarka-sieciowa-30pin-iphone-biala\/"},"modified":"2021-02-25T14:30:57","modified_gmt":"2021-02-25T14:30:57","slug":"sbs-ladowarka-sieciowa-30pin-iphone-biala","status":"publish","type":"product","link":"https:\/\/taniabonament.pl\/telefony\/produkt\/sbs-ladowarka-sieciowa-30pin-iphone-biala\/","title":{"rendered":"SBS Ladowarka Sieciowa 30PIN iPhone Biala"},"content":{"rendered":"<p><strong>Jaki kabel do smartfona iPhone kupi\u0107?<\/strong><\/p>\n<p>Ten kabel do iPhone&#8217;a  kupisz w promocyjnej cenie 54.99 PLN w sklepie <a href=\"https:\/\/converti.se\/click\/34590059-c70e8160-5f3ed1bd\/?sid=kabel-iphone&#038;tag6=product&#038;tag8=1337183e3109b8467b2608a5ad1eba83&#038;tag9=SBS+Ladowarka+Sieciowa+30PIN+iPhone+Biala\" rel=\"noopener\">Neo24<\/a><\/p>\n","protected":false},"excerpt":{"rendered":"<h4>Szukasz dobrego kabla do <strong>iPhone&#8217;a<\/strong>?<\/h4>\n<p style='padding: 17px 0px;'><span style='color: #fff; background-color: red; padding: 2px 7px;border-left: 13px solid gainsboro;'> sprawdzony &#8211; <\/span><\/p>\n<p style='padding-top: 10px;'>SBS Ladowarka Sieciowa 30PIN, cechy i zalety: <\/p>\n<ul style='padding-left: 45px; padding-bottom: 10px;'>\n<li style='padding-top: 10px;'>  Pasuje do gniazdek elektrycznych w standardzie europejskim<\/li>\n<li style='padding-top: 10px;'>Napiecie wejsciowe 90 \/ 240 V<\/li>\n<li style='padding-top: 10px;'> Produkt w kolorze bialym<\/li>\n<li style='padding-top: 10px;'><strong> Produkt w kolorze bialym<\/strong><\/li>\n<li style='padding-top: 10px;'>\u00a0Zalety produktu:\u00b7 Niewielki rozmiar urzadzenia\u00b7 Duza predkosc ladowania urzadzenie\u00b7 Elegancki i nowoczesny design<\/li>\n<li style='padding-top: 10px;'>SBS Ladowarka Sieciowa 30PIN. \u00a0Zalety produktu:\u00b7 Niewielki rozmiar urzadzenia\u00b7 Duza predkosc ladowania urzadzenie\u00b7 Elegancki i nowoczesny design<\/li>\n<li style='padding-top: 10px;'>Ladowarka sieciowa do iPhone 4\/4S i iPod posiada kabel 80 cm z 1 wyjsciem Dock,<\/li>\n<li style='padding-top: 10px;'> Dzieki niewielkim wymiarom i malej wadze idealna do uzywania podczas podr\u00f3zy<\/li>\n<li style='padding-top: 10px;'> Moc wyjsciowa 1000 mA<\/li>\n<\/ul>\n<p style='padding: 10px; font-weight: bold; background-color: aliceblue;'>Dost\u0119pno\u015b\u0107:<\/p>\n<p><img src='https:\/\/taniabonament.pl\/telefony\/wp-content\/uploads\/sklepylogo\/neo24-logo.png' style='padding-top: 15px; padding-left: 48px;' alt='Neo24 sklep' \/><\/p>\n","protected":false},"featured_media":65734,"comment_status":"closed","ping_status":"open","template":"","meta":[],"product_brand":[],"product_cat":[810,944],"product_tag":[],"class_list":{"0":"post-65415","1":"product","2":"type-product","3":"status-publish","6":"product_cat-akcesoria","7":"product_cat-kabel-iphone","8":"pa_producent-sbs","9":"pa_sklep-neo24","11":"first","12":"instock","13":"product-type-external"},"_links":{"self":[{"href":"https:\/\/taniabonament.pl\/telefony\/wp-json\/wp\/v2\/product\/65415","targetHints":{"allow":["GET"]}}],"collection":[{"href":"https:\/\/taniabonament.pl\/telefony\/wp-json\/wp\/v2\/product"}],"about":[{"href":"https:\/\/taniabonament.pl\/telefony\/wp-json\/wp\/v2\/types\/product"}],"replies":[{"embeddable":true,"href":"https:\/\/taniabonament.pl\/telefony\/wp-json\/wp\/v2\/comments?post=65415"}],"wp:featuredmedia":[{"embeddable":true,"href":"https:\/\/taniabonament.pl\/telefony\/wp-json\/wp\/v2\/media\/65734"}],"wp:attachment":[{"href":"https:\/\/taniabonament.pl\/telefony\/wp-json\/wp\/v2\/media?parent=65415"}],"wp:term":[{"taxonomy":"product_brand","embeddable":true,"href":"https:\/\/taniabonament.pl\/telefony\/wp-json\/wp\/v2\/product_brand?post=65415"},{"taxonomy":"product_cat","embeddable":true,"href":"https:\/\/taniabonament.pl\/telefony\/wp-json\/wp\/v2\/product_cat?post=65415"},{"taxonomy":"product_tag","embeddable":true,"href":"https:\/\/taniabonament.pl\/telefony\/wp-json\/wp\/v2\/product_tag?post=65415"}],"curies":[{"name":"wp","href":"https:\/\/api.w.org\/{rel}","templated":true}]}}