{"id":65375,"date":"2021-02-25T14:30:43","date_gmt":"2021-02-25T14:30:43","guid":{"rendered":"https:\/\/taniabonament.pl\/telefony\/produkt\/ladowarka-kaku-ladowarka-sieciowa-2-4a-2xusb-kabel-usb-iphone-lightning-1m-kaku-qifan-dual-port-smart-charger-eu-ksc-372-biala\/"},"modified":"2021-02-25T14:30:48","modified_gmt":"2021-02-25T14:30:48","slug":"ladowarka-kaku-ladowarka-sieciowa-2-4a-2xusb-kabel-usb-iphone-lightning-1m-kaku-qifan-dual-port-smart-charger-eu-ksc-372-biala","status":"publish","type":"product","link":"https:\/\/taniabonament.pl\/telefony\/produkt\/ladowarka-kaku-ladowarka-sieciowa-2-4a-2xusb-kabel-usb-iphone-lightning-1m-kaku-qifan-dual-port-smart-charger-eu-ksc-372-biala\/","title":{"rendered":"\u0141adowarka KAKU \u0141adowarka sieciowa 2.4A 2xUSB + Kabel USB iPhone Lightning 1m KAKU QIFAN Dual Port Smart Charger EU (KSC-372) bia\u0142a"},"content":{"rendered":"<p><strong>Jaki kabel do smartfona iPhone kupi\u0107?<\/strong><\/p>\n<p>Ten kabel do iPhone&#8217;a  kupisz w promocyjnej cenie 15.36 PLN w sklepie <a href=\"https:\/\/converti.se\/click\/34590059-c70e8160-5f3fd1bb\/?sid=kabel-iphone&#038;tag6=product&#038;tag8=fda3a039054b6a90b11f74078020a414&#038;tag9=%C5%81adowarka+KAKU+%C5%81adowarka+sieciowa+2.4A+2xUSB+%2B+Kabel+USB+iPhone+Lightning+1m+KAKU+QIFAN+Dual+Port+Smart+Charger+EU+%28KSC-372%29+bia%C5%82a\" rel=\"noopener\">Morele.net<\/a><\/p>\n","protected":false},"excerpt":{"rendered":"<p>\u0141adowarka KAKU \u0141adowarka sieciowa. Szukasz kabla do <strong>iPhone&#8217;a<\/strong>? Dobrze trafi\u0142e\u015b! <\/p>\n","protected":false},"featured_media":65711,"comment_status":"closed","ping_status":"open","template":"","meta":[],"product_brand":[],"product_cat":[810,944],"product_tag":[],"class_list":{"0":"post-65375","1":"product","2":"type-product","3":"status-publish","6":"product_cat-akcesoria","7":"product_cat-kabel-iphone","8":"pa_producent-kaku","9":"pa_sklep-morele-net","11":"first","12":"instock","13":"product-type-external"},"_links":{"self":[{"href":"https:\/\/taniabonament.pl\/telefony\/wp-json\/wp\/v2\/product\/65375","targetHints":{"allow":["GET"]}}],"collection":[{"href":"https:\/\/taniabonament.pl\/telefony\/wp-json\/wp\/v2\/product"}],"about":[{"href":"https:\/\/taniabonament.pl\/telefony\/wp-json\/wp\/v2\/types\/product"}],"replies":[{"embeddable":true,"href":"https:\/\/taniabonament.pl\/telefony\/wp-json\/wp\/v2\/comments?post=65375"}],"wp:featuredmedia":[{"embeddable":true,"href":"https:\/\/taniabonament.pl\/telefony\/wp-json\/wp\/v2\/media\/65711"}],"wp:attachment":[{"href":"https:\/\/taniabonament.pl\/telefony\/wp-json\/wp\/v2\/media?parent=65375"}],"wp:term":[{"taxonomy":"product_brand","embeddable":true,"href":"https:\/\/taniabonament.pl\/telefony\/wp-json\/wp\/v2\/product_brand?post=65375"},{"taxonomy":"product_cat","embeddable":true,"href":"https:\/\/taniabonament.pl\/telefony\/wp-json\/wp\/v2\/product_cat?post=65375"},{"taxonomy":"product_tag","embeddable":true,"href":"https:\/\/taniabonament.pl\/telefony\/wp-json\/wp\/v2\/product_tag?post=65375"}],"curies":[{"name":"wp","href":"https:\/\/api.w.org\/{rel}","templated":true}]}}