{"id":65353,"date":"2021-02-25T14:30:35","date_gmt":"2021-02-25T14:30:35","guid":{"rendered":"https:\/\/taniabonament.pl\/telefony\/produkt\/smartfon-apple-iphone-se-128gb-bialy-new\/"},"modified":"2021-02-25T14:30:39","modified_gmt":"2021-02-25T14:30:39","slug":"smartfon-apple-iphone-se-128gb-bialy-new","status":"publish","type":"product","link":"https:\/\/taniabonament.pl\/telefony\/produkt\/smartfon-apple-iphone-se-128gb-bialy-new\/","title":{"rendered":"Smartfon Apple iPhone SE 128GB Bia\u0142y (NEW)"},"content":{"rendered":"<p><strong>Jaki kabel do smartfona iPhone kupi\u0107?<\/strong><\/p>\n<p>Ten kabel do iPhone&#8217;a GS-T-APL-0874 kupisz w promocyjnej cenie 2349.0 PLN w sklepie <a href=\"https:\/\/converti.se\/click\/34590059-c70e8160-5f3ad4bf\/?sid=kabel-iphone&#038;tag6=product&#038;tag8=c85cb8e36d4fe018350cb6bd1341e4ef&#038;tag9=Smartfon+Apple+iPhone+SE+128GB+Bia%C5%82y+%28NEW%29\" rel=\"noopener\">Komputronik.pl<\/a><\/p>\n","protected":false},"excerpt":{"rendered":"<h4>Szukasz dobrego kabla do <strong>iPhone&#8217;a<\/strong>?<\/h4>\n<p style='padding-top: 10px;'>Smartfon Apple iPhone SE, cechy i zalety: <\/p>\n<ul style='padding-left: 45px; padding-bottom: 10px;'>\n<li style='padding-top: 10px;'> 7 cale Pami\u0119\u0107 Flash: 128 GB Platforma: Apple iOS System operacyjny: Apple iOS 13 Technologia wykonania: Retina HD Multi-touch: tak Wprowadzanie danych: ekran dotykowy Rozdzielczo\u015b\u0107: 1334 x 750 piksele Aparat fotograficzny z ty\u0142u: 12 Mpix Aparat fotograficzny z przodu: 7 Mpix Lampa b\u0142yskowa: LED Zoom cyfrowy: 5 x Autofocus: tak Zastosowany procesor: Apple A13 Bionic Transmisja danych: 3G 4G LTE EDGE GSM HSPA+ HSPA+DC UMTS Komunikacja: Bluetooth 5<\/li>\n<li style='padding-top: 10px;'>11a\/b\/g\/n\/ac\/ax) Wbudowane z\u0142\u0105cza: Lightning Funkcja wideorozmowy: tak Nagrywanie film\u00f3w: 1080p 4k 720p Zastosowany akumulator: litowo-jonowy \u0141adowanie przez USB: tak Kolor: bia\u0142y Rodzaj obudowy: jednobry\u0142owa Wymiary: 67,3 x 138,4 x 7,3 mm Waga: 148 g Funkcje: Apple Pay kompas cyfrowy Dual SIM: tak (nano-SIM i eSIM) Akcesoria w zestawie: kabel Lightning Czujniki i komponenty: barometr czujnik \u015bwiat\u0142a czujnik zbli\u017ceniowy czytnik linii papilarnych GPS GPS + GLONASS mo\u017cliwo\u015b\u0107 \u0142adowania bezprzewodowego \u017cyroskop Seria: Apple iPhone Model: Apple iPhone SE<\/li>\n<li style='padding-top: 10px;'>0 Wi-Fi Wi-Fi 6 (802<\/li>\n<li style='padding-top: 10px;'><strong>0 Wi-Fi Wi-Fi 6 (802<\/strong><\/li>\n<li style='padding-top: 10px;'>Apple iPhone SE 128GB Bia\u0142y (NEW) &#8211; Mamy To! Wybierz nas, mamy \u015bwietne ceny, mo\u017cliwo\u015b\u0107 zakupu na raty, dostawa i odbi\u00f3r w sklepach Komputronik za darmo! Wybierz 20 letnie do\u015bwiadczenie i gwarancj\u0119 najlepszej obs\u0142ugi<\/li>\n<li style='padding-top: 10px;'> Producent: Apple Gwarancja: 1 rok w serwisie zewn\u0119trznym Grupa produktowa: iPhone Rodzaj: smartfon Przek\u0105tna wy\u015bwietlacza: 4<\/li>\n<\/ul>\n<p style='padding: 10px; font-weight: bold; background-color: aliceblue;'>Dost\u0119pno\u015b\u0107:<\/p>\n","protected":false},"featured_media":65692,"comment_status":"closed","ping_status":"open","template":"","meta":[],"product_brand":[],"product_cat":[810,944],"product_tag":[],"class_list":{"0":"post-65353","1":"product","2":"type-product","3":"status-publish","6":"product_cat-akcesoria","7":"product_cat-kabel-iphone","8":"pa_producent-apple","9":"pa_sklep-komputronik-pl","11":"first","12":"instock","13":"product-type-external"},"_links":{"self":[{"href":"https:\/\/taniabonament.pl\/telefony\/wp-json\/wp\/v2\/product\/65353","targetHints":{"allow":["GET"]}}],"collection":[{"href":"https:\/\/taniabonament.pl\/telefony\/wp-json\/wp\/v2\/product"}],"about":[{"href":"https:\/\/taniabonament.pl\/telefony\/wp-json\/wp\/v2\/types\/product"}],"replies":[{"embeddable":true,"href":"https:\/\/taniabonament.pl\/telefony\/wp-json\/wp\/v2\/comments?post=65353"}],"wp:featuredmedia":[{"embeddable":true,"href":"https:\/\/taniabonament.pl\/telefony\/wp-json\/wp\/v2\/media\/65692"}],"wp:attachment":[{"href":"https:\/\/taniabonament.pl\/telefony\/wp-json\/wp\/v2\/media?parent=65353"}],"wp:term":[{"taxonomy":"product_brand","embeddable":true,"href":"https:\/\/taniabonament.pl\/telefony\/wp-json\/wp\/v2\/product_brand?post=65353"},{"taxonomy":"product_cat","embeddable":true,"href":"https:\/\/taniabonament.pl\/telefony\/wp-json\/wp\/v2\/product_cat?post=65353"},{"taxonomy":"product_tag","embeddable":true,"href":"https:\/\/taniabonament.pl\/telefony\/wp-json\/wp\/v2\/product_tag?post=65353"}],"curies":[{"name":"wp","href":"https:\/\/api.w.org\/{rel}","templated":true}]}}