{"id":65263,"date":"2021-02-25T14:30:16","date_gmt":"2021-02-25T14:30:16","guid":{"rendered":"https:\/\/taniabonament.pl\/telefony\/produkt\/kabel-usb-somostel-kabel-iphone-samostel-sms-bt01-bialy-12m-31a-szybkie-ladowanie\/"},"modified":"2021-02-25T14:30:18","modified_gmt":"2021-02-25T14:30:18","slug":"kabel-usb-somostel-kabel-iphone-samostel-sms-bt01-bialy-12m-31a-szybkie-ladowanie","status":"publish","type":"product","link":"https:\/\/taniabonament.pl\/telefony\/produkt\/kabel-usb-somostel-kabel-iphone-samostel-sms-bt01-bialy-12m-31a-szybkie-ladowanie\/","title":{"rendered":"Kabel USB Somostel KABEL IPHONE SAMOSTEL SMS-BT01 BIA\u0141Y 1,2M, 3,1A, SZYBKIE \u0141ADOWANIE"},"content":{"rendered":"<p><strong>Jaki kabel do smartfona iPhone kupi\u0107?<\/strong><\/p>\n<p>Ten kabel do iPhone&#8217;a  kupisz w promocyjnej cenie 18.99 PLN w sklepie <a href=\"https:\/\/converti.se\/click\/34590059-c70e8160-5f3fd1bb\/?sid=kabel-iphone&#038;tag6=product&#038;tag8=6c74ee7e3cfac24e557b3fa8df065db0&#038;tag9=Kabel+USB+Somostel+KABEL+IPHONE+SAMOSTEL+SMS-BT01+BIA%C5%81Y+1%2C2M%2C+3%2C1A%2C+SZYBKIE+%C5%81ADOWANIE\" rel=\"noopener\">Morele.net<\/a><\/p>\n","protected":false},"excerpt":{"rendered":"<p>Kabel USB Somostel KABEL. Szukasz kabla do <strong>iPhone&#8217;a<\/strong>? Dobrze trafi\u0142e\u015b! <\/p>\n","protected":false},"featured_media":65644,"comment_status":"closed","ping_status":"open","template":"","meta":[],"product_brand":[],"product_cat":[810,944],"product_tag":[],"class_list":{"0":"post-65263","1":"product","2":"type-product","3":"status-publish","6":"product_cat-akcesoria","7":"product_cat-kabel-iphone","8":"pa_producent-somostel","9":"pa_sklep-morele-net","11":"first","12":"instock","13":"product-type-external"},"_links":{"self":[{"href":"https:\/\/taniabonament.pl\/telefony\/wp-json\/wp\/v2\/product\/65263","targetHints":{"allow":["GET"]}}],"collection":[{"href":"https:\/\/taniabonament.pl\/telefony\/wp-json\/wp\/v2\/product"}],"about":[{"href":"https:\/\/taniabonament.pl\/telefony\/wp-json\/wp\/v2\/types\/product"}],"replies":[{"embeddable":true,"href":"https:\/\/taniabonament.pl\/telefony\/wp-json\/wp\/v2\/comments?post=65263"}],"wp:featuredmedia":[{"embeddable":true,"href":"https:\/\/taniabonament.pl\/telefony\/wp-json\/wp\/v2\/media\/65644"}],"wp:attachment":[{"href":"https:\/\/taniabonament.pl\/telefony\/wp-json\/wp\/v2\/media?parent=65263"}],"wp:term":[{"taxonomy":"product_brand","embeddable":true,"href":"https:\/\/taniabonament.pl\/telefony\/wp-json\/wp\/v2\/product_brand?post=65263"},{"taxonomy":"product_cat","embeddable":true,"href":"https:\/\/taniabonament.pl\/telefony\/wp-json\/wp\/v2\/product_cat?post=65263"},{"taxonomy":"product_tag","embeddable":true,"href":"https:\/\/taniabonament.pl\/telefony\/wp-json\/wp\/v2\/product_tag?post=65263"}],"curies":[{"name":"wp","href":"https:\/\/api.w.org\/{rel}","templated":true}]}}