{"id":57198,"date":"2021-01-30T20:07:09","date_gmt":"2021-01-30T20:07:09","guid":{"rendered":"https:\/\/taniabonament.pl\/telefony\/produkt\/etui-na-smartfon-samsung-clear-cover-do-galaxy-note-10-przezroczysty-ef-qn970ttegww\/"},"modified":"2021-01-30T20:07:12","modified_gmt":"2021-01-30T20:07:12","slug":"etui-na-smartfon-samsung-clear-cover-do-galaxy-note-10-przezroczysty-ef-qn970ttegww","status":"publish","type":"product","link":"https:\/\/taniabonament.pl\/telefony\/produkt\/etui-na-smartfon-samsung-clear-cover-do-galaxy-note-10-przezroczysty-ef-qn970ttegww\/","title":{"rendered":"Etui na smartfon SAMSUNG Clear Cover do Galaxy Note 10 Przezroczysty EF-QN970TTEGWW"},"content":{"rendered":"<p><strong>Jakie etui do Samsunga kupi\u0107?<\/strong><\/p>\n<p>To dopasowane etui-case do Samsunga  kupisz w promocyjnej cenie 59.8 PLN w sklepie <a href=\"https:\/\/converti.se\/click\/34590059-c70e8160-5f3ed3bc\/?sid=etui-samsung&#038;tag6=product&#038;tag8=3d34927d3ad74751e8fc48ff809237c4&#038;tag9=Etui+na+smartfon+SAMSUNG+Clear+Cover+do+Galaxy+Note+10+Przezroczysty+EF-QN970TTEGWW\" rel=\"noopener nofollow\" target=\"_blank\">Media Markt<\/a><\/p>\n","protected":false},"excerpt":{"rendered":"<h4>Szukasz dobrego <strong>etui do Samsung&#8217;a<\/strong>? <\/h4>\n<p style='padding: 17px 0px;'><span style='color: #fff; background-color: yellowgreen; padding: 2px 7px;border-left: 13px solid #000000;'>promocja &#8211; <\/span><\/p>\n<p style='padding-top: 10px;'>Etui na smartfon SAMSUNG, cechy i zalety: <\/p>\n<ul style='padding-left: 45px; padding-bottom: 10px;'>\n<li style='padding-top: 10px;'>  Precyzyjne wyci\u0119cia zapewniaj\u0105 swobodny dost\u0119p do wszystkich przycisk\u00f3w i z\u0142\u0105czy<\/li>\n<li style='padding-top: 10px;'>Przezroczyste etui typu plecki do Samsung Galaxy Note 10, wykonane z wysokiej jako\u015bci materia\u0142\u00f3w<\/li>\n<li style='padding-top: 10px;'> Wzmocnione i podniesione kraw\u0119dzie chroni\u0105 rogi i ekran smartfona<\/li>\n<li style='padding-top: 10px;'><strong> Wzmocnione i podniesione kraw\u0119dzie chroni\u0105 rogi i ekran smartfona<\/strong><\/li>\n<\/ul>\n<p style='padding: 10px; font-weight: bold; background-color: aliceblue;'>Dost\u0119pno\u015b\u0107:<\/p>\n<p><img src='https:\/\/taniabonament.pl\/telefony\/wp-content\/uploads\/sklepylogo\/mediamarkt-logo.png' style='padding-top: 15px; padding-left: 48px;' alt='Media Markt sklep' \/><\/p>\n","protected":false},"featured_media":57199,"comment_status":"closed","ping_status":"open","template":"","meta":[],"product_brand":[],"product_cat":[810,860],"product_tag":[],"class_list":{"0":"post-57198","1":"product","2":"type-product","3":"status-publish","6":"product_cat-akcesoria","7":"product_cat-etui-samsung","8":"pa_cena-59-8-pln","9":"pa_producent-samsung","10":"pa_sklep-media-markt","11":"pa_typ-telefony-i-smartfony-akcesoria-etui","13":"first","14":"instock","15":"product-type-external"},"_links":{"self":[{"href":"https:\/\/taniabonament.pl\/telefony\/wp-json\/wp\/v2\/product\/57198","targetHints":{"allow":["GET"]}}],"collection":[{"href":"https:\/\/taniabonament.pl\/telefony\/wp-json\/wp\/v2\/product"}],"about":[{"href":"https:\/\/taniabonament.pl\/telefony\/wp-json\/wp\/v2\/types\/product"}],"replies":[{"embeddable":true,"href":"https:\/\/taniabonament.pl\/telefony\/wp-json\/wp\/v2\/comments?post=57198"}],"wp:featuredmedia":[{"embeddable":true,"href":"https:\/\/taniabonament.pl\/telefony\/wp-json\/wp\/v2\/media\/57199"}],"wp:attachment":[{"href":"https:\/\/taniabonament.pl\/telefony\/wp-json\/wp\/v2\/media?parent=57198"}],"wp:term":[{"taxonomy":"product_brand","embeddable":true,"href":"https:\/\/taniabonament.pl\/telefony\/wp-json\/wp\/v2\/product_brand?post=57198"},{"taxonomy":"product_cat","embeddable":true,"href":"https:\/\/taniabonament.pl\/telefony\/wp-json\/wp\/v2\/product_cat?post=57198"},{"taxonomy":"product_tag","embeddable":true,"href":"https:\/\/taniabonament.pl\/telefony\/wp-json\/wp\/v2\/product_tag?post=57198"}],"curies":[{"name":"wp","href":"https:\/\/api.w.org\/{rel}","templated":true}]}}