{"id":57074,"date":"2021-01-30T20:06:44","date_gmt":"2021-01-30T20:06:44","guid":{"rendered":"https:\/\/taniabonament.pl\/telefony\/produkt\/etui-na-smartfon-hama-ultra-slim-do-samsung-galaxy-note-9-czarny-184262\/"},"modified":"2021-01-30T20:06:46","modified_gmt":"2021-01-30T20:06:46","slug":"etui-na-smartfon-hama-ultra-slim-do-samsung-galaxy-note-9-czarny-184262","status":"publish","type":"product","link":"https:\/\/taniabonament.pl\/telefony\/produkt\/etui-na-smartfon-hama-ultra-slim-do-samsung-galaxy-note-9-czarny-184262\/","title":{"rendered":"Etui na smartfon HAMA Ultra Slim do Samsung Galaxy Note 9 Czarny 184262"},"content":{"rendered":"<p><strong>Jakie etui do Samsunga kupi\u0107?<\/strong><\/p>\n<p>To dopasowane etui-case do Samsunga  kupisz w promocyjnej cenie 4.99 PLN w sklepie <a href=\"https:\/\/converti.se\/click\/34590059-c70e8160-5f3ed3bc\/?sid=etui-samsung&#038;tag6=product&#038;tag8=56ff516b695efd052a73bcc8dc92dda1&#038;tag9=Etui+na+smartfon+HAMA+Ultra+Slim+do+Samsung+Galaxy+Note+9+Czarny+184262\" rel=\"noopener\">Media Markt<\/a><\/p>\n","protected":false},"excerpt":{"rendered":"<h4>Szukasz dobrego <strong>etui do Samsung&#8217;a<\/strong>? <\/h4>\n<p style='padding: 17px 0px;'><span style='color: #fff; background-color: yellowgreen; padding: 2px 7px;border-left: 13px solid #000000;'>promocja &#8211; <\/span><\/p>\n<p style='padding-top: 10px;'>Etui na smartfon HAMA, cechy i zalety: <\/p>\n<ul style='padding-left: 45px; padding-bottom: 10px;'>\n<li style='padding-top: 10px;'> 4 mm) Ochrona ty\u0142u smartfona przed zabrudzeniem i zadrapaniem<\/li>\n<li style='padding-top: 10px;'>Ubierz sw\u00f3j smartfon w stylowy look<\/li>\n<li style='padding-top: 10px;'> Jest kompatybilne z \u0142adowaniem bezprzewodowym, wi\u0119c nie musisz ka\u017cdorazowo zdejmowa\u0107 pokrowca, gdy korzystasz z \u0142adowarki indukcyjnej<\/li>\n<li style='padding-top: 10px;'><strong> Jest kompatybilne z \u0142adowaniem bezprzewodowym, wi\u0119c nie musisz ka\u017cdorazowo zdejmowa\u0107 pokrowca, gdy korzystasz z \u0142adowarki indukcyjnej<\/strong><\/li>\n<li style='padding-top: 10px;'>Korzy\u015bci: Przeznaczone dla smartfona Samsung Galaxy Note 9 Ultraw\u0105ska konstrukcja: wyj\u0105tkowo lekkie i w\u0105skie etui (0<\/li>\n<li style='padding-top: 10px;'>Etui na smartfon HAMA. Korzy\u015bci: Przeznaczone dla smartfona Samsung Galaxy Note 9 Ultraw\u0105ska konstrukcja: wyj\u0105tkowo lekkie i w\u0105skie etui (0<\/li>\n<li style='padding-top: 10px;'> Ultra smuk\u0142e etui marki Hama zapewni mu odpowiedni\u0105 ochron\u0119<\/li>\n<\/ul>\n<p style='padding: 10px; font-weight: bold; background-color: aliceblue;'>Dost\u0119pno\u015b\u0107:<\/p>\n<p><img src='https:\/\/taniabonament.pl\/telefony\/wp-content\/uploads\/sklepylogo\/mediamarkt-logo.png' style='padding-top: 15px; padding-left: 48px;' alt='Media Markt sklep' \/><\/p>\n","protected":false},"featured_media":57075,"comment_status":"closed","ping_status":"open","template":"","meta":[],"product_brand":[],"product_cat":[810,860],"product_tag":[],"class_list":{"0":"post-57074","1":"product","2":"type-product","3":"status-publish","6":"product_cat-akcesoria","7":"product_cat-etui-samsung","8":"pa_cena-4-99-pln","9":"pa_producent-hama","10":"pa_sklep-media-markt","11":"pa_typ-telefony-i-smartfony-akcesoria-etui","13":"first","14":"instock","15":"product-type-external"},"_links":{"self":[{"href":"https:\/\/taniabonament.pl\/telefony\/wp-json\/wp\/v2\/product\/57074","targetHints":{"allow":["GET"]}}],"collection":[{"href":"https:\/\/taniabonament.pl\/telefony\/wp-json\/wp\/v2\/product"}],"about":[{"href":"https:\/\/taniabonament.pl\/telefony\/wp-json\/wp\/v2\/types\/product"}],"replies":[{"embeddable":true,"href":"https:\/\/taniabonament.pl\/telefony\/wp-json\/wp\/v2\/comments?post=57074"}],"wp:featuredmedia":[{"embeddable":true,"href":"https:\/\/taniabonament.pl\/telefony\/wp-json\/wp\/v2\/media\/57075"}],"wp:attachment":[{"href":"https:\/\/taniabonament.pl\/telefony\/wp-json\/wp\/v2\/media?parent=57074"}],"wp:term":[{"taxonomy":"product_brand","embeddable":true,"href":"https:\/\/taniabonament.pl\/telefony\/wp-json\/wp\/v2\/product_brand?post=57074"},{"taxonomy":"product_cat","embeddable":true,"href":"https:\/\/taniabonament.pl\/telefony\/wp-json\/wp\/v2\/product_cat?post=57074"},{"taxonomy":"product_tag","embeddable":true,"href":"https:\/\/taniabonament.pl\/telefony\/wp-json\/wp\/v2\/product_tag?post=57074"}],"curies":[{"name":"wp","href":"https:\/\/api.w.org\/{rel}","templated":true}]}}