{"id":56926,"date":"2021-01-30T16:57:16","date_gmt":"2021-01-30T16:57:16","guid":{"rendered":"https:\/\/taniabonament.pl\/telefony\/produkt\/etui-na-smartfon-puro-0-3-nude-do-apple-iphone-xs-max-przezroczysty-ipcx6503nudetr\/"},"modified":"2021-01-30T16:57:21","modified_gmt":"2021-01-30T16:57:21","slug":"etui-na-smartfon-puro-0-3-nude-do-apple-iphone-xs-max-przezroczysty-ipcx6503nudetr","status":"publish","type":"product","link":"https:\/\/taniabonament.pl\/telefony\/produkt\/etui-na-smartfon-puro-0-3-nude-do-apple-iphone-xs-max-przezroczysty-ipcx6503nudetr\/","title":{"rendered":"Etui na smartfon PURO 0.3 Nude do Apple iPhone Xs Max Przezroczysty IPCX6503NUDETR"},"content":{"rendered":"<p><strong>Jakie etui do iphone&#8217;a kupi\u0107?<\/strong><\/p>\n<p>To dopasowane etui-case do iPhone&#8217;a  kupisz w promocyjnej cenie 4.99 PLN w sklepie <a href=\"https:\/\/converti.se\/click\/34590059-c70e8160-5f3ed3bc\/?sid=etui-iphone&#038;tag6=product&#038;tag8=f0992b134e4e3cbe1308ecc6a0be5726&#038;tag9=Etui+na+smartfon+PURO+0.3+Nude+do+Apple+iPhone+Xs+Max+Przezroczysty+IPCX6503NUDETR\" rel=\"noopener\">Media Markt<\/a><\/p>\n","protected":false},"excerpt":{"rendered":"<h4>Szukasz dobrego <strong>etui do iPhone&#8217;a<\/strong>? <\/h4>\n<p style='padding: 17px 0px;'><span style='color: #fff; background-color: yellowgreen; padding: 2px 7px;border-left: 13px solid #000000;'>promocja &#8211; <\/span><\/p>\n<p style='padding-top: 10px;'>Etui na smartfon PURO, cechy i zalety: <\/p>\n<ul style='padding-left: 45px; padding-bottom: 10px;'>\n<li style='padding-top: 10px;'> Korzy\u015bci: Kompatybilne z Apple iPhone Xs Max Ultra przezroczyste wyko\u0144czenie integruj\u0105ce si\u0119 z eleganckim designem telefonu G\u0142adka faktura etui Wyj\u0105tkowa smuk\u0142o\u015b\u0107 wynosz\u0105ca zaledwie 0,3 mm Znikoma waga, nie dodaj\u0105ca zb\u0119dnych gram\u00f3w konstrukcji Bardzo dobra elastyczno\u015b\u0107 gwarantuj\u0105ca szybko\u015b\u0107 i \u0142atwo\u015b\u0107 instalacji Ochrona ty\u0142u oraz bok\u00f3w urz\u0105dzenia Doskona\u0142e dopasowanie oraz perfekcja wykonania Logo Puro nadrukowane na boku Dost\u0119p do wszystkich klawiszy funkcyjnych, gniazd i port\u00f3w telefonu Lekko podniesiona ramka kamery stanowi\u0105ca dodatkow\u0105 ochron\u0119 przed porysowaniem obiektywu Materia\u0142: TPU Etui kompatybilne z bezprzewodowym \u0142adowaniem Etui kompatybilne z Apple Pay<\/li>\n<li style='padding-top: 10px;'> Puro 0<\/li>\n<li style='padding-top: 10px;'> Unikalne rozwi\u0105zanie w postaci \u201eGhost Technology\u201d gwarantuje wyj\u0105tkow\u0105 smuk\u0142o\u015b\u0107 etui wynosz\u0105c\u0105 zaledwie 0,3 mm<\/li>\n<li style='padding-top: 10px;'><strong> Unikalne rozwi\u0105zanie w postaci \u201eGhost Technology\u201d gwarantuje wyj\u0105tkow\u0105 smuk\u0142o\u015b\u0107 etui wynosz\u0105c\u0105 zaledwie 0,3 mm<\/strong><\/li>\n<li style='padding-top: 10px;'>Ubierz sw\u00f3j telefon w niemal niewidoczn\u0105 szat\u0119, tak lekk\u0105 i subteln\u0105, \u017ce nie odczuje jej Tw\u00f3j smartfon, zapewniaj\u0105c mu jednocze\u015bnie ochron\u0119 przed uszkodzeniem<\/li>\n<li style='padding-top: 10px;'>Etui na smartfon PURO. Ubierz sw\u00f3j telefon w niemal niewidoczn\u0105 szat\u0119, tak lekk\u0105 i subteln\u0105, \u017ce nie odczuje jej Tw\u00f3j smartfon, zapewniaj\u0105c mu jednocze\u015bnie ochron\u0119 przed uszkodzeniem<\/li>\n<li style='padding-top: 10px;'>3 Nude stanowi niemal drug\u0105 sk\u00f3r\u0119 smartfona, dbaj\u0105c o jego najlepsz\u0105 ochron\u0119 przed zarysowaniem lub zadrapaniem<\/li>\n<\/ul>\n<p style='padding: 10px; font-weight: bold; background-color: aliceblue;'>Dost\u0119pno\u015b\u0107:<\/p>\n<p><img src='https:\/\/taniabonament.pl\/telefony\/wp-content\/uploads\/sklepylogo\/mediamarkt-logo.png' style='padding-top: 15px; padding-left: 48px;' alt='Media Markt sklep' \/><\/p>\n","protected":false},"featured_media":56927,"comment_status":"closed","ping_status":"open","template":"","meta":[],"product_brand":[],"product_cat":[815],"product_tag":[],"class_list":{"0":"post-56926","1":"product","2":"type-product","3":"status-publish","6":"product_cat-etui-iphone","7":"pa_cena-4-99-pln","8":"pa_producent-puro","9":"pa_sklep-media-markt","10":"pa_typ-telefony-i-smartfony-akcesoria-etui","12":"first","13":"instock","14":"product-type-external"},"_links":{"self":[{"href":"https:\/\/taniabonament.pl\/telefony\/wp-json\/wp\/v2\/product\/56926","targetHints":{"allow":["GET"]}}],"collection":[{"href":"https:\/\/taniabonament.pl\/telefony\/wp-json\/wp\/v2\/product"}],"about":[{"href":"https:\/\/taniabonament.pl\/telefony\/wp-json\/wp\/v2\/types\/product"}],"replies":[{"embeddable":true,"href":"https:\/\/taniabonament.pl\/telefony\/wp-json\/wp\/v2\/comments?post=56926"}],"wp:featuredmedia":[{"embeddable":true,"href":"https:\/\/taniabonament.pl\/telefony\/wp-json\/wp\/v2\/media\/56927"}],"wp:attachment":[{"href":"https:\/\/taniabonament.pl\/telefony\/wp-json\/wp\/v2\/media?parent=56926"}],"wp:term":[{"taxonomy":"product_brand","embeddable":true,"href":"https:\/\/taniabonament.pl\/telefony\/wp-json\/wp\/v2\/product_brand?post=56926"},{"taxonomy":"product_cat","embeddable":true,"href":"https:\/\/taniabonament.pl\/telefony\/wp-json\/wp\/v2\/product_cat?post=56926"},{"taxonomy":"product_tag","embeddable":true,"href":"https:\/\/taniabonament.pl\/telefony\/wp-json\/wp\/v2\/product_tag?post=56926"}],"curies":[{"name":"wp","href":"https:\/\/api.w.org\/{rel}","templated":true}]}}