{"id":56878,"date":"2021-01-30T16:57:08","date_gmt":"2021-01-30T16:57:08","guid":{"rendered":"https:\/\/taniabonament.pl\/telefony\/produkt\/etui-na-smartfon-hama-protector-do-apple-iphone-x-iphone-xs-przezroczysto-czarny-185144\/"},"modified":"2021-01-30T16:57:11","modified_gmt":"2021-01-30T16:57:11","slug":"etui-na-smartfon-hama-protector-do-apple-iphone-x-iphone-xs-przezroczysto-czarny-185144","status":"publish","type":"product","link":"https:\/\/taniabonament.pl\/telefony\/produkt\/etui-na-smartfon-hama-protector-do-apple-iphone-x-iphone-xs-przezroczysto-czarny-185144\/","title":{"rendered":"Etui na smartfon HAMA Protector do Apple iPhone X\/iPhone XS Przezroczysto-czarny 185144"},"content":{"rendered":"<p><strong>Jakie etui do iphone&#8217;a kupi\u0107?<\/strong><\/p>\n<p>To dopasowane etui-case do iPhone&#8217;a  kupisz w promocyjnej cenie 0.03 PLN w sklepie <a href=\"https:\/\/converti.se\/click\/34590059-c70e8160-5f3ed3bc\/?sid=etui-iphone&#038;tag6=product&#038;tag8=4322a9e08ced80c2f6b8121f2d669bbf&#038;tag9=Etui+na+smartfon+HAMA+Protector+do+Apple+iPhone+X%2FiPhone+XS+Przezroczysto-czarny+185144\" rel=\"noopener\">Media Markt<\/a><\/p>\n","protected":false},"excerpt":{"rendered":"<h4>Szukasz dobrego <strong>etui do iPhone&#8217;a<\/strong>? <\/h4>\n<p style='padding: 17px 0px;'><span style='color: #fff; background-color: yellowgreen; padding: 2px 7px;border-left: 13px solid #000000;'>promocja &#8211; <\/span><\/p>\n<p style='padding-top: 10px;'>Etui na smartfon HAMA, cechy i zalety: <\/p>\n<ul style='padding-left: 45px; padding-bottom: 10px;'>\n<li style='padding-top: 10px;'>  Etui Hama Protector z technologi\u0105 anti-shock zabezpiecza urz\u0105dzenie podczas upadku lub zalania<\/li>\n<li style='padding-top: 10px;'>Korzy\u015bci: Kompatybilne ze smartfonami Apple iPhone X i iPhone XS Technologia &#8222;anti-shock-guard&#8221;: amortyzuj\u0105ca ramka chroni smartfon przed uderzeniami i wstrz\u0105sami przy upadku Wodoszczelny, przezroczysty ty\u0142: design smartfona pozostaje widoczny Podwy\u017cszona, os\u0142ona TPU ze \u015bci\u0119tymi kraw\u0119dziami chroni ekran Pow\u0142oka &#8222;Elastic Button&#8221; zapewniaj\u0105ca optymaln\u0105 ochron\u0119 przycisk\u00f3w i \u0142atw\u0105 obs\u0142ug\u0119<\/li>\n<li style='padding-top: 10px;'>Nie pozw\u00f3l, by Tw\u00f3j nowy telefon si\u0119 uszkodzi\u0142<\/li>\n<li style='padding-top: 10px;'><strong>Nie pozw\u00f3l, by Tw\u00f3j nowy telefon si\u0119 uszkodzi\u0142<\/strong><\/li>\n<\/ul>\n<p style='padding: 10px; font-weight: bold; background-color: aliceblue;'>Dost\u0119pno\u015b\u0107:<\/p>\n<p><img src='https:\/\/taniabonament.pl\/telefony\/wp-content\/uploads\/sklepylogo\/mediamarkt-logo.png' style='padding-top: 15px; padding-left: 48px;' alt='Media Markt sklep' \/><\/p>\n","protected":false},"featured_media":56879,"comment_status":"closed","ping_status":"open","template":"","meta":[],"product_brand":[],"product_cat":[815],"product_tag":[],"class_list":{"0":"post-56878","1":"product","2":"type-product","3":"status-publish","6":"product_cat-etui-iphone","7":"pa_cena-0-03-pln","8":"pa_producent-hama","9":"pa_sklep-media-markt","10":"pa_typ-telefony-i-smartfony-akcesoria-etui","12":"first","13":"instock","14":"product-type-external"},"_links":{"self":[{"href":"https:\/\/taniabonament.pl\/telefony\/wp-json\/wp\/v2\/product\/56878","targetHints":{"allow":["GET"]}}],"collection":[{"href":"https:\/\/taniabonament.pl\/telefony\/wp-json\/wp\/v2\/product"}],"about":[{"href":"https:\/\/taniabonament.pl\/telefony\/wp-json\/wp\/v2\/types\/product"}],"replies":[{"embeddable":true,"href":"https:\/\/taniabonament.pl\/telefony\/wp-json\/wp\/v2\/comments?post=56878"}],"wp:featuredmedia":[{"embeddable":true,"href":"https:\/\/taniabonament.pl\/telefony\/wp-json\/wp\/v2\/media\/56879"}],"wp:attachment":[{"href":"https:\/\/taniabonament.pl\/telefony\/wp-json\/wp\/v2\/media?parent=56878"}],"wp:term":[{"taxonomy":"product_brand","embeddable":true,"href":"https:\/\/taniabonament.pl\/telefony\/wp-json\/wp\/v2\/product_brand?post=56878"},{"taxonomy":"product_cat","embeddable":true,"href":"https:\/\/taniabonament.pl\/telefony\/wp-json\/wp\/v2\/product_cat?post=56878"},{"taxonomy":"product_tag","embeddable":true,"href":"https:\/\/taniabonament.pl\/telefony\/wp-json\/wp\/v2\/product_tag?post=56878"}],"curies":[{"name":"wp","href":"https:\/\/api.w.org\/{rel}","templated":true}]}}