{"id":40895,"date":"2020-12-30T20:49:08","date_gmt":"2020-12-30T20:49:08","guid":{"rendered":"https:\/\/taniabonament.pl\/telefony\/produkt\/smartfon-nokia-2-3-grafitowy-3\/"},"modified":"2020-12-30T20:49:09","modified_gmt":"2020-12-30T20:49:09","slug":"smartfon-nokia-2-3-grafitowy","status":"publish","type":"product","link":"https:\/\/taniabonament.pl\/telefony\/produkt\/smartfon-nokia-2-3-grafitowy\/","title":{"rendered":"Smartfon NOKIA 2.3 Grafitowy"},"content":{"rendered":"<p>Ten telefon kupisz w bardzo dobrej cenie w sklepie <a href=\"https:\/\/converti.se\/click\/34590059-c70e8160-5f3ed3bc\/?deep_link=https%3A%2F%2Fmediamarkt.pl%2Ftelefony-i-smartfony%2Fsmartfon-nokia-2-3-grafitowy%3Futm_source%3Dtradedoublerxml%26utm_medium%3Daffiliate%26utm_term%3Dtradedoubler_xml%26utm_campaign%3Dtradedoubler_xml&#038;sid=smartfony-nokia&#038;tag6=product&#038;tag8=b0a5546c687635c02ef9bd681c0bc555&#038;tag9=Smartfon+NOKIA+2.3+Grafitowy\" rel=\"noopener\">Media Markt<\/a><\/p>\n","protected":false},"excerpt":{"rendered":"<p>Cechy: <\/p>\n<ul style='padding-left: 10px; padding-bottom: 10px;'>\n<li style='padding-top: 10px;'>Odkryj pot\u0119g\u0119 sztucznej inteligencji w smartfonie Nokia 2.3\n<li style='padding-top: 10px;'>Dzia\u0142a on nawet 2 dni dzi\u0119ki technologii adaptacyjnej baterii, robi fantastyczne zdj\u0119cia przy wykorzystaniu sztucznej inteligencji \u2014 nawet w s\u0142abym \u015bwietle \u2014 i odblokowuje si\u0119 po jednym spojrzeniu\n<li style='padding-top: 10px;'>Wspania\u0142e historie ogl\u0105dane na imponuj\u0105cym ekranie HD+ o przek\u0105tnej 6.2 cala i proporcjach 19:9 zachwyc\u0105 Ci\u0119 realizmem\n<li style='padding-top: 10px;'>Ponadto telefon jest gotowy na system Android 10 i jego przysz\u0142e wersje, zapewniaj\u0105c uaktualnienia oprogramowania przez 2 lata oraz comiesi\u0119czne aktualizacje zabezpiecze\u0144 przez 3 lata.Korzy\u015bci: Du\u017cyekran HD+ o przek\u0105tnej 6.2 cala i proporcjach 19:9 zachwyci Ci\u0119 realizmem wy\u015bwietlanych tre\u015bci Czterordzeniowy procesor MediaTek Helio A22gwarantuje efektywn\u0105 prac\u0119 wszystkich funkcji urz\u0105dzenia Miejsce na potrzebne dane znajdziesz w pami\u0119ci wewn\u0119trznej 32 GB Korzystaj\u0105c z aparatu tylnego z dwiema matrycami o rozdzielczo\u015bci 13 Mpix i 2 Mpix oraz funkcji sztucznej inteligencji, z \u0142atwo\u015bci\u0105 uwolnisz drzemi\u0105cego w sobie fotografa Przedni aparat 5 Mpix pozwoli Ci zrobi\u0107 perfekcyjne selfie Szybk\u0105 \u0142\u0105czno\u015b\u0107 z internetem osi\u0105gniesz dzi\u0119ki technologii LTE kat\n<li style='padding-top: 10px;'>4 Smartfon jako nawigacja dzi\u0119ki modu\u0142owi GPS Obs\u0142uga dw\u00f3ch kart SIM Biometryczne rozpoznawanie twarzydo szybkiego i bezpiecznego odblokowywania telefonu System Android 9 Pie jest szybki, wydajny, a przy tym \u0142atwy i intuicyjny w u\u017cyciu&#8230;<\/ul>\n<p style='padding: 10px; font-weight: bold; background-color: aliceblue;'>Dost\u0119pno\u015b\u0107:<\/p>\n<p><img src='https:\/\/taniabonament.pl\/telefony\/wp-content\/uploads\/sklepylogo\/mediamarkt-logo.png' style='padding-top: 15px; padding-left: 48px;' alt='Media Markt sklep' \/><\/p>\n","protected":false},"featured_media":48474,"comment_status":"closed","ping_status":"open","template":"","meta":[],"product_brand":[],"product_cat":[197],"product_tag":[],"class_list":{"0":"post-40895","1":"product","2":"type-product","3":"status-publish","6":"product_cat-nokia","7":"pa_producent-nokia","8":"pa_sklep-media-markt","10":"first","11":"instock","12":"product-type-external"},"_links":{"self":[{"href":"https:\/\/taniabonament.pl\/telefony\/wp-json\/wp\/v2\/product\/40895","targetHints":{"allow":["GET"]}}],"collection":[{"href":"https:\/\/taniabonament.pl\/telefony\/wp-json\/wp\/v2\/product"}],"about":[{"href":"https:\/\/taniabonament.pl\/telefony\/wp-json\/wp\/v2\/types\/product"}],"replies":[{"embeddable":true,"href":"https:\/\/taniabonament.pl\/telefony\/wp-json\/wp\/v2\/comments?post=40895"}],"wp:featuredmedia":[{"embeddable":true,"href":"https:\/\/taniabonament.pl\/telefony\/wp-json\/wp\/v2\/media\/48474"}],"wp:attachment":[{"href":"https:\/\/taniabonament.pl\/telefony\/wp-json\/wp\/v2\/media?parent=40895"}],"wp:term":[{"taxonomy":"product_brand","embeddable":true,"href":"https:\/\/taniabonament.pl\/telefony\/wp-json\/wp\/v2\/product_brand?post=40895"},{"taxonomy":"product_cat","embeddable":true,"href":"https:\/\/taniabonament.pl\/telefony\/wp-json\/wp\/v2\/product_cat?post=40895"},{"taxonomy":"product_tag","embeddable":true,"href":"https:\/\/taniabonament.pl\/telefony\/wp-json\/wp\/v2\/product_tag?post=40895"}],"curies":[{"name":"wp","href":"https:\/\/api.w.org\/{rel}","templated":true}]}}