{"id":40847,"date":"2020-12-30T20:48:57","date_gmt":"2020-12-30T20:48:57","guid":{"rendered":"https:\/\/taniabonament.pl\/telefony\/produkt\/smartfon-nokia-6-2-dual-sim-4-64gb-czarny\/"},"modified":"2020-12-30T20:49:03","modified_gmt":"2020-12-30T20:49:03","slug":"smartfon-nokia-6-2-dual-sim-4-64gb-czarny","status":"publish","type":"product","link":"https:\/\/taniabonament.pl\/telefony\/produkt\/smartfon-nokia-6-2-dual-sim-4-64gb-czarny\/","title":{"rendered":"Smartfon NOKIA 6.2 Dual Sim 4\/64GB Czarny"},"content":{"rendered":"<p>Ten telefon kupisz w bardzo dobrej cenie w sklepie <a href=\"https:\/\/converti.se\/click\/34590059-c70e8160-5f3fd0bc\/?deep_link=https%3A%2F%2Fwww.mediaexpert.pl%2Fsmartfony-i-zegarki%2Fsmartfony%2Fsmartfon-nokia-6-2-dual-sim-4-64gb-black%3Futm_source%3DJjakisty3m8p%26utm_medium%3DXML%26utm_content%3D556990%26utm_campaign%3D2020-11%26utm_term%3DSmartfony&#038;sid=smartfony-nokia&#038;tag6=product&#038;tag8=8d791516ff16d931ea03e8245299f348&#038;tag9=Smartfon+NOKIA+6.2+Dual+Sim+4%2F64GB+Czarny\" rel=\"noopener\">MediaExpert<\/a><\/p>\n","protected":false},"excerpt":{"rendered":"<p>Cechy: <\/p>\n<ul style='padding-left: 10px; padding-bottom: 10px;'>\n<li style='padding-top: 10px;'>W pe\u0142ni zanurz si\u0119 w ogl\u0105danych filmach dzi\u0119ki technologii PureDisplay, dost\u0119pnej wy\u0142\u0105cznie w smartfonach Nokia\n<li style='padding-top: 10px;'>Ca\u0142y materia\u0142 wideo jest przekszta\u0142cany w czasie rzeczywistym na format HDR (szeroki zakres dynamiki), kt\u00f3ry zapewnia \u017cywsze kolory i wyra\u017aniejszy obraz\n<li style='padding-top: 10px;'>Ponadto imponuj\u0105cy ekran Full HD+ o przek\u0105tnej 6,3 cala sprawia, \u017ce ka\u017cda sekunda zachwyca\n<li style='padding-top: 10px;'>Masz ju\u017c do\u015b\u0107 codziennego wyczerpywania si\u0119 baterii? Nokia 6.2 eliminuje ten problem\n<li style='padding-top: 10px;'>Mo\u017cesz nie korzysta\u0107 z \u0142adowarki przez ca\u0142e dwa dni1 za spraw\u0105 wydajnego procesora Qualcomm\u00ae Snapdragon\u2122 636 i baterii o pojemno\u015bci 3500 mAh2\n<li style='padding-top: 10px;'>Ponadto wspomagana przez sztuczn\u0105 inteligencj\u0119 funkcja adaptacyjnej baterii sprawia, \u017ce energi\u0119 w pierwszej kolejno\u015bci otrzymuj\u0105 najcz\u0119\u015bciej u\u017cywane aplikacje\n<li style='padding-top: 10px;'>Zainspirowany fi\u0144skim wzornictwem telefon Nokia 6.2 stanowi idealne po\u0142\u0105czenie kunsztu i wysokiej jako\u015bci materia\u0142\u00f3w\n<li style='padding-top: 10px;'>Ka\u017cdy jego szczeg\u00f3\u0142 jest rezultatem \u015bwiadomego wyboru, a otrzymana w ten spos\u00f3b konstrukcja cechuje si\u0119 zar\u00f3wno stylowym, ponadczasowym wygl\u0105dem, jak i trwa\u0142o\u015bci\u0105\n<li style='padding-top: 10px;'>Smartfon, kt\u00f3ry z czasem staje si\u0119 coraz lepszy\n<li style='padding-top: 10px;'>Najnowsze \u015brodowisko Android 9 Pie daje pewno\u015b\u0107, \u017ce przez 2 lata b\u0119dziesz otrzymywa\u0107 uaktualnienia systemu Android, a przez 3 lata \u2014 aktualizacje zabezpiecze\u0144\n<li style='padding-top: 10px;'>Przycisk us\u0142ugi Google Assistant3 to ogromna pomoc w dynamicznym trybie \u017cycia\n<li style='padding-top: 10px;'>Umo\u017cliwia zadawanie pyta\u0144, wy\u015bwietlanie harmonogramu, a nawet przyciemnianie \u015bwiat\u0142a\n<li style='padding-top: 10px;'>Ponadto z ka\u017cdym u\u017cyciem asystent coraz lepiej Ci\u0119 poznaje, dzi\u0119ki czemu mo\u017cesz bardziej cieszy\u0107 si\u0119 \u017cyciem, sp\u0119dzaj\u0105c mniej czasu z telefonem\n<li style='padding-top: 10px;'>Nokia 6.2 zapewnia nowy poziom wra\u017ce\u0144 wizualnych\n<li style='padding-top: 10px;'>Ogl\u0105daj filmy w trybie HDR dzi\u0119ki technologii PureDisplay\n<li style='padding-top: 10px;'>Wyzw\u00f3l energi\u0119 tw\u00f3rcz\u0105 podczas robienia zdj\u0119\u0107, korzystaj\u0105c z uk\u0142adu trzech aparat\u00f3w i zaawansowanych funkcji fotograficznych opartych na sztucznej inteligencji\n<li style='padding-top: 10px;'>A wszystko to dzia\u0142a p\u0142ynnie w systemie Android 9 Pie \u2014 dzi\u0119ki czemu telefon wci\u0105\u017c staje si\u0119 lepszy.<\/ul>\n<p style='padding: 10px; font-weight: bold; background-color: aliceblue;'>Dost\u0119pno\u015b\u0107:<\/p>\n<p><img src='https:\/\/taniabonament.pl\/telefony\/wp-content\/uploads\/sklepylogo\/mediaexpert-logo.png' style='padding-top: 15px; padding-left: 48px;' alt='MediaExpert sklep' \/><\/p>\n","protected":false},"featured_media":48462,"comment_status":"closed","ping_status":"open","template":"","meta":[],"product_brand":[],"product_cat":[197],"product_tag":[],"class_list":{"0":"post-40847","1":"product","2":"type-product","3":"status-publish","6":"product_cat-nokia","7":"pa_model-6-2","8":"pa_producent-nokia","9":"pa_sklep-mediaexpert","11":"first","12":"instock","13":"product-type-external"},"_links":{"self":[{"href":"https:\/\/taniabonament.pl\/telefony\/wp-json\/wp\/v2\/product\/40847","targetHints":{"allow":["GET"]}}],"collection":[{"href":"https:\/\/taniabonament.pl\/telefony\/wp-json\/wp\/v2\/product"}],"about":[{"href":"https:\/\/taniabonament.pl\/telefony\/wp-json\/wp\/v2\/types\/product"}],"replies":[{"embeddable":true,"href":"https:\/\/taniabonament.pl\/telefony\/wp-json\/wp\/v2\/comments?post=40847"}],"wp:featuredmedia":[{"embeddable":true,"href":"https:\/\/taniabonament.pl\/telefony\/wp-json\/wp\/v2\/media\/48462"}],"wp:attachment":[{"href":"https:\/\/taniabonament.pl\/telefony\/wp-json\/wp\/v2\/media?parent=40847"}],"wp:term":[{"taxonomy":"product_brand","embeddable":true,"href":"https:\/\/taniabonament.pl\/telefony\/wp-json\/wp\/v2\/product_brand?post=40847"},{"taxonomy":"product_cat","embeddable":true,"href":"https:\/\/taniabonament.pl\/telefony\/wp-json\/wp\/v2\/product_cat?post=40847"},{"taxonomy":"product_tag","embeddable":true,"href":"https:\/\/taniabonament.pl\/telefony\/wp-json\/wp\/v2\/product_tag?post=40847"}],"curies":[{"name":"wp","href":"https:\/\/api.w.org\/{rel}","templated":true}]}}