{"id":39807,"date":"2021-01-27T12:05:27","date_gmt":"2021-01-27T12:05:27","guid":{"rendered":"https:\/\/taniabonament.pl\/telefony\/produkt\/smartfon-doogee-s60-lite-czarny-3\/"},"modified":"2021-01-27T12:05:28","modified_gmt":"2021-01-27T12:05:28","slug":"smartfon-doogee-s60-lite-czarny","status":"publish","type":"product","link":"https:\/\/taniabonament.pl\/telefony\/produkt\/smartfon-doogee-s60-lite-czarny\/","title":{"rendered":"Smartfon DOOGEE S60 Lite Czarny"},"content":{"rendered":"<p>Ten smartfon kupisz w dobrej cenie w sklepie <a href=\"https:\/\/converti.se\/click\/34590059-c70e8160-5f3ed3bc\/?deep_link=https%3A%2F%2Fmediamarkt.pl%2Ftelefony-i-smartfony%2Fsmartfon-doogee-s60-lite-czarny%3Futm_source%3Dtradedoublerxml%26utm_medium%3Daffiliate%26utm_term%3Dtradedoubler_xml%26utm_campaign%3Dtradedoubler_xml&#038;sid=smartfony-doogee&#038;tag6=product&#038;tag8=9109f18f3babaf739319a7e1a6bbaac1&#038;tag9=Smartfon+DOOGEE+S60+Lite+Czarny\" rel=\"noopener\">Media Markt<\/a><\/p>\n","protected":false},"excerpt":{"rendered":"<h4>W poszukiwaniu taniego <strong>nowego smartfona DooGee<\/strong>? <\/h4>\n<p style='padding: 17px 0px;'><span style='color: #fff; background-color: yellowgreen; padding: 2px 7px;border-left: 13px solid #000000;'>promocja &#8211; <\/span><\/p>\n<p style='padding-top: 10px;'>Smartfon DOOGEE S60 Lite, cechy i zalety: <\/p>\n<ul style='padding-left: 45px; padding-bottom: 10px;'>\n<li style='padding-top: 10px;'> Obudowa S60 Lite wykonana zosta\u0142a z aluminium i poliw\u0119glanu, dzi\u0119ki czemu jest bardzo wytrzyma\u0142a<\/li>\n<li style='padding-top: 10px;'> Matryca chroniona jest przez szk\u0142o Corning Gorilla Glass 5<\/li>\n<li style='padding-top: 10px;'><strong>0 Nougat jest szybki, wydajny, a przy tym \u0142atwy i intuicyjny w u\u017cyciu Obs\u0142uga dw\u00f3ch kart SIM Technologia szybkiego \u0142adowania<\/strong><\/li>\n<li style='padding-top: 10px;'>Smartfon DOOGEE S60 Lite.  Korzy\u015bci: Obudowa wykonana z aluminium i poliw\u0119glanu Wy\u015bwietlacz chroniony szk\u0142em Corning Gorilla Glass 5 Wodoodporno\u015b\u0107 i py\u0142oszczelno\u015b\u0107 IP68 O\u015bmiordzeniowy procesor 1<\/li>\n<li style='padding-top: 10px;'>2&#8243; w rozdzielczo\u015bci 1920 x 1080 32 GB pami\u0119ci wewn\u0119trznej pozwoli zapisa\u0107 potrzebne aplikacje, zdj\u0119cia i filmy Mo\u017cliwo\u015b\u0107 rozszerzenia pami\u0119ci pomoc\u0105 karty microSD do 128 GB R\u00f3b selfie za pomoc\u0105 przedniego aparatu 8 Mpix z lamp\u0105 b\u0142yskow\u0105 Doskona\u0142\u0105 jako\u015b\u0107 zdj\u0119\u0107 zapewni podw\u00f3jny tylny aparat z matrycami 16 Mpix Szybk\u0105 \u0142\u0105czno\u015b\u0107 z internetem osi\u0105gniesz dzi\u0119ki technologii LTE Smartfon jako nawigacja dzi\u0119ki modu\u0142owi GPS Android 7<\/li>\n<li style='padding-top: 10px;'> Aparatem o matrycy 16 Mpx mo\u017cna wykona\u0107 zdj\u0119cia pod wod\u0105 (IP68), natomiast d\u0142ugi czas pracy zapewni akumulator o pojemno\u015bci 5580 mAh z funkcj\u0105 szybkiego \u0142adowania<\/li>\n<li style='padding-top: 10px;'>5 GHz zapewnia szybkie i stabilne dzia\u0142anie \u015awietne odwzorowanie kolor\u00f3w i ostry obraz zapewni ekran Full HD 5<\/li>\n<li style='padding-top: 10px;'> Doogee S60 Lite zosta\u0142 wyposa\u017cony w 5,2-calowy wy\u015bwietlacz o rozdzielczo\u015bci Full HD<\/li>\n<li style='padding-top: 10px;'> Wysok\u0105 wydajno\u015b\u0107 urz\u0105dzenia zapewnia o\u015bmiordzeniowy procesor taktowany zegarem 1,5 GHz i a\u017c 4 GB pami\u0119ci RAM<\/li>\n<\/ul>\n<p style='padding: 10px; font-weight: bold; background-color: aliceblue;'>Dost\u0119pno\u015b\u0107:<\/p>\n<p><img src='https:\/\/taniabonament.pl\/telefony\/wp-content\/uploads\/sklepylogo\/mediamarkt-logo.png' style='padding-top: 15px; padding-left: 48px;' alt='Media Markt sklep' \/><\/p>\n","protected":false},"featured_media":53697,"comment_status":"closed","ping_status":"open","template":"","meta":[],"product_brand":[],"product_cat":[265],"product_tag":[],"class_list":{"0":"post-39807","1":"product","2":"type-product","3":"status-publish","6":"product_cat-doogee","7":"pa_producent-doogee","8":"pa_sklep-media-markt","10":"first","11":"instock","12":"product-type-external"},"_links":{"self":[{"href":"https:\/\/taniabonament.pl\/telefony\/wp-json\/wp\/v2\/product\/39807","targetHints":{"allow":["GET"]}}],"collection":[{"href":"https:\/\/taniabonament.pl\/telefony\/wp-json\/wp\/v2\/product"}],"about":[{"href":"https:\/\/taniabonament.pl\/telefony\/wp-json\/wp\/v2\/types\/product"}],"replies":[{"embeddable":true,"href":"https:\/\/taniabonament.pl\/telefony\/wp-json\/wp\/v2\/comments?post=39807"}],"wp:featuredmedia":[{"embeddable":true,"href":"https:\/\/taniabonament.pl\/telefony\/wp-json\/wp\/v2\/media\/53697"}],"wp:attachment":[{"href":"https:\/\/taniabonament.pl\/telefony\/wp-json\/wp\/v2\/media?parent=39807"}],"wp:term":[{"taxonomy":"product_brand","embeddable":true,"href":"https:\/\/taniabonament.pl\/telefony\/wp-json\/wp\/v2\/product_brand?post=39807"},{"taxonomy":"product_cat","embeddable":true,"href":"https:\/\/taniabonament.pl\/telefony\/wp-json\/wp\/v2\/product_cat?post=39807"},{"taxonomy":"product_tag","embeddable":true,"href":"https:\/\/taniabonament.pl\/telefony\/wp-json\/wp\/v2\/product_tag?post=39807"}],"curies":[{"name":"wp","href":"https:\/\/api.w.org\/{rel}","templated":true}]}}