{"id":28931,"date":"2025-01-10T15:12:19","date_gmt":"2025-01-10T14:12:19","guid":{"rendered":"https:\/\/taniabonament.pl\/smartwatch\/tracer-smartwatch-sm8v-onyx\/"},"modified":"2025-01-10T15:12:19","modified_gmt":"2025-01-10T14:12:19","slug":"tracer-smartwatch-sm8v-onyx","status":"publish","type":"product","link":"https:\/\/taniabonament.pl\/smartwatch\/tracer-smartwatch-sm8v-onyx\/","title":{"rendered":"Tracer Smartwatch SM8V onyx"},"content":{"rendered":"<p>&nbsp;<\/p>\n<h2>Przedstawiamy wyj\u0105tkowy Smartwatch marki <\/h2>\n<p>CENA BEZ PROMOCJI: 169.0 PLN<\/p>\n<p>najni\u017csza cena z ostatnich 30 dni: 169.0 PLN<\/p>\n<div style=\"font-weight: bold; font-size: 18px;\">\n<p>UWAGA <span style=\"color: red;\">MAMY RABATY, SPRAWD\u0179 PONI\u017bEJ!<\/span><\/p>\n<p>Gdzie kupisz ten model? Prezentowany <a style=\"color: red;\" href=\"https:\/\/taniabonament.pl\/smartwatch\/\">Smartwatch<\/a> dost\u0119pny jest w Komputronik.pl. Kliknij i przejd\u017a do sklepu gdzie ten zegarek jest dost\u0119pny online. Dzisiaj kupisz go w atrakcyjnej cenie. Dodatkowo w sklepie gdzie jest oferowany poznasz wszystkie funkcje tego zegarka oraz dost\u0119pne promocje na ten nowoczesny zegarek:<\/p>\n<p><span style=\"color: #fff; background-color: #000000; padding: 1px 7px;\"><strong><\/strong><\/span><strong><span style=\"margin-left: 5px; color: #fff; background-color: red; padding: 1px 7px;\">169.0 PLN<\/span><\/strong><\/p>\n<\/div>\n<h2>Smartwatch <\/h2>\n<div style=\"font-weight: bold; font-size: 18px;\">\n<p>Model Tracer Smartwatch SM8V onyx:<\/p>\n<p>&nbsp;<\/p>\n<\/div>\n<p style=\"text-align: center; padding-bottom: 15px;\"><a style=\"color: #fff; font-size: 22px; background-color: #e4144d; padding: 9px 17px; border-radius: 7px; text-decoration: underline;\" href=\"https:\/\/converti.se\/click\/34590059-c70e8160-5f3ad4bf\/?deep_link=https%3A%2F%2Fwww.komputronik.pl%2Fproduct%2F910742%2Fzegarek-smartwatch-tracer-smartwatch-sm8v-onyx.html&#038;tag6=product&#038;tag8=b4171bf2383b571b2be8429998ce193f&#038;tag9=Tracer+Smartwatch+SM8V+onyx\" target=\"_blank\" rel=\"nofollow noopener\">Wi\u0119cej szczeg\u00f3\u0142\u00f3w<\/a> <span style=\"font-size: 22px; padding-left: 10px;\"><\/span><\/p>\n<p>&nbsp;<\/p>\n","protected":false},"excerpt":{"rendered":"<p><span style='background-color: #000000; color: #fff; padding: 2px 7px;'>Cechy i zalety: <\/span> <\/p>\n<ul style='padding-left: 10px; padding-bottom: 10px;'>\n<li style='padding-top: 10px;'>Tracer Smartwatch SM8V onyx &#8211; \u2714\ufe0f \u015awietne ceny, \u2714\ufe0f zakupy na raty, \u2714\ufe0f opinie, \u2714\ufe0f specyfikacja, \u2714\ufe0f darmowa dostawa i odbi\u00f3r w sklepach Komputronik!<\/ul>\n<h3>Smartwatch jest <span style='color: red;'>dost\u0119pny<\/span><\/h3>\n","protected":false},"featured_media":28932,"comment_status":"closed","ping_status":"open","template":"","meta":[],"product_cat":[],"product_tag":[],"class_list":{"0":"post-28931","1":"product","2":"type-product","3":"status-publish","6":"pa_sklep-komputronik-pl","7":"pa_typ-telefony-i-smartwatche-smartwatche-i-zegarki","9":"first","10":"instock","11":"product-type-external"},"_links":{"self":[{"href":"https:\/\/taniabonament.pl\/smartwatch\/wp-json\/wp\/v2\/product\/28931","targetHints":{"allow":["GET"]}}],"collection":[{"href":"https:\/\/taniabonament.pl\/smartwatch\/wp-json\/wp\/v2\/product"}],"about":[{"href":"https:\/\/taniabonament.pl\/smartwatch\/wp-json\/wp\/v2\/types\/product"}],"replies":[{"embeddable":true,"href":"https:\/\/taniabonament.pl\/smartwatch\/wp-json\/wp\/v2\/comments?post=28931"}],"wp:featuredmedia":[{"embeddable":true,"href":"https:\/\/taniabonament.pl\/smartwatch\/wp-json\/wp\/v2\/media\/28932"}],"wp:attachment":[{"href":"https:\/\/taniabonament.pl\/smartwatch\/wp-json\/wp\/v2\/media?parent=28931"}],"wp:term":[{"taxonomy":"product_cat","embeddable":true,"href":"https:\/\/taniabonament.pl\/smartwatch\/wp-json\/wp\/v2\/product_cat?post=28931"},{"taxonomy":"product_tag","embeddable":true,"href":"https:\/\/taniabonament.pl\/smartwatch\/wp-json\/wp\/v2\/product_tag?post=28931"}],"curies":[{"name":"wp","href":"https:\/\/api.w.org\/{rel}","templated":true}]}}