{"id":28909,"date":"2025-01-10T15:12:05","date_gmt":"2025-01-10T14:12:05","guid":{"rendered":"https:\/\/taniabonament.pl\/smartwatch\/vtech-smartwatch-kidizoom-dx2-w-kolorze-fioletowym-5-rozmiar-onesize\/"},"modified":"2025-01-10T15:12:05","modified_gmt":"2025-01-10T14:12:05","slug":"vtech-smartwatch-kidizoom-dx2-w-kolorze-fioletowym-5-rozmiar-onesize","status":"publish","type":"product","link":"https:\/\/taniabonament.pl\/smartwatch\/vtech-smartwatch-kidizoom-dx2-w-kolorze-fioletowym-5-rozmiar-onesize\/","title":{"rendered":"vtech Smartwatch &#8222;Kidizoom DX2&#8221; w kolorze fioletowym &#8211; 5+ rozmiar: onesize"},"content":{"rendered":"<p>&nbsp;<\/p>\n<h2>Przedstawiamy wyj\u0105tkowy Smartwatch marki vtech<\/h2>\n<p>CENA BEZ PROMOCJI: 225.95 PLN<\/p>\n<p>najni\u017csza cena z ostatnich 30 dni: 225.95 PLN<\/p>\n<div style=\"font-weight: bold; font-size: 18px;\">\n<p>UWAGA <span style=\"color: red;\">MAMY RABATY, SPRAWD\u0179 PONI\u017bEJ!<\/span><\/p>\n<p>Gdzie kupisz ten model? Prezentowany <a style=\"color: red;\" href=\"https:\/\/taniabonament.pl\/smartwatch\/\">Smartwatch<\/a> dost\u0119pny jest w Limango.pl. Kliknij i przejd\u017a do sklepu gdzie ten zegarek jest dost\u0119pny online. Dzisiaj kupisz go w atrakcyjnej cenie. Dodatkowo w sklepie gdzie jest oferowany poznasz wszystkie funkcje tego zegarka oraz dost\u0119pne promocje na ten nowoczesny zegarek:<\/p>\n<p><span style=\"color: #fff; background-color: #000000; padding: 1px 7px;\"><strong>vtech<\/strong><\/span><strong><span style=\"margin-left: 5px; color: #fff; background-color: red; padding: 1px 7px;\">225.95 PLN<\/span><\/strong><\/p>\n<\/div>\n<h2>Smartwatch vtech<\/h2>\n<div style=\"font-weight: bold; font-size: 18px;\">\n<p>Model vtech Smartwatch &#8222;Kidizoom DX2&#8221; w kolorze fioletowym &#8211; 5+ rozmiar: onesize:<\/p>\n<p>&nbsp;<\/p>\n<\/div>\n<p style=\"text-align: center; padding-bottom: 15px;\"><a style=\"color: #fff; font-size: 22px; background-color: #e4144d; padding: 9px 17px; border-radius: 7px; text-decoration: underline;\" href=\"https:\/\/converti.se\/click\/34590059-c70e8160-5f3ed1b8\/?deep_link=https%3A%2F%2Fwww.limango.pl%2Fshop%2Fvtech%2Fsmartwatch-kidizoom-dx2-w-kolorze-fioletowym-5-2-14674344%3Fvariant%3D2_45807202%26utm_source%3Dconvertiser%26utm_medium%3Dcpc%26utm_campaign%3Dconvertiser%26w%3D1682701004%26utm_brand%3Dvtech&#038;tag6=product&#038;tag8=ccdd61bfbfdaaf50ca38dab3ac804c71&#038;tag9=vtech+Smartwatch+%22Kidizoom+DX2%22+w+kolorze+fioletowym+-+5%2B+rozmiar%3A+onesize\" target=\"_blank\" rel=\"nofollow noopener\">Wi\u0119cej szczeg\u00f3\u0142\u00f3w<\/a> <span style=\"font-size: 22px; padding-left: 10px;\"><\/span><\/p>\n<p>&nbsp;<\/p>\n","protected":false},"excerpt":{"rendered":"<p><span style='background-color: #000000; color: #fff; padding: 2px 7px;'>Cechy i zalety: <\/span> <\/p>\n<ul style='padding-left: 10px; padding-bottom: 10px;'>\n<li style='padding-top: 10px;'>&#8211; podw\u00f3jny aparat (nad wy\u015bwietlaczem i na przedniej kraw\u0119dzi zegarka) do robienia zdj\u0119\u0107, film\u00f3w i selfie- kolorowy wy\u015bwietlacz dotykowy LCD (1,41&#8243;, 128 x 128 pikseli)- 256 MB pami\u0119ci wewn\u0119trznej- czujnik ruchu- port USB- mikrofon- rozdzielczo\u015b\u0107 zdj\u0119\u0107: 0,3 MP- rozdzielczo\u015b\u0107 wideo: 320 x 240 lub 160 x 120- d\u0142ugo\u015b\u0107 wideo do 60 sekund- funkcje: zegar (cyfrowy i analogowy), robienie zdj\u0119\u0107 i nagrywanie film\u00f3w, nagrywanie g\u0142osu, budzik, 8 gier i 3 wyzwania ruchowe plus nowa gra w poszukiwanie potwor\u00f3w, minutnik i stoper, krokomierz, kalendarz, liczne zabawne efekty fotograficzne (3D), samodzielnie wykonane zdj\u0119cia mog\u0105 by\u0107 u\u017cywane jako tapety &#038; personalizowana tarcza zegara.- wi\u0119cej tre\u015bci mo\u017cna pobra\u0107 za po\u015brednictwem mened\u017cera pobierania- kontrola rodzicielska- wbudowana bateria litowo-polimerowa (\u0142adowana przez USB)- do\u0142\u0105czony kabel USB- odporny na zachlapanie- funkcja automatycznego wy\u0142\u0105czania- zalecenia wiekowe: od 5\n<li style='padding-top: 10px;'>roku \u017cyciaUwaga: Produkt nieodpowiedni dla dzieci poni\u017cej 3 lat\n<li style='padding-top: 10px;'>Ryzyko uduszenia ma\u0142ymi elementami.<\/ul>\n<h3>Smartwatch jest <span style='color: red;'>dost\u0119pny<\/span><\/h3>\n","protected":false},"featured_media":28910,"comment_status":"closed","ping_status":"open","template":"","meta":[],"product_cat":[286],"product_tag":[],"class_list":{"0":"post-28909","1":"product","2":"type-product","3":"status-publish","6":"product_cat-vtech","7":"pa_producent-vtech","8":"pa_sklep-limango-pl","9":"pa_typ-dziecko-dzieciece-urzadzenia-elektroniczne","11":"first","12":"instock","13":"product-type-external"},"_links":{"self":[{"href":"https:\/\/taniabonament.pl\/smartwatch\/wp-json\/wp\/v2\/product\/28909","targetHints":{"allow":["GET"]}}],"collection":[{"href":"https:\/\/taniabonament.pl\/smartwatch\/wp-json\/wp\/v2\/product"}],"about":[{"href":"https:\/\/taniabonament.pl\/smartwatch\/wp-json\/wp\/v2\/types\/product"}],"replies":[{"embeddable":true,"href":"https:\/\/taniabonament.pl\/smartwatch\/wp-json\/wp\/v2\/comments?post=28909"}],"wp:featuredmedia":[{"embeddable":true,"href":"https:\/\/taniabonament.pl\/smartwatch\/wp-json\/wp\/v2\/media\/28910"}],"wp:attachment":[{"href":"https:\/\/taniabonament.pl\/smartwatch\/wp-json\/wp\/v2\/media?parent=28909"}],"wp:term":[{"taxonomy":"product_cat","embeddable":true,"href":"https:\/\/taniabonament.pl\/smartwatch\/wp-json\/wp\/v2\/product_cat?post=28909"},{"taxonomy":"product_tag","embeddable":true,"href":"https:\/\/taniabonament.pl\/smartwatch\/wp-json\/wp\/v2\/product_tag?post=28909"}],"curies":[{"name":"wp","href":"https:\/\/api.w.org\/{rel}","templated":true}]}}