{"id":25108,"date":"2025-01-10T14:38:28","date_gmt":"2025-01-10T13:38:28","guid":{"rendered":"https:\/\/taniabonament.pl\/smartwatch\/zegarek-smartwatch-garmin-vivoactive-5-grey-black\/"},"modified":"2025-01-10T14:38:28","modified_gmt":"2025-01-10T13:38:28","slug":"zegarek-smartwatch-garmin-vivoactive-5-grey-black","status":"publish","type":"product","link":"https:\/\/taniabonament.pl\/smartwatch\/zegarek-smartwatch-garmin-vivoactive-5-grey-black\/","title":{"rendered":"Zegarek Smartwatch Garmin v\u00edvoactive 5 grey black"},"content":{"rendered":"<p>&nbsp;<\/p>\n<h2>Przedstawiamy wyj\u0105tkowy Smartwatch marki GARMIN<\/h2>\n<p>CENA BEZ PROMOCJI: 1299.0 PLN<\/p>\n<p>najni\u017csza cena z ostatnich 30 dni: 1299.0 PLN<\/p>\n<div style=\"font-weight: bold; font-size: 18px;\">\n<p>UWAGA <span style=\"color: red;\">MAMY RABATY, SPRAWD\u0179 PONI\u017bEJ!<\/span><\/p>\n<p>Gdzie kupisz ten model? Prezentowany <a style=\"color: red;\" href=\"https:\/\/taniabonament.pl\/smartwatch\/\">Smartwatch<\/a> dost\u0119pny jest w Decathlon.pl. Kliknij i przejd\u017a do sklepu gdzie ten zegarek jest dost\u0119pny online. Dzisiaj kupisz go w atrakcyjnej cenie. Dodatkowo w sklepie gdzie jest oferowany poznasz wszystkie funkcje tego zegarka oraz dost\u0119pne promocje na ten nowoczesny zegarek:<\/p>\n<p><span style=\"color: #fff; background-color: #000000; padding: 1px 7px;\"><strong>GARMIN<\/strong><\/span><strong><span style=\"margin-left: 5px; color: #fff; background-color: red; padding: 1px 7px;\">1299.0 PLN<\/span><\/strong><\/p>\n<\/div>\n<h2>Smartwatch GARMIN<\/h2>\n<div style=\"font-weight: bold; font-size: 18px;\">\n<p>Model Zegarek Smartwatch Garmin v\u00edvoactive 5 grey black:<\/p>\n<p>&nbsp;<\/p>\n<\/div>\n<p style=\"text-align: center; padding-bottom: 15px;\"><a style=\"color: #fff; font-size: 22px; background-color: #e4144d; padding: 9px 17px; border-radius: 7px; text-decoration: underline;\" href=\"https:\/\/converti.se\/click\/34590059-c70e8160-5f3fd1b7\/?deep_link=https%3A%2F%2Fwww.decathlon.pl%2Fp%2Fzegarek-smartwatch-garmin-vivoactive-5-grey-black%2F_%2FR-p-355950%3Fmc%3D8891574&#038;tag6=product&#038;tag8=642e9f704146582fbfec99deef43695d&#038;tag9=Zegarek+Smartwatch+Garmin+v%C3%ADvoactive+5+grey+black\" target=\"_blank\" rel=\"nofollow noopener\">Wi\u0119cej szczeg\u00f3\u0142\u00f3w<\/a> <span style=\"font-size: 22px; padding-left: 10px;\"><\/span><\/p>\n<p>&nbsp;<\/p>\n","protected":false},"excerpt":{"rendered":"<p><span style='background-color: #000000; color: #fff; padding: 2px 7px;'>Cechy i zalety: <\/span> <\/p>\n<ul style='padding-left: 10px; padding-bottom: 10px;'>\n<li style='padding-top: 10px;'>Sprawd\u017a, kim jeste\u015b, dzi\u0119ki zegarkowi v\u00edvoactive 5\n<li style='padding-top: 10px;'>Najlepszy, zawsze dost\u0119pny na nadgarstku trener, kt\u00f3ry pomo\u017ce Ci osi\u0105ga\u0107 wszystkie cele\n<li style='padding-top: 10px;'>Ponad 30 sport\u00f3w: chodzenie, bieganie, kolarstwo, HIIT, p\u0142ywanie, golf\u2026 Bezp\u0142atne adaptacyjne programy treningowe Garmin Coach\n<li style='padding-top: 10px;'>Smart Notifications, p\u0142atno\u015bci zbli\u017ceniowe Garmin Pay i muzyka\n<li style='padding-top: 10px;'>Bateria dzia\u0142aj\u0105ca do 11 dni w trybie zegarka i do 21 godzin w trybie GPS\n<li style='padding-top: 10px;'>Monitor energii Body Battery: sen, drzemki, stres i treningi.<\/ul>\n<h3>Smartwatch jest <span style='color: red;'>dost\u0119pny<\/span><\/h3>\n","protected":false},"featured_media":25109,"comment_status":"closed","ping_status":"open","template":"","meta":[],"product_cat":[19],"product_tag":[],"class_list":{"0":"post-25108","1":"product","2":"type-product","3":"status-publish","6":"product_cat-garmin","7":"pa_producent-garmin","8":"pa_sklep-decathlon-pl","9":"pa_typ-sporty-chodzenie-akcesoria-do-chodzenia-monitory-aktywnosci","11":"first","12":"instock","13":"product-type-external"},"_links":{"self":[{"href":"https:\/\/taniabonament.pl\/smartwatch\/wp-json\/wp\/v2\/product\/25108","targetHints":{"allow":["GET"]}}],"collection":[{"href":"https:\/\/taniabonament.pl\/smartwatch\/wp-json\/wp\/v2\/product"}],"about":[{"href":"https:\/\/taniabonament.pl\/smartwatch\/wp-json\/wp\/v2\/types\/product"}],"replies":[{"embeddable":true,"href":"https:\/\/taniabonament.pl\/smartwatch\/wp-json\/wp\/v2\/comments?post=25108"}],"wp:featuredmedia":[{"embeddable":true,"href":"https:\/\/taniabonament.pl\/smartwatch\/wp-json\/wp\/v2\/media\/25109"}],"wp:attachment":[{"href":"https:\/\/taniabonament.pl\/smartwatch\/wp-json\/wp\/v2\/media?parent=25108"}],"wp:term":[{"taxonomy":"product_cat","embeddable":true,"href":"https:\/\/taniabonament.pl\/smartwatch\/wp-json\/wp\/v2\/product_cat?post=25108"},{"taxonomy":"product_tag","embeddable":true,"href":"https:\/\/taniabonament.pl\/smartwatch\/wp-json\/wp\/v2\/product_tag?post=25108"}],"curies":[{"name":"wp","href":"https:\/\/api.w.org\/{rel}","templated":true}]}}