{"id":9163,"date":"2022-02-14T20:26:01","date_gmt":"2022-02-14T20:26:01","guid":{"rendered":"https:\/\/taniabonament.pl\/sluchawki\/model\/baseus-wm01-sluchawki-bezprzewodowe-dokanalowe-z-etui-ladujacym-bluetooth-5-0-w-cenie\/"},"modified":"2022-02-14T20:26:01","modified_gmt":"2022-02-14T20:26:01","slug":"baseus-wm01-sluchawki-bezprzewodowe-dokanalowe-z-etui-ladujacym-bluetooth-5-0-w-cenie","status":"publish","type":"product","link":"https:\/\/taniabonament.pl\/sluchawki\/model\/baseus-wm01-sluchawki-bezprzewodowe-dokanalowe-z-etui-ladujacym-bluetooth-5-0-w-cenie\/","title":{"rendered":"Baseus WM01 | S\u0142uchawki bezprzewodowe dokana\u0142owe z etui \u0142aduj\u0105cym Bluetooth 5.0 &#8211; w cenie"},"content":{"rendered":"<p><img decoding=\"async\" style=\"margin-right: 25px; margin-bottom: 10px; width: 220px;\" src=\"https:\/\/static.convertiser.com\/media\/product_images\/349\/2ace708e2d617737cd7c01b28457e8aa\/218ea8ad9da073a7336f1e055ee80dcdc68bdd33.jpg\" alt=\"s\u0142uchawki z mikrofonem Baseus\" align=\"left\" \/><\/p>\n<h2>S\u0142uchawki marki Baseus<\/h2>\n<p>CENA ORYGINALNA: 79.9 PLN<\/p>\n<div style=\"font-weight: bold; font-size: 18px;\">\n<p>UWAGA <span style=\"color: red;\">MAMY RABATY!<\/span><\/p>\n<p>Szczeg\u00f3\u0142owe parametry takie jak dane techniczne, promocje sprawdzisz poni\u017cej w E-baseus. Rozmawiaj wygodnie przez mikrofon podczas pracy zdalnej. Odizoluj si\u0119 od niepo\u017c\u0105danych d\u017awi\u0119k\u00f3w zewn\u0119trznych. Ciesz si\u0119 czystym brzmieniem w s\u0142uchawkach. Przejd\u017a teraz bezpo\u015brednio do z sklepu gdzie szybko zakupisz te s\u0142uchawki w korzystnej cenie.<\/p>\n<p><span style=\"color: #fff; background-color: #000000; padding: 1px 7px;\"><strong>Baseus<\/strong><\/span><strong><span style=\"margin-left: 5px; color: #fff; background-color: red; padding: 1px 7px;\">79.9 PLN<\/span><\/strong><\/p>\n<p>&nbsp;<\/p>\n<p>&nbsp;<\/p>\n<\/div>\n<p style=\"text-align: center; padding-bottom: 15px;\"><a style=\"color: #fff; font-size: 22px; background-color: #e4144d; padding: 9px 14px; border-radius: 7px; text-decoration: underline;\" href=\"https:\/\/converti.se\/click\/34590059-c70e8160-5f3bd1b8\/?deep_link=https%3A%2F%2Fe-baseus.com%2Fproduct-pol-3551-Baseus-WM01-Sluchawki-bezprzewodowe-dokanalowe-z-etui-ladujacym-Bluetooth-5-0-uniw.googleshoppingpl.html&#038;sid=sluchawki-z-mikrofonem&#038;tag6=product&#038;tag8=2ace708e2d617737cd7c01b28457e8aa&#038;tag9=Baseus+WM01+%7C+S%C5%82uchawki+bezprzewodowe+dokana%C5%82owe+z+etui+%C5%82aduj%C4%85cym+Bluetooth+5.0\" target=\"_blank\" rel=\"nofollow noopener\">Kup teraz<\/a> <span style=\"font-size: 22px; padding-left: 10px;\"><\/span><\/p>\n","protected":false},"excerpt":{"rendered":"<h3>Odpowiednie <span style='color: red;'>s\u0142uchawki<\/span> z mikrofonem? <\/h3>\n<p> Cechy i zalety: <\/p>\n<ul style='padding-left: 10px; padding-bottom: 10px;'>\n<li style='padding-top: 10px;'>Encok WM01Niezwykle lekkie i kompaktowe s\u0142uchawki.Akcesorium mo\u017ce pracowa\u0107 dzi\u0119ki wbudowanym akumulatorom do 250 godzin w trybie czuwania i oko\u0142o 5 godzin przy ci\u0105g\u0142ym, aktywnym u\u017cytkowaniu\n<li style='padding-top: 10px;'>(je\u015bli we\u017amiemy pod uwag\u0119 mo\u017cliwo\u015b\u0107 do\u0142adowania z etui, to okres aktywnego u\u017cytkowania wyd\u0142u\u017cy si\u0119 do 25 godzin).WM01\u00a0\u0142\u0105czy si\u0119 z r\u00f3\u017cnymi urz\u0105dzeniami przez Bluetooth 5.0\u00a0i dzia\u0142a w odleg\u0142o\u015bci do 10 metr\u00f3w\n<li style='padding-top: 10px;'>W zestawie otrzymujesz dodatkowe nak\u0142adki o r\u00f3\u017cnych rozmiarach oraz kabel USB typu C do \u0142adowania s\u0142uchawek.Prezentowany model zapewnia dok\u0142adne dopasowanie bez odczucia dyskomfortu.Zakres cz\u0119stotliwo\u015bci wynosi od 20 do 20000 Hz\n<li style='padding-top: 10px;'>Etui do przechowywania i \u0142adowania s\u0142uchawek jest wyposa\u017cone we wbudowany akumulator 300mAh.S\u0142uchawki douszne posiadaj\u0105 cyfrow\u0105 redukcj\u0119 szum\u00f3w\n<li style='padding-top: 10px;'>Mog\u0105 by\u0107 u\u017cywane jako para lub osobno.Wbudowany mikrofon umo\u017cliwia prowadzenie rozm\u00f3w w wysokiej jako\u015bci.Czas pe\u0142nego \u0142adowania wynosi 1,5 godziny\n<li style='padding-top: 10px;'>Akcesorium zosta\u0142o wykonane z nowoczesnego tworzywa termoplastycznego ABS, co\u00a0gwarantuje niezawodno\u015b\u0107 i trwa\u0142o\u015b\u0107.S\u0142uchawki w\u0142\u0105czaj\u0105 si\u0119 automatycznie po wyj\u0119ciu ze stacji \u0142aduj\u0105cej i wy\u0142\u0105czaj\u0105 po w\u0142o\u017ceniu z powrotem do etui.Kluczow\u0105 cech\u0105 prezentowanego akcesorium jest obecno\u015b\u0107 specjalnego przycisku, dzi\u0119ki kt\u00f3remu mo\u017cemy wezwa\u0107 asystenta g\u0142osowego.Parametry:Model: Encok True Wireless Earphones WM01Kolor: r\u00f3\u017cowyMateria\u0142: ABSWersja Bluetooth: V5.0Odleg\u0142o\u015b\u0107 komunikacyjna: 10 mCzas czuwania: 250 godzinCzas muzyki: 5 godzin (70% g\u0142o\u015bno\u015bci]Czas s\u0142uchania muzyki z etui: 25 godzinPojemno\u015b\u0107 baterii:40mAh \/ 0,148 Wh (s\u0142uchawki)300mAh \/ 1,11 (etui)Czas \u0142adowania: 1,5 godzinyZakres odpowiedzi cz\u0119stotliwo\u015bci: 20Hz-20 KHz\u0141adowanie: kabel Type-CKompatybilno\u015b\u0107: Android\/iOSKod producenta: NGWM01-04Najwa\u017cniejsze zalety:Bluetooth V.5.05 godzin ci\u0105g\u0142ej muzyki25 godzin muzyki z etui \u0142aduj\u0105cymSterowanie dotykoweAsystent g\u0142osowyMembrana kompozytowa PU zapewnia wysok\u0105 jako\u015b\u0107 d\u017awi\u0119ku i bas\u00f3wAutomatyczne parowanie i \u0142\u0105czenieWygodna i kompaktowa konstrukcja dousznaKa\u017cda s\u0142uchawka mo\u017ce by\u0107 r\u00f3wnie\u017c u\u017cywana jako samodzielna jednostka do \u0142\u0105czenia si\u0119 z r\u00f3\u017cnymi urz\u0105dzeniami.D\u017awi\u0119kBaseus pracowa\u0142 nad jako\u015bci\u0105 d\u017awi\u0119ku i osi\u0105gn\u0105\u0142 imponuj\u0105ce wyniki\n<li style='padding-top: 10px;'>S\u0142uchawki s\u0105 wyposa\u017cone w d\u017awi\u0119k jako\u015bci HiFi i wysokiej jako\u015bci basy dzi\u0119ki precyzyjnej kompozytowej membranie r\u00f3wnowa\u017c\u0105cej wysokie, \u015brednie i niskie cz\u0119stotliwo\u015bci.Cyfrowa technologia tworzy imponuj\u0105ce efekty d\u017awi\u0119kowe, a technologia redukuje szumy.Technologia redukcji ha\u0142asu pomo\u017ce znacznie zmniejszy\u0107 ha\u0142as w otoczeniu i zapewni komunikacj\u0119 wysokiej jako\u015bci.Stabilne po\u0142\u0105czenie Bluetooth 5.0Dzi\u0119ki technologii Bluetooth 5.0 mo\u017cesz przesy\u0142a\u0107 strumieniowo muzyk\u0119 ze smartfon\u00f3w, tablet\u00f3w innych urz\u0105dze\u0144 muzycznych obs\u0142uguj\u0105cych technologi\u0119 Bluetooth w promieniu 10m.Bluetooth 5.0 zapewnia wysok\u0105 wydajno\u015b\u0107, stabilno\u015b\u0107 i niezawodn\u0105 transmisj\u0119, a tak\u017ce zapewnia przesy\u0142 danych bez op\u00f3\u017anie\u0144.WygodaNiezwykle lekka konstrukcja, o ulepszonym ergonomicznym kszta\u0142cie zapewnia komfort na najwy\u017cszym poziomie.Idealnie dopasowane do Twoich uszu, zapewniaj\u0105 d\u0142ugotrwa\u0142\u0105 wygod\u0119 noszenia\n<li style='padding-top: 10px;'>Lekkie i przeno\u015bne &#8211; do jazdy autobusem, biegania, wspinaczki i innych okazji.W zestawie znajduj\u0105 si\u0119 3 pracy nak\u0142adek dousznych.Dzwonienie w trybie g\u0142o\u015bnom\u00f3wi\u0105cymWbudowany mikrofon HD wysokiej rozdzielczo\u015bci zapewnia p\u0142ynn\u0105 komunikacj\u0119\n<li style='padding-top: 10px;'>Mo\u017cesz bezpiecznie prowadzi\u0107 rozmowy telefoniczne podczas jazdy, bez naruszania przepis\u00f3w ruchu drogowego.Przycisk dotykowyDotykowe przyciski steruj<\/ul>\n","protected":false},"featured_media":10019,"comment_status":"closed","ping_status":"open","template":"","meta":[],"product_cat":[74,601],"product_tag":[],"class_list":{"0":"post-9163","1":"product","2":"type-product","3":"status-publish","5":"hentry","6":"product_cat-baseus","7":"product_cat-sluchawki-z-mikrofonem","8":"pa_producent-baseus","9":"pa_sklep-e-baseus"},"yoast_head":"<!-- This site is optimized with the Yoast SEO plugin v20.9 - https:\/\/yoast.com\/wordpress\/plugins\/seo\/ -->\n<title>s\u0142uchawki z mikrofonem Baseus<\/title>\n<meta name=\"description\" content=\"S\u0142uchawki z mikrofonem. Model Baseus w atrakcyjnej cenie 79.9 PLN. Przedstawiamy s\u0142uchawki do pracy zdalnej i s\u0142uchania muzyki.\" \/>\n<meta name=\"robots\" content=\"index, follow, max-snippet:-1, max-image-preview:large, max-video-preview:-1\" \/>\n<link rel=\"canonical\" href=\"https:\/\/taniabonament.pl\/sluchawki\/model\/baseus-wm01-sluchawki-bezprzewodowe-dokanalowe-z-etui-ladujacym-bluetooth-5-0-w-cenie\/\" \/>\n<meta property=\"og:locale\" content=\"pl_PL\" \/>\n<meta property=\"og:type\" content=\"article\" \/>\n<meta property=\"og:title\" content=\"s\u0142uchawki z mikrofonem Baseus\" \/>\n<meta property=\"og:description\" content=\"S\u0142uchawki z mikrofonem. Model Baseus w atrakcyjnej cenie 79.9 PLN. Przedstawiamy s\u0142uchawki do pracy zdalnej i s\u0142uchania muzyki.\" \/>\n<meta property=\"og:url\" content=\"https:\/\/taniabonament.pl\/sluchawki\/model\/baseus-wm01-sluchawki-bezprzewodowe-dokanalowe-z-etui-ladujacym-bluetooth-5-0-w-cenie\/\" \/>\n<meta property=\"og:site_name\" content=\"TaniAbonament.pl S\u0142uchawki\" \/>\n<meta property=\"og:image\" content=\"https:\/\/taniabonament.pl\/sluchawki\/wp-content\/uploads\/2022\/02\/218ea8ad9da073a7336f1e055ee80dcdc68bdd33.jpg\" \/>\n\t<meta property=\"og:image:width\" content=\"600\" \/>\n\t<meta property=\"og:image:height\" content=\"600\" \/>\n\t<meta property=\"og:image:type\" content=\"image\/jpeg\" \/>\n<meta name=\"twitter:card\" content=\"summary_large_image\" \/>\n<script type=\"application\/ld+json\" class=\"yoast-schema-graph\">{\"@context\":\"https:\/\/schema.org\",\"@graph\":[{\"@type\":\"WebPage\",\"@id\":\"https:\/\/taniabonament.pl\/sluchawki\/model\/baseus-wm01-sluchawki-bezprzewodowe-dokanalowe-z-etui-ladujacym-bluetooth-5-0-w-cenie\/\",\"url\":\"https:\/\/taniabonament.pl\/sluchawki\/model\/baseus-wm01-sluchawki-bezprzewodowe-dokanalowe-z-etui-ladujacym-bluetooth-5-0-w-cenie\/\",\"name\":\"s\u0142uchawki z mikrofonem Baseus\",\"isPartOf\":{\"@id\":\"https:\/\/taniabonament.pl\/sluchawki\/#website\"},\"datePublished\":\"2022-02-14T20:26:01+00:00\",\"dateModified\":\"2022-02-14T20:26:01+00:00\",\"description\":\"S\u0142uchawki z mikrofonem. Model Baseus w atrakcyjnej cenie 79.9 PLN. Przedstawiamy s\u0142uchawki do pracy zdalnej i s\u0142uchania muzyki.\",\"breadcrumb\":{\"@id\":\"https:\/\/taniabonament.pl\/sluchawki\/model\/baseus-wm01-sluchawki-bezprzewodowe-dokanalowe-z-etui-ladujacym-bluetooth-5-0-w-cenie\/#breadcrumb\"},\"inLanguage\":\"pl-PL\",\"potentialAction\":[{\"@type\":\"ReadAction\",\"target\":[\"https:\/\/taniabonament.pl\/sluchawki\/model\/baseus-wm01-sluchawki-bezprzewodowe-dokanalowe-z-etui-ladujacym-bluetooth-5-0-w-cenie\/\"]}]},{\"@type\":\"BreadcrumbList\",\"@id\":\"https:\/\/taniabonament.pl\/sluchawki\/model\/baseus-wm01-sluchawki-bezprzewodowe-dokanalowe-z-etui-ladujacym-bluetooth-5-0-w-cenie\/#breadcrumb\",\"itemListElement\":[{\"@type\":\"ListItem\",\"position\":1,\"name\":\"Strona g\u0142\u00f3wna\",\"item\":\"https:\/\/taniabonament.pl\/sluchawki\/\"},{\"@type\":\"ListItem\",\"position\":2,\"name\":\"Sklep\",\"item\":\"https:\/\/taniabonament.pl\/sluchawki\/\"},{\"@type\":\"ListItem\",\"position\":3,\"name\":\"Baseus WM01 | S\u0142uchawki bezprzewodowe dokana\u0142owe z etui \u0142aduj\u0105cym Bluetooth 5.0 &#8211; w cenie\"}]},{\"@type\":\"WebSite\",\"@id\":\"https:\/\/taniabonament.pl\/sluchawki\/#website\",\"url\":\"https:\/\/taniabonament.pl\/sluchawki\/\",\"name\":\"TaniAbonament.pl S\u0142uchawki\",\"description\":\"\u015bwiat s\u0142uchawek idealnych do pracy zdalnej\",\"potentialAction\":[{\"@type\":\"SearchAction\",\"target\":{\"@type\":\"EntryPoint\",\"urlTemplate\":\"https:\/\/taniabonament.pl\/sluchawki\/?s={search_term_string}\"},\"query-input\":\"required name=search_term_string\"}],\"inLanguage\":\"pl-PL\"}]}<\/script>\n<!-- \/ Yoast SEO plugin. -->","yoast_head_json":{"title":"s\u0142uchawki z mikrofonem Baseus","description":"S\u0142uchawki z mikrofonem. Model Baseus w atrakcyjnej cenie 79.9 PLN. Przedstawiamy s\u0142uchawki do pracy zdalnej i s\u0142uchania muzyki.","robots":{"index":"index","follow":"follow","max-snippet":"max-snippet:-1","max-image-preview":"max-image-preview:large","max-video-preview":"max-video-preview:-1"},"canonical":"https:\/\/taniabonament.pl\/sluchawki\/model\/baseus-wm01-sluchawki-bezprzewodowe-dokanalowe-z-etui-ladujacym-bluetooth-5-0-w-cenie\/","og_locale":"pl_PL","og_type":"article","og_title":"s\u0142uchawki z mikrofonem Baseus","og_description":"S\u0142uchawki z mikrofonem. Model Baseus w atrakcyjnej cenie 79.9 PLN. Przedstawiamy s\u0142uchawki do pracy zdalnej i s\u0142uchania muzyki.","og_url":"https:\/\/taniabonament.pl\/sluchawki\/model\/baseus-wm01-sluchawki-bezprzewodowe-dokanalowe-z-etui-ladujacym-bluetooth-5-0-w-cenie\/","og_site_name":"TaniAbonament.pl S\u0142uchawki","og_image":[{"width":600,"height":600,"url":"https:\/\/taniabonament.pl\/sluchawki\/wp-content\/uploads\/2022\/02\/218ea8ad9da073a7336f1e055ee80dcdc68bdd33.jpg","type":"image\/jpeg"}],"twitter_card":"summary_large_image","schema":{"@context":"https:\/\/schema.org","@graph":[{"@type":"WebPage","@id":"https:\/\/taniabonament.pl\/sluchawki\/model\/baseus-wm01-sluchawki-bezprzewodowe-dokanalowe-z-etui-ladujacym-bluetooth-5-0-w-cenie\/","url":"https:\/\/taniabonament.pl\/sluchawki\/model\/baseus-wm01-sluchawki-bezprzewodowe-dokanalowe-z-etui-ladujacym-bluetooth-5-0-w-cenie\/","name":"s\u0142uchawki z mikrofonem Baseus","isPartOf":{"@id":"https:\/\/taniabonament.pl\/sluchawki\/#website"},"datePublished":"2022-02-14T20:26:01+00:00","dateModified":"2022-02-14T20:26:01+00:00","description":"S\u0142uchawki z mikrofonem. Model Baseus w atrakcyjnej cenie 79.9 PLN. Przedstawiamy s\u0142uchawki do pracy zdalnej i s\u0142uchania muzyki.","breadcrumb":{"@id":"https:\/\/taniabonament.pl\/sluchawki\/model\/baseus-wm01-sluchawki-bezprzewodowe-dokanalowe-z-etui-ladujacym-bluetooth-5-0-w-cenie\/#breadcrumb"},"inLanguage":"pl-PL","potentialAction":[{"@type":"ReadAction","target":["https:\/\/taniabonament.pl\/sluchawki\/model\/baseus-wm01-sluchawki-bezprzewodowe-dokanalowe-z-etui-ladujacym-bluetooth-5-0-w-cenie\/"]}]},{"@type":"BreadcrumbList","@id":"https:\/\/taniabonament.pl\/sluchawki\/model\/baseus-wm01-sluchawki-bezprzewodowe-dokanalowe-z-etui-ladujacym-bluetooth-5-0-w-cenie\/#breadcrumb","itemListElement":[{"@type":"ListItem","position":1,"name":"Strona g\u0142\u00f3wna","item":"https:\/\/taniabonament.pl\/sluchawki\/"},{"@type":"ListItem","position":2,"name":"Sklep","item":"https:\/\/taniabonament.pl\/sluchawki\/"},{"@type":"ListItem","position":3,"name":"Baseus WM01 | S\u0142uchawki bezprzewodowe dokana\u0142owe z etui \u0142aduj\u0105cym Bluetooth 5.0 &#8211; w cenie"}]},{"@type":"WebSite","@id":"https:\/\/taniabonament.pl\/sluchawki\/#website","url":"https:\/\/taniabonament.pl\/sluchawki\/","name":"TaniAbonament.pl S\u0142uchawki","description":"\u015bwiat s\u0142uchawek idealnych do pracy zdalnej","potentialAction":[{"@type":"SearchAction","target":{"@type":"EntryPoint","urlTemplate":"https:\/\/taniabonament.pl\/sluchawki\/?s={search_term_string}"},"query-input":"required name=search_term_string"}],"inLanguage":"pl-PL"}]}},"_links":{"self":[{"href":"https:\/\/taniabonament.pl\/sluchawki\/wp-json\/wp\/v2\/product\/9163","targetHints":{"allow":["GET"]}}],"collection":[{"href":"https:\/\/taniabonament.pl\/sluchawki\/wp-json\/wp\/v2\/product"}],"about":[{"href":"https:\/\/taniabonament.pl\/sluchawki\/wp-json\/wp\/v2\/types\/product"}],"replies":[{"embeddable":true,"href":"https:\/\/taniabonament.pl\/sluchawki\/wp-json\/wp\/v2\/comments?post=9163"}],"wp:featuredmedia":[{"embeddable":true,"href":"https:\/\/taniabonament.pl\/sluchawki\/wp-json\/wp\/v2\/media\/10019"}],"wp:attachment":[{"href":"https:\/\/taniabonament.pl\/sluchawki\/wp-json\/wp\/v2\/media?parent=9163"}],"wp:term":[{"taxonomy":"product_cat","embeddable":true,"href":"https:\/\/taniabonament.pl\/sluchawki\/wp-json\/wp\/v2\/product_cat?post=9163"},{"taxonomy":"product_tag","embeddable":true,"href":"https:\/\/taniabonament.pl\/sluchawki\/wp-json\/wp\/v2\/product_tag?post=9163"}],"curies":[{"name":"wp","href":"https:\/\/api.w.org\/{rel}","templated":true}]}}