{"id":11350,"date":"2022-09-10T06:29:49","date_gmt":"2022-09-10T06:29:49","guid":{"rendered":"https:\/\/taniabonament.pl\/sluchawki\/model\/sluchawki-bezprzewodowe-edifier-stax-s3-czarne\/"},"modified":"2022-09-10T06:29:50","modified_gmt":"2022-09-10T06:29:50","slug":"sluchawki-bezprzewodowe-edifier-stax-s3-czarne","status":"publish","type":"product","link":"https:\/\/taniabonament.pl\/sluchawki\/model\/sluchawki-bezprzewodowe-edifier-stax-s3-czarne\/","title":{"rendered":"S\u0142uchawki bezprzewodowe Edifier STAX S3 (czarne)"},"content":{"rendered":"<p><img decoding=\"async\" style=\"margin-right: 25px; margin-bottom: 10px; width: 220px;\" src=\"https:\/\/static.convertiser.com\/media\/product_images\/294\/bf557eaa7304bfabf55f22342090574c\/52715ca451227314ad3fdaf66250f60cc0f72705.webp\" alt=\"s\u0142uchawki Edifier\" align=\"left\" \/><\/p>\n<h2>S\u0142uchawki marki Edifier<\/h2>\n<p>CENA ORYGINALNA: 1299.0 PLN<\/p>\n<div style=\"font-weight: bold; font-size: 18px;\">\n<p>UWAGA <span style=\"color: red;\">MAMY RABATY!<\/span><\/p>\n<p>Szczeg\u00f3\u0142owe parametry takie jak dane techniczne, promocje sprawdzisz poni\u017cej w Akces-markt.pl. Przejd\u017a bezpo\u015brednio do tych s\u0142uchawek.<\/p>\n<p><span style=\"color: #fff; background-color: #000000; padding: 1px 7px;\"><strong>Edifier<\/strong><\/span><strong><span style=\"margin-left: 5px; color: #fff; background-color: red; padding: 1px 7px;\">1299.0 PLN<\/span><\/strong><\/p>\n<\/div>\n<p style=\"text-align: center; padding-bottom: 15px; padding-top: 10px;\"><a style=\"color: #fff; font-size: 22px; background-color: #e4144d; padding: 9px; border-radius: 7px; text-decoration: underline;\" href=\"https:\/\/converti.se\/click\/34590059-c70e8160-5f3ad5bd\/?deep_link=https%3A%2F%2Fakces-markt.pl%2Fpl%2Fp%2FSluchawki-bezprzewodowe-Edifier-STAX-S3-czarne%2F165571&#038;sid=sluchawki-bezprzewodowe&#038;tag6=product&#038;tag8=bf557eaa7304bfabf55f22342090574c&#038;tag9=S%C5%82uchawki+bezprzewodowe+Edifier+STAX+S3+%28czarne%29\" target=\"_blank\" rel=\"nofollow noopener\">Sprawd\u017a Szczeg\u00f3\u0142y<\/a> <span style=\"font-size: 22px; padding-left: 10px;\">1299.0 PLN<\/span><\/p>\n<p style=\"text-align: center;\">DZI\u0118KUJEMY, \u017ce jeste\u015b z nami!<br \/>\nzapami\u0119taj najlepsze s\u0142uchawki znajdziesz na TaniAbonament.pl\/sluchawki\/<\/p>\n<p style=\"text-align: center;\">odwiedzaj nas cz\u0119\u015bciej \ud83d\ude42<\/p>\n<h3>Jakie s\u0142uchawki wybra\u0107?<\/h3>\n<p>Musisz wiedzie\u0107, \u017ce <a style=\"color: red;\" href=\"https:\/\/taniabonament.pl\/sluchawki\/\">dobre s\u0142uchawki<\/a> powinny by\u0107 przede wszystkim wygodne. Na rynku dost\u0119pne s\u0105 r\u00f3\u017cne modele, od s\u0142uchawek dousznych jak i s\u0142uchawek bardziej klasycznych &#8211; zakrywaj\u0105cych ca\u0142e uszy. Wyb\u00f3r odpowiedniego modelu zale\u017cy od ka\u017cdego nas i od potrzeb kt\u00f3re po prostu mamy. Dodatkow\u0105 wygod\u0105 jest tak\u017ce transmisja bezprzewodowa, realizowana g\u0142\u00f3wnie za po\u015brednictwem modu\u0142u bluetooth, to si\u0119 sprawdza na co dzie\u0144.<\/p>\n<p>Ceny poszczeg\u00f3lnych modeli mog\u0105 by\u0107 r\u00f3\u017cne, od najta\u0144szych kt\u00f3re zapewniaj\u0105 nazwijmy to podstawowy ods\u0142uch, po modele s\u0142uchawek z wy\u017cszej p\u00f3\u0142ki kt\u00f3re gwarantuj\u0105 bardzo dobr\u0105 jako\u015b\u0107 d\u017awi\u0119ku. Ten model mo\u017ce by\u0107 w kr\u0119gu Twoich zainteresowa\u0144.<\/p>\n<p>Dobrze dobrane dobre s\u0142uchawki sprawdz\u0105 si\u0119 w r\u00f3\u017cnych sytuacjach i b\u0119d\u0105 idealnym uzupe\u0142nieniem Twojego smartfona (zobacz jaki <a style=\"color: red;\" href=\"https:\/\/taniabonament.pl\/telefony\/\">nowy telefon<\/a> mo\u017cesz kupi\u0107 dzisiaj w atrakcyjnej cenie), dzi\u0119ki czemu b\u0119dziesz komfortowo s\u0142ucha\u0107 ulubionej muzyki.<\/p>\n","protected":false},"excerpt":{"rendered":"<h3>Odpowiednie <span style='color: red;'>s\u0142uchawki<\/span> bezprzewodowe? <\/h3>\n<p> Cechy i zalety: <\/p>\n<ul style='padding-left: 10px; padding-bottom: 10px;'>\n<li style='padding-top: 10px;'>S\u0142uchawki bezprzewodowe Edifier STAX S3Odkryj nowy wymiar muzycznych dozna\u0144 z bezprzewodowymi s\u0142uchawkami Edifier STAX S3! Wydajne, planarne przetworniki magnetyczne dbaj\u0105 o krystalicznie czysty d\u017awi\u0119k, a obs\u0142uga nowoczesnych technologii i kodek\u00f3w audio dodatkowo podkre\u015bla bogactwo brzmienia\n<li style='padding-top: 10px;'>Wydajne zasilanie pozwala nawet na 80 godzin pracy, a design urz\u0105dzenia zapewnia najwy\u017cszy komfort u\u017cytkowania.\u00a0Krystalicznie czysty d\u017awi\u0119kTwoje ulubione kawa\u0142ki nigdy nie brzmia\u0142y lepiej! S\u0142uchawki wyposa\u017cono w najwy\u017cszej klasy planarne przetworniki magnetyczne, kt\u00f3re odpowiadaj\u0105 za generowanie d\u017awi\u0119ku w imponuj\u0105cej jako\u015bci\n<li style='padding-top: 10px;'>Co wi\u0119cej, wsparcie najnowszych technologii (Snapdragon Sound, Hi-Res Audio, Equal Mass) oraz obs\u0142uga kodek\u00f3w audio ACC, SBC i Qualcomm aptX Adaptive gwarantuje czyste brzmienie, kt\u00f3re pozwoli Ci odkry\u0107 swoje ulubione utwory na nowo.\u00a02 mo\u017cliwo\u015bci po\u0142\u0105czeniaS\u0142uchawki zosta\u0142y wyposa\u017cone w niezawodny modu\u0142 Bluetooth 5.2, kt\u00f3ry dba o nieprzerwane, stabilne po\u0142\u0105czenie ze \u017ar\u00f3d\u0142em d\u017awi\u0119ku\n<li style='padding-top: 10px;'>Ponadto mo\u017cesz sparowa\u0107 je z 2 urz\u0105dzeniami naraz, by swobodnie prze\u0142\u0105cza\u0107 si\u0119 mi\u0119dzy nimi w czasie rzeczywistym\n<li style='padding-top: 10px;'>A je\u015bli chcesz, mo\u017cesz skorzysta\u0107 z mo\u017cliwo\u015bci po\u0142\u0105czenia przewodowego \u2013 z wykorzystaniem kabla AUX lub adaptera 3,5-6,35 mm (w zestawie).\u00a0Wydajne zasilanieZapomnij o przymusie \u0142adowania s\u0142uchawek co kilka godzin dzia\u0142ania! Edifier STAX S3 potrafi\u0105 osi\u0105gn\u0105\u0107 nawet do 80 godzin pracy na jednym \u0142adowaniu! Wp\u0142ywaj\u0105 na to u\u017cyte komponenty oraz wykorzystanie modu\u0142u Bluetooth 5.2, znacznie obni\u017caj\u0105cego zu\u017cycie energii\n<li style='padding-top: 10px;'>Akumulator o pojemno\u015bci 1500 mAh do\u0142adujesz kablem USB-C (w zestawie), a 10-minutowy proces \u0142adowania przywr\u00f3ci zasilanie na kolejnych 11 godzin s\u0142uchania!\u00a0Przemy\u015blany designKonstrukcja urz\u0105dzenia zosta\u0142a zaprojektowana w taki spos\u00f3b, by podnie\u015b\u0107 komfort u\u017cytkowania nawet podczas d\u0142ugich sesji\n<li style='padding-top: 10px;'>W produkcji wykorzystano w\u0142\u00f3kno w\u0119glowe, by uzyska\u0107 nisk\u0105 wag\u0119, zapewniaj\u0105c wy\u017cszy poziom wygody, a od\u0142\u0105czane nauszniki z siateczk\u0105 ch\u0142odz\u0105c\u0105 dodatkowo wp\u0142ywaj\u0105 na przyjemne odczucia przy noszeniu\n<li style='padding-top: 10px;'>Postaw na po\u0142\u0105czenie funkcjonalno\u015bci, jako\u015bci i wygody \u2013 bez \u017cadnych kompromis\u00f3w!\u00a0Wi\u0119cej mo\u017cliwo\u015bci z aplikacj\u0105Chcesz mie\u0107 wi\u0119ksz\u0105 kontrol\u0119 nad dzia\u0142aniem s\u0142uchawek? Zainstaluj aplikacj\u0119 Edifier Connect, a otrzymasz dost\u0119p do ustawie\u0144 EQ, tryb\u00f3w gamingowych z niskim op\u00f3\u017anieniem oraz wielu innych opcji\n<li style='padding-top: 10px;'>Masz to wszystko na wyci\u0105gni\u0119cie r\u0119ki!\u00a0Zestaw zawiera:S\u0142uchawkiOd\u0142\u0105czane nauszniki z siatk\u0105 ch\u0142odz\u0105c\u0105 x 2Kabel AUX 3,5 mmAdapter 3,5 mm &#8211; 6,35 mmKabel \u0142adowania (USB-C)EtuiTorb\u0119 do przenoszenia x 2Ko\u0144c\u00f3wk\u0119 do wk\u0142adek dousznych\u00a0Specyfikacja:\u00a0ProducentEdifierModelSTAX S3KolorCzarnyPo\u0142\u0105czenieBluetooth, AUXModu\u0142 Bluetooth5.2PrzetwornikiMagnetyczne planarnePasmo przenoszenia10Hz &#8211; 40 KHzCzas pracy (Bluetooth)Oko\u0142o 80 godzinKodeki audioSBC, AAC, aptX, aptX HD, aptX AdaptiveWagaOko\u0142o 329 g<\/ul>\n","protected":false},"featured_media":11470,"comment_status":"closed","ping_status":"open","template":"","meta":[],"product_cat":[82,595],"product_tag":[],"class_list":{"0":"post-11350","1":"product","2":"type-product","3":"status-publish","5":"hentry","6":"product_cat-edifier","7":"product_cat-sluchawki-bezprzewodowe","8":"pa_producent-edifier","9":"pa_sklep-akces-markt-pl"},"yoast_head":"<!-- This site is optimized with the Yoast SEO plugin v20.9 - https:\/\/yoast.com\/wordpress\/plugins\/seo\/ -->\n<title>s\u0142uchawki bezprzewodowe Edifier - promocje na TaniAbonament.pl<\/title>\n<meta name=\"description\" content=\"S\u0142uchawki bezprzewodowe. Model Edifier w atrakcyjnej cenie 1299.0 PLN. Przedstawiamy s\u0142uchawki do pracy zdalnej i s\u0142uchania muzyki.\" \/>\n<meta name=\"robots\" content=\"index, follow, max-snippet:-1, max-image-preview:large, max-video-preview:-1\" \/>\n<link rel=\"canonical\" href=\"https:\/\/taniabonament.pl\/sluchawki\/model\/sluchawki-bezprzewodowe-edifier-stax-s3-czarne\/\" \/>\n<meta property=\"og:locale\" content=\"pl_PL\" \/>\n<meta property=\"og:type\" content=\"article\" \/>\n<meta property=\"og:title\" content=\"s\u0142uchawki bezprzewodowe Edifier - promocje na TaniAbonament.pl\" \/>\n<meta property=\"og:description\" content=\"S\u0142uchawki bezprzewodowe. Model Edifier w atrakcyjnej cenie 1299.0 PLN. Przedstawiamy s\u0142uchawki do pracy zdalnej i s\u0142uchania muzyki.\" \/>\n<meta property=\"og:url\" content=\"https:\/\/taniabonament.pl\/sluchawki\/model\/sluchawki-bezprzewodowe-edifier-stax-s3-czarne\/\" \/>\n<meta property=\"og:site_name\" content=\"TaniAbonament.pl S\u0142uchawki\" \/>\n<meta property=\"article:modified_time\" content=\"2022-09-10T06:29:50+00:00\" \/>\n<meta property=\"og:image\" content=\"https:\/\/taniabonament.pl\/sluchawki\/wp-content\/uploads\/2022\/09\/52715ca451227314ad3fdaf66250f60cc0f72705.webp\" \/>\n\t<meta property=\"og:image:width\" content=\"500\" \/>\n\t<meta property=\"og:image:height\" content=\"500\" \/>\n\t<meta property=\"og:image:type\" content=\"image\/jpeg\" \/>\n<meta name=\"twitter:card\" content=\"summary_large_image\" \/>\n<meta name=\"twitter:label1\" content=\"Szacowany czas czytania\" \/>\n\t<meta name=\"twitter:data1\" content=\"1 minuta\" \/>\n<script type=\"application\/ld+json\" class=\"yoast-schema-graph\">{\"@context\":\"https:\/\/schema.org\",\"@graph\":[{\"@type\":\"WebPage\",\"@id\":\"https:\/\/taniabonament.pl\/sluchawki\/model\/sluchawki-bezprzewodowe-edifier-stax-s3-czarne\/\",\"url\":\"https:\/\/taniabonament.pl\/sluchawki\/model\/sluchawki-bezprzewodowe-edifier-stax-s3-czarne\/\",\"name\":\"s\u0142uchawki bezprzewodowe Edifier - promocje na TaniAbonament.pl\",\"isPartOf\":{\"@id\":\"https:\/\/taniabonament.pl\/sluchawki\/#website\"},\"datePublished\":\"2022-09-10T06:29:49+00:00\",\"dateModified\":\"2022-09-10T06:29:50+00:00\",\"description\":\"S\u0142uchawki bezprzewodowe. Model Edifier w atrakcyjnej cenie 1299.0 PLN. Przedstawiamy s\u0142uchawki do pracy zdalnej i s\u0142uchania muzyki.\",\"breadcrumb\":{\"@id\":\"https:\/\/taniabonament.pl\/sluchawki\/model\/sluchawki-bezprzewodowe-edifier-stax-s3-czarne\/#breadcrumb\"},\"inLanguage\":\"pl-PL\",\"potentialAction\":[{\"@type\":\"ReadAction\",\"target\":[\"https:\/\/taniabonament.pl\/sluchawki\/model\/sluchawki-bezprzewodowe-edifier-stax-s3-czarne\/\"]}]},{\"@type\":\"BreadcrumbList\",\"@id\":\"https:\/\/taniabonament.pl\/sluchawki\/model\/sluchawki-bezprzewodowe-edifier-stax-s3-czarne\/#breadcrumb\",\"itemListElement\":[{\"@type\":\"ListItem\",\"position\":1,\"name\":\"Strona g\u0142\u00f3wna\",\"item\":\"https:\/\/taniabonament.pl\/sluchawki\/\"},{\"@type\":\"ListItem\",\"position\":2,\"name\":\"Sklep\",\"item\":\"https:\/\/taniabonament.pl\/sluchawki\/\"},{\"@type\":\"ListItem\",\"position\":3,\"name\":\"S\u0142uchawki bezprzewodowe Edifier STAX S3 (czarne)\"}]},{\"@type\":\"WebSite\",\"@id\":\"https:\/\/taniabonament.pl\/sluchawki\/#website\",\"url\":\"https:\/\/taniabonament.pl\/sluchawki\/\",\"name\":\"TaniAbonament.pl S\u0142uchawki\",\"description\":\"\u015bwiat s\u0142uchawek idealnych do pracy zdalnej\",\"potentialAction\":[{\"@type\":\"SearchAction\",\"target\":{\"@type\":\"EntryPoint\",\"urlTemplate\":\"https:\/\/taniabonament.pl\/sluchawki\/?s={search_term_string}\"},\"query-input\":\"required name=search_term_string\"}],\"inLanguage\":\"pl-PL\"}]}<\/script>\n<!-- \/ Yoast SEO plugin. -->","yoast_head_json":{"title":"s\u0142uchawki bezprzewodowe Edifier - promocje na TaniAbonament.pl","description":"S\u0142uchawki bezprzewodowe. Model Edifier w atrakcyjnej cenie 1299.0 PLN. Przedstawiamy s\u0142uchawki do pracy zdalnej i s\u0142uchania muzyki.","robots":{"index":"index","follow":"follow","max-snippet":"max-snippet:-1","max-image-preview":"max-image-preview:large","max-video-preview":"max-video-preview:-1"},"canonical":"https:\/\/taniabonament.pl\/sluchawki\/model\/sluchawki-bezprzewodowe-edifier-stax-s3-czarne\/","og_locale":"pl_PL","og_type":"article","og_title":"s\u0142uchawki bezprzewodowe Edifier - promocje na TaniAbonament.pl","og_description":"S\u0142uchawki bezprzewodowe. Model Edifier w atrakcyjnej cenie 1299.0 PLN. Przedstawiamy s\u0142uchawki do pracy zdalnej i s\u0142uchania muzyki.","og_url":"https:\/\/taniabonament.pl\/sluchawki\/model\/sluchawki-bezprzewodowe-edifier-stax-s3-czarne\/","og_site_name":"TaniAbonament.pl S\u0142uchawki","article_modified_time":"2022-09-10T06:29:50+00:00","og_image":[{"width":500,"height":500,"url":"https:\/\/taniabonament.pl\/sluchawki\/wp-content\/uploads\/2022\/09\/52715ca451227314ad3fdaf66250f60cc0f72705.webp","type":"image\/jpeg"}],"twitter_card":"summary_large_image","twitter_misc":{"Szacowany czas czytania":"1 minuta"},"schema":{"@context":"https:\/\/schema.org","@graph":[{"@type":"WebPage","@id":"https:\/\/taniabonament.pl\/sluchawki\/model\/sluchawki-bezprzewodowe-edifier-stax-s3-czarne\/","url":"https:\/\/taniabonament.pl\/sluchawki\/model\/sluchawki-bezprzewodowe-edifier-stax-s3-czarne\/","name":"s\u0142uchawki bezprzewodowe Edifier - promocje na TaniAbonament.pl","isPartOf":{"@id":"https:\/\/taniabonament.pl\/sluchawki\/#website"},"datePublished":"2022-09-10T06:29:49+00:00","dateModified":"2022-09-10T06:29:50+00:00","description":"S\u0142uchawki bezprzewodowe. Model Edifier w atrakcyjnej cenie 1299.0 PLN. Przedstawiamy s\u0142uchawki do pracy zdalnej i s\u0142uchania muzyki.","breadcrumb":{"@id":"https:\/\/taniabonament.pl\/sluchawki\/model\/sluchawki-bezprzewodowe-edifier-stax-s3-czarne\/#breadcrumb"},"inLanguage":"pl-PL","potentialAction":[{"@type":"ReadAction","target":["https:\/\/taniabonament.pl\/sluchawki\/model\/sluchawki-bezprzewodowe-edifier-stax-s3-czarne\/"]}]},{"@type":"BreadcrumbList","@id":"https:\/\/taniabonament.pl\/sluchawki\/model\/sluchawki-bezprzewodowe-edifier-stax-s3-czarne\/#breadcrumb","itemListElement":[{"@type":"ListItem","position":1,"name":"Strona g\u0142\u00f3wna","item":"https:\/\/taniabonament.pl\/sluchawki\/"},{"@type":"ListItem","position":2,"name":"Sklep","item":"https:\/\/taniabonament.pl\/sluchawki\/"},{"@type":"ListItem","position":3,"name":"S\u0142uchawki bezprzewodowe Edifier STAX S3 (czarne)"}]},{"@type":"WebSite","@id":"https:\/\/taniabonament.pl\/sluchawki\/#website","url":"https:\/\/taniabonament.pl\/sluchawki\/","name":"TaniAbonament.pl S\u0142uchawki","description":"\u015bwiat s\u0142uchawek idealnych do pracy zdalnej","potentialAction":[{"@type":"SearchAction","target":{"@type":"EntryPoint","urlTemplate":"https:\/\/taniabonament.pl\/sluchawki\/?s={search_term_string}"},"query-input":"required name=search_term_string"}],"inLanguage":"pl-PL"}]}},"_links":{"self":[{"href":"https:\/\/taniabonament.pl\/sluchawki\/wp-json\/wp\/v2\/product\/11350","targetHints":{"allow":["GET"]}}],"collection":[{"href":"https:\/\/taniabonament.pl\/sluchawki\/wp-json\/wp\/v2\/product"}],"about":[{"href":"https:\/\/taniabonament.pl\/sluchawki\/wp-json\/wp\/v2\/types\/product"}],"replies":[{"embeddable":true,"href":"https:\/\/taniabonament.pl\/sluchawki\/wp-json\/wp\/v2\/comments?post=11350"}],"wp:featuredmedia":[{"embeddable":true,"href":"https:\/\/taniabonament.pl\/sluchawki\/wp-json\/wp\/v2\/media\/11470"}],"wp:attachment":[{"href":"https:\/\/taniabonament.pl\/sluchawki\/wp-json\/wp\/v2\/media?parent=11350"}],"wp:term":[{"taxonomy":"product_cat","embeddable":true,"href":"https:\/\/taniabonament.pl\/sluchawki\/wp-json\/wp\/v2\/product_cat?post=11350"},{"taxonomy":"product_tag","embeddable":true,"href":"https:\/\/taniabonament.pl\/sluchawki\/wp-json\/wp\/v2\/product_tag?post=11350"}],"curies":[{"name":"wp","href":"https:\/\/api.w.org\/{rel}","templated":true}]}}