{"id":10946,"date":"2022-09-10T06:29:56","date_gmt":"2022-09-10T06:29:56","guid":{"rendered":"https:\/\/taniabonament.pl\/sluchawki\/model\/sluchawki-bezprzewodowe-edifier-w800bt-plus-aptx-czarne\/"},"modified":"2022-09-10T06:29:56","modified_gmt":"2022-09-10T06:29:56","slug":"sluchawki-bezprzewodowe-edifier-w800bt-plus-aptx-czarne","status":"publish","type":"product","link":"https:\/\/taniabonament.pl\/sluchawki\/model\/sluchawki-bezprzewodowe-edifier-w800bt-plus-aptx-czarne\/","title":{"rendered":"S\u0142uchawki bezprzewodowe Edifier W800BT Plus, aptX (czarne)"},"content":{"rendered":"<p><img decoding=\"async\" style=\"margin-right: 25px; margin-bottom: 10px; width: 220px;\" src=\"https:\/\/static.convertiser.com\/media\/product_images\/294\/2b869bc773d2479a9baed69403ec8612\/8221721e72594975c01ef7a0898c991b2d259e2d.webp\" alt=\"s\u0142uchawki Edifier\" align=\"left\" \/><\/p>\n<h2>S\u0142uchawki marki Edifier<\/h2>\n<p>CENA ORYGINALNA: 139.0 PLN<\/p>\n<div style=\"font-weight: bold; font-size: 18px;\">\n<p>UWAGA <span style=\"color: red;\">MAMY RABATY!<\/span><\/p>\n<p>Szczeg\u00f3\u0142owe parametry takie jak dane techniczne, promocje sprawdzisz poni\u017cej w Akces-markt.pl. Przejd\u017a bezpo\u015brednio do tych s\u0142uchawek.<\/p>\n<p><span style=\"color: #fff; background-color: #000000; padding: 1px 7px;\"><strong>Edifier<\/strong><\/span><strong><span style=\"margin-left: 5px; color: #fff; background-color: red; padding: 1px 7px;\">139.0 PLN<\/span><\/strong><\/p>\n<\/div>\n<p style=\"text-align: center; padding-bottom: 15px; padding-top: 10px;\"><a style=\"color: #fff; font-size: 22px; background-color: #e4144d; padding: 9px; border-radius: 7px; text-decoration: underline;\" href=\"https:\/\/converti.se\/click\/34590059-c70e8160-5f3ad5bd\/?deep_link=https%3A%2F%2Fakces-markt.pl%2Fpl%2Fp%2FSluchawki-bezprzewodowe-Edifier-W800BT-Plus%252C-aptX-czarne%2F145821&#038;sid=sluchawki-bezprzewodowe&#038;tag6=product&#038;tag8=2b869bc773d2479a9baed69403ec8612&#038;tag9=S%C5%82uchawki+bezprzewodowe+Edifier+W800BT+Plus%2C+aptX+%28czarne%29\" target=\"_blank\" rel=\"nofollow noopener\">Sprawd\u017a Szczeg\u00f3\u0142y<\/a> <span style=\"font-size: 22px; padding-left: 10px;\">139.0 PLN<\/span><\/p>\n<p style=\"text-align: center;\">DZI\u0118KUJEMY, \u017ce jeste\u015b z nami!<br \/>\nzapami\u0119taj najlepsze s\u0142uchawki znajdziesz na TaniAbonament.pl\/sluchawki\/<\/p>\n<p style=\"text-align: center;\">odwiedzaj nas cz\u0119\u015bciej \ud83d\ude42<\/p>\n<h3>Jakie s\u0142uchawki wybra\u0107?<\/h3>\n<p>Musisz wiedzie\u0107, \u017ce <a style=\"color: red;\" href=\"https:\/\/taniabonament.pl\/sluchawki\/\">dobre s\u0142uchawki<\/a> powinny by\u0107 przede wszystkim wygodne. Na rynku dost\u0119pne s\u0105 r\u00f3\u017cne modele, od s\u0142uchawek dousznych jak i s\u0142uchawek bardziej klasycznych &#8211; zakrywaj\u0105cych ca\u0142e uszy. Wyb\u00f3r odpowiedniego modelu zale\u017cy od ka\u017cdego nas i od potrzeb kt\u00f3re po prostu mamy. Dodatkow\u0105 wygod\u0105 jest tak\u017ce transmisja bezprzewodowa, realizowana g\u0142\u00f3wnie za po\u015brednictwem modu\u0142u bluetooth, to si\u0119 sprawdza na co dzie\u0144.<\/p>\n<p>Ceny poszczeg\u00f3lnych modeli mog\u0105 by\u0107 r\u00f3\u017cne, od najta\u0144szych kt\u00f3re zapewniaj\u0105 nazwijmy to podstawowy ods\u0142uch, po modele s\u0142uchawek z wy\u017cszej p\u00f3\u0142ki kt\u00f3re gwarantuj\u0105 bardzo dobr\u0105 jako\u015b\u0107 d\u017awi\u0119ku. Ten model mo\u017ce by\u0107 w kr\u0119gu Twoich zainteresowa\u0144.<\/p>\n<p>Dobrze dobrane dobre s\u0142uchawki sprawdz\u0105 si\u0119 w r\u00f3\u017cnych sytuacjach i b\u0119d\u0105 idealnym uzupe\u0142nieniem Twojego smartfona (zobacz jaki <a style=\"color: red;\" href=\"https:\/\/taniabonament.pl\/telefony\/\">nowy telefon<\/a> mo\u017cesz kupi\u0107 dzisiaj w atrakcyjnej cenie), dzi\u0119ki czemu b\u0119dziesz komfortowo s\u0142ucha\u0107 ulubionej muzyki.<\/p>\n","protected":false},"excerpt":{"rendered":"<h3>Odpowiednie <span style='color: red;'>s\u0142uchawki<\/span> bezprzewodowe? <\/h3>\n<p> Cechy i zalety: <\/p>\n<ul style='padding-left: 10px; padding-bottom: 10px;'>\n<li style='padding-top: 10px;'>S\u0142uchawki Edifier W800BT PlusBezprzewodowe s\u0142uchawki Bluetooth W800BT Plus pozwol\u0105 Ci cieszy\u0107 si\u0119 doskona\u0142ej jako\u015bci d\u017awi\u0119kiem wsz\u0119dzie, gdzie chcesz\n<li style='padding-top: 10px;'>Wytrzyma\u0142y akumulator zapewnia czas pracy si\u0119gaj\u0105cy 55 godzin\n<li style='padding-top: 10px;'>Mo\u017cna te\u017c pod\u0142\u0105czy\u0107 urz\u0105dzenie przewodowo za pomoc\u0105 kabla audio 3,5 mm\n<li style='padding-top: 10px;'>G\u0142o\u015bniki 40 mm dostarcz\u0105 Ci krystalicznie czystego, zachwycaj\u0105cego audio, a \u0142\u0105cze Bluetooth 5.1 gwarantuje stabiln\u0105, szybk\u0105, pozbawion\u0105 zak\u0142\u00f3ce\u0144 transmisj\u0119 sygna\u0142u\n<li style='padding-top: 10px;'>Mo\u017cliwe jest r\u00f3wnie\u017c bezprzewodowe po\u0142\u0105czenie s\u0142uchawek z 2 urz\u0105dzeniami jednocze\u015bnie.\u00a0Zapewni\u0105 Ci d\u017awi\u0119k na najwy\u017cszym poziomieZa dostarczanie Ci doskona\u0142ej jako\u015bci d\u017awi\u0119ku odpowiadaj\u0105 neodymowe, magnetyczne g\u0142o\u015bniki 40 mm\n<li style='padding-top: 10px;'>Dzi\u0119ki nim s\u0142uchawki zachwycaj\u0105 krystalicznie czystym, naturalnym brzmieniem oraz wzmocnionym basem\n<li style='padding-top: 10px;'>Z Edifier na nowo odkryjesz i pokochasz swoje ulubione utwory\n<li style='padding-top: 10px;'>Mo\u017cesz te\u017c swobodnie rozmawia\u0107 przez telefon &#8211; pozwala na to redukcja szum\u00f3w CVC.\u00a0Niewiarygodnie d\u0142ugi czas pracyS\u0142uchawki zosta\u0142y wyposa\u017cone w wytrzyma\u0142y akumulator, kt\u00f3ry zapewnia czas pracy nawet oko\u0142o 55 godzin na jednym \u0142adowaniu\n<li style='padding-top: 10px;'>W trybie czuwania wytrzymuj\u0105 natomiast do 800 godzin\n<li style='padding-top: 10px;'>Mo\u017cesz wi\u0119c bez przeszk\u00f3d korzysta\u0107 z nich niemal w ka\u017cdej sytuacji\n<li style='padding-top: 10px;'>Nocny maraton filmowy w domowym zaciszu? A mo\u017ce wyj\u0105tkowo d\u0142uga podr\u00f3\u017c? Zbyt szybko roz\u0142adowany akumulator ju\u017c nigdy nie pokrzy\u017cuje Ci plan\u00f3w!\u00a0Pod\u0142\u0105czysz je na 2 sposobyDost\u0119pne s\u0105 2 mo\u017cliwo\u015bci \u0142\u0105czenia s\u0142uchawek z wybranymi urz\u0105dzeniami &#8211; przewodowo oraz przez Bluetooth\n<li style='padding-top: 10px;'>Dzi\u0119ki temu W800BT Plus charakteryzuj\u0105 si\u0119 szerok\u0105 kompatybilno\u015bci\u0105\n<li style='padding-top: 10px;'>Za pomoc\u0105 kabla audio 3,5 mm pod\u0142\u0105czysz je mi\u0119dzy innymi do laptopa lub odtwarzacza MP3\n<li style='padding-top: 10px;'>Wykorzystaj t\u0119 mo\u017cliwo\u015b\u0107 r\u00f3wnie\u017c wtedy, gdy akumulator s\u0142uchawek jest roz\u0142adowany, a Ty nie masz czasu go na\u0142adowa\u0107\n<li style='padding-top: 10px;'>Bluetooth pozwala natomiast na wygodne, bezprzewodowe po\u0142\u0105czenie W800BT Plus na przyk\u0142ad ze smartfonem lub tabletem\n<li style='padding-top: 10px;'>Wspiera te\u017c aptX.\u00a0Wygoda i eleganckie wzornictwoS\u0142uchawki s\u0105 nie tylko funkcjonalne, ale te\u017c niesamowicie wygodne\n<li style='padding-top: 10px;'>Du\u017ce, mi\u0119kkie nauszniki doskonale przylegaj\u0105 do uszu, jednocze\u015bnie ich nie naciskaj\u0105c &#8211; nie musisz wi\u0119c obawia\u0107 si\u0119 dyskomfortu\n<li style='padding-top: 10px;'>W800BT Plus nie wa\u017c\u0105 te\u017c zbyt wiele &#8211; mo\u017cesz zatem wygodnie je nosi\u0107 nawet przez wiele godzin\n<li style='padding-top: 10px;'>S\u0142uchawki charakteryzuj\u0105 si\u0119 przy tym nowoczesnym, minimalistycznym, stylowym designem.\u00a0W zestawieS\u0142uchawkiKabel \u0142adowania USB-CNauszniki (1 para)Kabel audio 3,5 mmInstrukcja u\u017cytkownika\u00a0Specyfikacja\u00a0ProducentEdifierModelW800BT PlusG\u0142o\u015bnik40 mmWersja Bluetooth5.1Profile BluetoothHFP, A2DP, AVRCPZasi\u0119gDo 10 mAkumulator850 mhCzas \u0142adowaniaOk\n<li style='padding-top: 10px;'>3 hCzas odtwarzaniaOk\n<li style='padding-top: 10px;'>55 hCzas pracy w trybie czuwaniaOk\n<li style='padding-top: 10px;'>800 hWej\u015bcie5 V 500 mACzu\u0142o\u015b\u010793 dBImpedancja32\u03a9Pasmo przenoszenia20Hz-20kHz<\/ul>\n","protected":false},"featured_media":11491,"comment_status":"closed","ping_status":"open","template":"","meta":[],"product_cat":[82,595],"product_tag":[],"class_list":{"0":"post-10946","1":"product","2":"type-product","3":"status-publish","5":"hentry","6":"product_cat-edifier","7":"product_cat-sluchawki-bezprzewodowe","8":"pa_producent-edifier","9":"pa_sklep-akces-markt-pl"},"yoast_head":"<!-- This site is optimized with the Yoast SEO plugin v20.9 - https:\/\/yoast.com\/wordpress\/plugins\/seo\/ -->\n<title>s\u0142uchawki bezprzewodowe Edifier - promocje na TaniAbonament.pl<\/title>\n<meta name=\"description\" content=\"S\u0142uchawki bezprzewodowe. Model Edifier w atrakcyjnej cenie 139.0 PLN. Przedstawiamy s\u0142uchawki do pracy zdalnej i s\u0142uchania muzyki.\" \/>\n<meta name=\"robots\" content=\"index, follow, max-snippet:-1, max-image-preview:large, max-video-preview:-1\" \/>\n<link rel=\"canonical\" href=\"https:\/\/taniabonament.pl\/sluchawki\/model\/sluchawki-bezprzewodowe-edifier-w800bt-plus-aptx-czarne\/\" \/>\n<meta property=\"og:locale\" content=\"pl_PL\" \/>\n<meta property=\"og:type\" content=\"article\" \/>\n<meta property=\"og:title\" content=\"s\u0142uchawki bezprzewodowe Edifier - promocje na TaniAbonament.pl\" \/>\n<meta property=\"og:description\" content=\"S\u0142uchawki bezprzewodowe. Model Edifier w atrakcyjnej cenie 139.0 PLN. Przedstawiamy s\u0142uchawki do pracy zdalnej i s\u0142uchania muzyki.\" \/>\n<meta property=\"og:url\" content=\"https:\/\/taniabonament.pl\/sluchawki\/model\/sluchawki-bezprzewodowe-edifier-w800bt-plus-aptx-czarne\/\" \/>\n<meta property=\"og:site_name\" content=\"TaniAbonament.pl S\u0142uchawki\" \/>\n<meta property=\"og:image\" content=\"https:\/\/taniabonament.pl\/sluchawki\/wp-content\/uploads\/2022\/09\/8221721e72594975c01ef7a0898c991b2d259e2d.webp\" \/>\n\t<meta property=\"og:image:width\" content=\"500\" \/>\n\t<meta property=\"og:image:height\" content=\"500\" \/>\n\t<meta property=\"og:image:type\" content=\"image\/jpeg\" \/>\n<meta name=\"twitter:card\" content=\"summary_large_image\" \/>\n<meta name=\"twitter:label1\" content=\"Szacowany czas czytania\" \/>\n\t<meta name=\"twitter:data1\" content=\"1 minuta\" \/>\n<script type=\"application\/ld+json\" class=\"yoast-schema-graph\">{\"@context\":\"https:\/\/schema.org\",\"@graph\":[{\"@type\":\"WebPage\",\"@id\":\"https:\/\/taniabonament.pl\/sluchawki\/model\/sluchawki-bezprzewodowe-edifier-w800bt-plus-aptx-czarne\/\",\"url\":\"https:\/\/taniabonament.pl\/sluchawki\/model\/sluchawki-bezprzewodowe-edifier-w800bt-plus-aptx-czarne\/\",\"name\":\"s\u0142uchawki bezprzewodowe Edifier - promocje na TaniAbonament.pl\",\"isPartOf\":{\"@id\":\"https:\/\/taniabonament.pl\/sluchawki\/#website\"},\"datePublished\":\"2022-09-10T06:29:56+00:00\",\"dateModified\":\"2022-09-10T06:29:56+00:00\",\"description\":\"S\u0142uchawki bezprzewodowe. Model Edifier w atrakcyjnej cenie 139.0 PLN. Przedstawiamy s\u0142uchawki do pracy zdalnej i s\u0142uchania muzyki.\",\"breadcrumb\":{\"@id\":\"https:\/\/taniabonament.pl\/sluchawki\/model\/sluchawki-bezprzewodowe-edifier-w800bt-plus-aptx-czarne\/#breadcrumb\"},\"inLanguage\":\"pl-PL\",\"potentialAction\":[{\"@type\":\"ReadAction\",\"target\":[\"https:\/\/taniabonament.pl\/sluchawki\/model\/sluchawki-bezprzewodowe-edifier-w800bt-plus-aptx-czarne\/\"]}]},{\"@type\":\"BreadcrumbList\",\"@id\":\"https:\/\/taniabonament.pl\/sluchawki\/model\/sluchawki-bezprzewodowe-edifier-w800bt-plus-aptx-czarne\/#breadcrumb\",\"itemListElement\":[{\"@type\":\"ListItem\",\"position\":1,\"name\":\"Strona g\u0142\u00f3wna\",\"item\":\"https:\/\/taniabonament.pl\/sluchawki\/\"},{\"@type\":\"ListItem\",\"position\":2,\"name\":\"Sklep\",\"item\":\"https:\/\/taniabonament.pl\/sluchawki\/\"},{\"@type\":\"ListItem\",\"position\":3,\"name\":\"S\u0142uchawki bezprzewodowe Edifier W800BT Plus, aptX (czarne)\"}]},{\"@type\":\"WebSite\",\"@id\":\"https:\/\/taniabonament.pl\/sluchawki\/#website\",\"url\":\"https:\/\/taniabonament.pl\/sluchawki\/\",\"name\":\"TaniAbonament.pl S\u0142uchawki\",\"description\":\"\u015bwiat s\u0142uchawek idealnych do pracy zdalnej\",\"potentialAction\":[{\"@type\":\"SearchAction\",\"target\":{\"@type\":\"EntryPoint\",\"urlTemplate\":\"https:\/\/taniabonament.pl\/sluchawki\/?s={search_term_string}\"},\"query-input\":\"required name=search_term_string\"}],\"inLanguage\":\"pl-PL\"}]}<\/script>\n<!-- \/ Yoast SEO plugin. -->","yoast_head_json":{"title":"s\u0142uchawki bezprzewodowe Edifier - promocje na TaniAbonament.pl","description":"S\u0142uchawki bezprzewodowe. Model Edifier w atrakcyjnej cenie 139.0 PLN. Przedstawiamy s\u0142uchawki do pracy zdalnej i s\u0142uchania muzyki.","robots":{"index":"index","follow":"follow","max-snippet":"max-snippet:-1","max-image-preview":"max-image-preview:large","max-video-preview":"max-video-preview:-1"},"canonical":"https:\/\/taniabonament.pl\/sluchawki\/model\/sluchawki-bezprzewodowe-edifier-w800bt-plus-aptx-czarne\/","og_locale":"pl_PL","og_type":"article","og_title":"s\u0142uchawki bezprzewodowe Edifier - promocje na TaniAbonament.pl","og_description":"S\u0142uchawki bezprzewodowe. Model Edifier w atrakcyjnej cenie 139.0 PLN. Przedstawiamy s\u0142uchawki do pracy zdalnej i s\u0142uchania muzyki.","og_url":"https:\/\/taniabonament.pl\/sluchawki\/model\/sluchawki-bezprzewodowe-edifier-w800bt-plus-aptx-czarne\/","og_site_name":"TaniAbonament.pl S\u0142uchawki","og_image":[{"width":500,"height":500,"url":"https:\/\/taniabonament.pl\/sluchawki\/wp-content\/uploads\/2022\/09\/8221721e72594975c01ef7a0898c991b2d259e2d.webp","type":"image\/jpeg"}],"twitter_card":"summary_large_image","twitter_misc":{"Szacowany czas czytania":"1 minuta"},"schema":{"@context":"https:\/\/schema.org","@graph":[{"@type":"WebPage","@id":"https:\/\/taniabonament.pl\/sluchawki\/model\/sluchawki-bezprzewodowe-edifier-w800bt-plus-aptx-czarne\/","url":"https:\/\/taniabonament.pl\/sluchawki\/model\/sluchawki-bezprzewodowe-edifier-w800bt-plus-aptx-czarne\/","name":"s\u0142uchawki bezprzewodowe Edifier - promocje na TaniAbonament.pl","isPartOf":{"@id":"https:\/\/taniabonament.pl\/sluchawki\/#website"},"datePublished":"2022-09-10T06:29:56+00:00","dateModified":"2022-09-10T06:29:56+00:00","description":"S\u0142uchawki bezprzewodowe. Model Edifier w atrakcyjnej cenie 139.0 PLN. Przedstawiamy s\u0142uchawki do pracy zdalnej i s\u0142uchania muzyki.","breadcrumb":{"@id":"https:\/\/taniabonament.pl\/sluchawki\/model\/sluchawki-bezprzewodowe-edifier-w800bt-plus-aptx-czarne\/#breadcrumb"},"inLanguage":"pl-PL","potentialAction":[{"@type":"ReadAction","target":["https:\/\/taniabonament.pl\/sluchawki\/model\/sluchawki-bezprzewodowe-edifier-w800bt-plus-aptx-czarne\/"]}]},{"@type":"BreadcrumbList","@id":"https:\/\/taniabonament.pl\/sluchawki\/model\/sluchawki-bezprzewodowe-edifier-w800bt-plus-aptx-czarne\/#breadcrumb","itemListElement":[{"@type":"ListItem","position":1,"name":"Strona g\u0142\u00f3wna","item":"https:\/\/taniabonament.pl\/sluchawki\/"},{"@type":"ListItem","position":2,"name":"Sklep","item":"https:\/\/taniabonament.pl\/sluchawki\/"},{"@type":"ListItem","position":3,"name":"S\u0142uchawki bezprzewodowe Edifier W800BT Plus, aptX (czarne)"}]},{"@type":"WebSite","@id":"https:\/\/taniabonament.pl\/sluchawki\/#website","url":"https:\/\/taniabonament.pl\/sluchawki\/","name":"TaniAbonament.pl S\u0142uchawki","description":"\u015bwiat s\u0142uchawek idealnych do pracy zdalnej","potentialAction":[{"@type":"SearchAction","target":{"@type":"EntryPoint","urlTemplate":"https:\/\/taniabonament.pl\/sluchawki\/?s={search_term_string}"},"query-input":"required name=search_term_string"}],"inLanguage":"pl-PL"}]}},"_links":{"self":[{"href":"https:\/\/taniabonament.pl\/sluchawki\/wp-json\/wp\/v2\/product\/10946","targetHints":{"allow":["GET"]}}],"collection":[{"href":"https:\/\/taniabonament.pl\/sluchawki\/wp-json\/wp\/v2\/product"}],"about":[{"href":"https:\/\/taniabonament.pl\/sluchawki\/wp-json\/wp\/v2\/types\/product"}],"replies":[{"embeddable":true,"href":"https:\/\/taniabonament.pl\/sluchawki\/wp-json\/wp\/v2\/comments?post=10946"}],"wp:featuredmedia":[{"embeddable":true,"href":"https:\/\/taniabonament.pl\/sluchawki\/wp-json\/wp\/v2\/media\/11491"}],"wp:attachment":[{"href":"https:\/\/taniabonament.pl\/sluchawki\/wp-json\/wp\/v2\/media?parent=10946"}],"wp:term":[{"taxonomy":"product_cat","embeddable":true,"href":"https:\/\/taniabonament.pl\/sluchawki\/wp-json\/wp\/v2\/product_cat?post=10946"},{"taxonomy":"product_tag","embeddable":true,"href":"https:\/\/taniabonament.pl\/sluchawki\/wp-json\/wp\/v2\/product_tag?post=10946"}],"curies":[{"name":"wp","href":"https:\/\/api.w.org\/{rel}","templated":true}]}}