{"id":10711,"date":"2022-02-14T20:30:52","date_gmt":"2022-02-14T20:30:52","guid":{"rendered":"https:\/\/taniabonament.pl\/sluchawki\/model\/lamax-sluchawki-bezprzewodowe-taps1-czarne-w-cenie-159-0-pln\/"},"modified":"2022-02-14T20:31:00","modified_gmt":"2022-02-14T20:31:00","slug":"lamax-sluchawki-bezprzewodowe-taps1-czarne-w-cenie-159-0-pln","status":"publish","type":"product","link":"https:\/\/taniabonament.pl\/sluchawki\/model\/lamax-sluchawki-bezprzewodowe-taps1-czarne-w-cenie-159-0-pln\/","title":{"rendered":"LAMAX s\u0142uchawki bezprzewodowe Taps1, czarne &#8211; w cenie 159.0 PLN"},"content":{"rendered":"<p><img decoding=\"async\" style=\"margin-right: 25px; margin-bottom: 10px; width: 220px;\" src=\"https:\/\/static.convertiser.com\/media\/product_images\/49\/968e5b6f001fe1612e7770b3e32e19a9\/0cdab89f30e5b352614f68f0a3fec3c9ca5af335.jpg\" alt=\"s\u0142uchawki z mikrofonem LAMAX\" align=\"left\" \/><\/p>\n<h2>S\u0142uchawki marki LAMAX<\/h2>\n<p>CENA ORYGINALNA: 159.0 PLN<\/p>\n<div style=\"font-weight: bold; font-size: 18px;\">\n<p>UWAGA <span style=\"color: red;\">MAMY RABATY!<\/span><\/p>\n<p>Szczeg\u00f3\u0142owe parametry takie jak dane techniczne, promocje sprawdzisz poni\u017cej w Mall.pl. Rozmawiaj wygodnie przez mikrofon podczas pracy zdalnej. Odizoluj si\u0119 od niepo\u017c\u0105danych d\u017awi\u0119k\u00f3w zewn\u0119trznych. Ciesz si\u0119 czystym brzmieniem w s\u0142uchawkach. Przejd\u017a teraz bezpo\u015brednio do z sklepu gdzie szybko zakupisz te s\u0142uchawki w korzystnej cenie.<\/p>\n<p><span style=\"color: #fff; background-color: #000000; padding: 1px 7px;\"><strong>LAMAX<\/strong><\/span><strong><span style=\"margin-left: 5px; color: #fff; background-color: red; padding: 1px 7px;\">159.0 PLN<\/span><\/strong><\/p>\n<p>&nbsp;<\/p>\n<p>&nbsp;<\/p>\n<\/div>\n<p style=\"text-align: center; padding-bottom: 15px;\"><a style=\"color: #fff; font-size: 22px; background-color: #e4144d; padding: 9px 14px; border-radius: 7px; text-decoration: underline;\" href=\"https:\/\/converti.se\/click\/34590059-c70e8160-5f3fd1b8\/?deep_link=https%3A%2F%2Fwww.mall.pl%2Fprzenosne-sluchawki%2Flamax-sluchawki-bezprzewodowe-taps1-czarne&#038;sid=sluchawki-z-mikrofonem&#038;tag6=product&#038;tag8=968e5b6f001fe1612e7770b3e32e19a9&#038;tag9=LAMAX+s%C5%82uchawki+bezprzewodowe+Taps1%2C+czarne\" target=\"_blank\" rel=\"nofollow noopener\">Kup teraz<\/a> <span style=\"font-size: 22px; padding-left: 10px;\">159.0 PLN<\/span><\/p>\n","protected":false},"excerpt":{"rendered":"<h3>Odpowiednie <span style='color: red;'>s\u0142uchawki<\/span> z mikrofonem? <\/h3>\n<p> Cechy i zalety: <\/p>\n<ul style='padding-left: 10px; padding-bottom: 10px;'>\n<li style='padding-top: 10px;'>Dni MALL.PL \u2013 Zni\u017cka 15% na wybrane produkty elektroniczne marki LAMAX z kodem 22MDC2PL26 (od 07.02\n<li style='padding-top: 10px;'>do 20.02.2022 r\n<li style='padding-top: 10px;'>lub wyczerpania zapas\u00f3w)!Nowoczesny, minimalistyczny design ze sterowaniem dotykowym \u2013 stylowe s\u0142uchawki Bluetooth 5.0 LAMAX Taps1, kt\u00f3re maj\u0105 r\u00f3wnie\u017c etui \u0142aduj\u0105ce wykonane w tym samym stylu, o pojemno\u015bci 300 mAh\n<li style='padding-top: 10px;'>Zapewnia to 2 pe\u0142ne na\u0142adowania s\u0142uchawek i wyd\u0142u\u017ca czas pracy od 6 do 18 godzin\n<li style='padding-top: 10px;'>S\u0142uchawki z pi\u0119knie dostrojonym d\u017awi\u0119kiem maj\u0105 mikrofon do po\u0142\u0105cze\u0144 g\u0142o\u015bnom\u00f3wi\u0105cych.<\/ul>\n","protected":false},"featured_media":10712,"comment_status":"closed","ping_status":"open","template":"","meta":[],"product_cat":[223,601],"product_tag":[],"class_list":{"0":"post-10711","1":"product","2":"type-product","3":"status-publish","5":"hentry","6":"product_cat-lamax","7":"product_cat-sluchawki-z-mikrofonem","8":"pa_producent-lamax","9":"pa_sklep-mall-pl"},"yoast_head":"<!-- This site is optimized with the Yoast SEO plugin v20.9 - https:\/\/yoast.com\/wordpress\/plugins\/seo\/ -->\n<title>s\u0142uchawki z mikrofonem LAMAX<\/title>\n<meta name=\"description\" content=\"S\u0142uchawki z mikrofonem. Model LAMAX w atrakcyjnej cenie 159.0 PLN. Przedstawiamy s\u0142uchawki do pracy zdalnej i s\u0142uchania muzyki.\" \/>\n<meta name=\"robots\" content=\"index, follow, max-snippet:-1, max-image-preview:large, max-video-preview:-1\" \/>\n<link rel=\"canonical\" href=\"https:\/\/taniabonament.pl\/sluchawki\/model\/lamax-sluchawki-bezprzewodowe-taps1-czarne-w-cenie-159-0-pln\/\" \/>\n<meta property=\"og:locale\" content=\"pl_PL\" \/>\n<meta property=\"og:type\" content=\"article\" \/>\n<meta property=\"og:title\" content=\"s\u0142uchawki z mikrofonem LAMAX\" \/>\n<meta property=\"og:description\" content=\"S\u0142uchawki z mikrofonem. Model LAMAX w atrakcyjnej cenie 159.0 PLN. Przedstawiamy s\u0142uchawki do pracy zdalnej i s\u0142uchania muzyki.\" \/>\n<meta property=\"og:url\" content=\"https:\/\/taniabonament.pl\/sluchawki\/model\/lamax-sluchawki-bezprzewodowe-taps1-czarne-w-cenie-159-0-pln\/\" \/>\n<meta property=\"og:site_name\" content=\"TaniAbonament.pl S\u0142uchawki\" \/>\n<meta property=\"article:modified_time\" content=\"2022-02-14T20:31:00+00:00\" \/>\n<meta property=\"og:image\" content=\"https:\/\/taniabonament.pl\/sluchawki\/wp-content\/uploads\/2022\/02\/0cdab89f30e5b352614f68f0a3fec3c9ca5af335.jpg\" \/>\n\t<meta property=\"og:image:width\" content=\"736\" \/>\n\t<meta property=\"og:image:height\" content=\"1000\" \/>\n\t<meta property=\"og:image:type\" content=\"image\/jpeg\" \/>\n<meta name=\"twitter:card\" content=\"summary_large_image\" \/>\n<script type=\"application\/ld+json\" class=\"yoast-schema-graph\">{\"@context\":\"https:\/\/schema.org\",\"@graph\":[{\"@type\":\"WebPage\",\"@id\":\"https:\/\/taniabonament.pl\/sluchawki\/model\/lamax-sluchawki-bezprzewodowe-taps1-czarne-w-cenie-159-0-pln\/\",\"url\":\"https:\/\/taniabonament.pl\/sluchawki\/model\/lamax-sluchawki-bezprzewodowe-taps1-czarne-w-cenie-159-0-pln\/\",\"name\":\"s\u0142uchawki z mikrofonem LAMAX\",\"isPartOf\":{\"@id\":\"https:\/\/taniabonament.pl\/sluchawki\/#website\"},\"datePublished\":\"2022-02-14T20:30:52+00:00\",\"dateModified\":\"2022-02-14T20:31:00+00:00\",\"description\":\"S\u0142uchawki z mikrofonem. Model LAMAX w atrakcyjnej cenie 159.0 PLN. Przedstawiamy s\u0142uchawki do pracy zdalnej i s\u0142uchania muzyki.\",\"breadcrumb\":{\"@id\":\"https:\/\/taniabonament.pl\/sluchawki\/model\/lamax-sluchawki-bezprzewodowe-taps1-czarne-w-cenie-159-0-pln\/#breadcrumb\"},\"inLanguage\":\"pl-PL\",\"potentialAction\":[{\"@type\":\"ReadAction\",\"target\":[\"https:\/\/taniabonament.pl\/sluchawki\/model\/lamax-sluchawki-bezprzewodowe-taps1-czarne-w-cenie-159-0-pln\/\"]}]},{\"@type\":\"BreadcrumbList\",\"@id\":\"https:\/\/taniabonament.pl\/sluchawki\/model\/lamax-sluchawki-bezprzewodowe-taps1-czarne-w-cenie-159-0-pln\/#breadcrumb\",\"itemListElement\":[{\"@type\":\"ListItem\",\"position\":1,\"name\":\"Strona g\u0142\u00f3wna\",\"item\":\"https:\/\/taniabonament.pl\/sluchawki\/\"},{\"@type\":\"ListItem\",\"position\":2,\"name\":\"Sklep\",\"item\":\"https:\/\/taniabonament.pl\/sluchawki\/\"},{\"@type\":\"ListItem\",\"position\":3,\"name\":\"LAMAX s\u0142uchawki bezprzewodowe Taps1, czarne &#8211; w cenie 159.0 PLN\"}]},{\"@type\":\"WebSite\",\"@id\":\"https:\/\/taniabonament.pl\/sluchawki\/#website\",\"url\":\"https:\/\/taniabonament.pl\/sluchawki\/\",\"name\":\"TaniAbonament.pl S\u0142uchawki\",\"description\":\"\u015bwiat s\u0142uchawek idealnych do pracy zdalnej\",\"potentialAction\":[{\"@type\":\"SearchAction\",\"target\":{\"@type\":\"EntryPoint\",\"urlTemplate\":\"https:\/\/taniabonament.pl\/sluchawki\/?s={search_term_string}\"},\"query-input\":\"required name=search_term_string\"}],\"inLanguage\":\"pl-PL\"}]}<\/script>\n<!-- \/ Yoast SEO plugin. -->","yoast_head_json":{"title":"s\u0142uchawki z mikrofonem LAMAX","description":"S\u0142uchawki z mikrofonem. Model LAMAX w atrakcyjnej cenie 159.0 PLN. Przedstawiamy s\u0142uchawki do pracy zdalnej i s\u0142uchania muzyki.","robots":{"index":"index","follow":"follow","max-snippet":"max-snippet:-1","max-image-preview":"max-image-preview:large","max-video-preview":"max-video-preview:-1"},"canonical":"https:\/\/taniabonament.pl\/sluchawki\/model\/lamax-sluchawki-bezprzewodowe-taps1-czarne-w-cenie-159-0-pln\/","og_locale":"pl_PL","og_type":"article","og_title":"s\u0142uchawki z mikrofonem LAMAX","og_description":"S\u0142uchawki z mikrofonem. Model LAMAX w atrakcyjnej cenie 159.0 PLN. Przedstawiamy s\u0142uchawki do pracy zdalnej i s\u0142uchania muzyki.","og_url":"https:\/\/taniabonament.pl\/sluchawki\/model\/lamax-sluchawki-bezprzewodowe-taps1-czarne-w-cenie-159-0-pln\/","og_site_name":"TaniAbonament.pl S\u0142uchawki","article_modified_time":"2022-02-14T20:31:00+00:00","og_image":[{"width":736,"height":1000,"url":"https:\/\/taniabonament.pl\/sluchawki\/wp-content\/uploads\/2022\/02\/0cdab89f30e5b352614f68f0a3fec3c9ca5af335.jpg","type":"image\/jpeg"}],"twitter_card":"summary_large_image","schema":{"@context":"https:\/\/schema.org","@graph":[{"@type":"WebPage","@id":"https:\/\/taniabonament.pl\/sluchawki\/model\/lamax-sluchawki-bezprzewodowe-taps1-czarne-w-cenie-159-0-pln\/","url":"https:\/\/taniabonament.pl\/sluchawki\/model\/lamax-sluchawki-bezprzewodowe-taps1-czarne-w-cenie-159-0-pln\/","name":"s\u0142uchawki z mikrofonem LAMAX","isPartOf":{"@id":"https:\/\/taniabonament.pl\/sluchawki\/#website"},"datePublished":"2022-02-14T20:30:52+00:00","dateModified":"2022-02-14T20:31:00+00:00","description":"S\u0142uchawki z mikrofonem. Model LAMAX w atrakcyjnej cenie 159.0 PLN. Przedstawiamy s\u0142uchawki do pracy zdalnej i s\u0142uchania muzyki.","breadcrumb":{"@id":"https:\/\/taniabonament.pl\/sluchawki\/model\/lamax-sluchawki-bezprzewodowe-taps1-czarne-w-cenie-159-0-pln\/#breadcrumb"},"inLanguage":"pl-PL","potentialAction":[{"@type":"ReadAction","target":["https:\/\/taniabonament.pl\/sluchawki\/model\/lamax-sluchawki-bezprzewodowe-taps1-czarne-w-cenie-159-0-pln\/"]}]},{"@type":"BreadcrumbList","@id":"https:\/\/taniabonament.pl\/sluchawki\/model\/lamax-sluchawki-bezprzewodowe-taps1-czarne-w-cenie-159-0-pln\/#breadcrumb","itemListElement":[{"@type":"ListItem","position":1,"name":"Strona g\u0142\u00f3wna","item":"https:\/\/taniabonament.pl\/sluchawki\/"},{"@type":"ListItem","position":2,"name":"Sklep","item":"https:\/\/taniabonament.pl\/sluchawki\/"},{"@type":"ListItem","position":3,"name":"LAMAX s\u0142uchawki bezprzewodowe Taps1, czarne &#8211; w cenie 159.0 PLN"}]},{"@type":"WebSite","@id":"https:\/\/taniabonament.pl\/sluchawki\/#website","url":"https:\/\/taniabonament.pl\/sluchawki\/","name":"TaniAbonament.pl S\u0142uchawki","description":"\u015bwiat s\u0142uchawek idealnych do pracy zdalnej","potentialAction":[{"@type":"SearchAction","target":{"@type":"EntryPoint","urlTemplate":"https:\/\/taniabonament.pl\/sluchawki\/?s={search_term_string}"},"query-input":"required name=search_term_string"}],"inLanguage":"pl-PL"}]}},"_links":{"self":[{"href":"https:\/\/taniabonament.pl\/sluchawki\/wp-json\/wp\/v2\/product\/10711","targetHints":{"allow":["GET"]}}],"collection":[{"href":"https:\/\/taniabonament.pl\/sluchawki\/wp-json\/wp\/v2\/product"}],"about":[{"href":"https:\/\/taniabonament.pl\/sluchawki\/wp-json\/wp\/v2\/types\/product"}],"replies":[{"embeddable":true,"href":"https:\/\/taniabonament.pl\/sluchawki\/wp-json\/wp\/v2\/comments?post=10711"}],"wp:featuredmedia":[{"embeddable":true,"href":"https:\/\/taniabonament.pl\/sluchawki\/wp-json\/wp\/v2\/media\/10712"}],"wp:attachment":[{"href":"https:\/\/taniabonament.pl\/sluchawki\/wp-json\/wp\/v2\/media?parent=10711"}],"wp:term":[{"taxonomy":"product_cat","embeddable":true,"href":"https:\/\/taniabonament.pl\/sluchawki\/wp-json\/wp\/v2\/product_cat?post=10711"},{"taxonomy":"product_tag","embeddable":true,"href":"https:\/\/taniabonament.pl\/sluchawki\/wp-json\/wp\/v2\/product_tag?post=10711"}],"curies":[{"name":"wp","href":"https:\/\/api.w.org\/{rel}","templated":true}]}}