{"id":10402,"date":"2022-02-14T20:28:31","date_gmt":"2022-02-14T20:28:31","guid":{"rendered":"https:\/\/taniabonament.pl\/sluchawki\/model\/ugreen-av192-rozdzielacz-audio-aux-sluchawki-mikrofon-do-kabel-mini-jack-3-5mm-szary-w-cenie-19-0-pln\/"},"modified":"2022-02-14T20:28:40","modified_gmt":"2022-02-14T20:28:40","slug":"ugreen-av192-rozdzielacz-audio-aux-sluchawki-mikrofon-do-kabel-mini-jack-3-5mm-szary-w-cenie-19-0-pln","status":"publish","type":"product","link":"https:\/\/taniabonament.pl\/sluchawki\/model\/ugreen-av192-rozdzielacz-audio-aux-sluchawki-mikrofon-do-kabel-mini-jack-3-5mm-szary-w-cenie-19-0-pln\/","title":{"rendered":"UGREEN AV192 Rozdzielacz audio AUX s\u0142uchawki + mikrofon do kabel mini jack 3.5mm (szary) &#8211; w cenie 19.0 PLN"},"content":{"rendered":"<p><img decoding=\"async\" style=\"margin-right: 25px; margin-bottom: 10px; width: 220px;\" src=\"https:\/\/static.convertiser.com\/media\/product_images\/294\/6039b3c8d83481772c2fd3e0b01f8443\/aa9203fbd7a55578510572317fb8d0e4809a54db.webp\" alt=\"s\u0142uchawki z mikrofonem UGREEN\" align=\"left\" \/><\/p>\n<h2>S\u0142uchawki marki UGREEN<\/h2>\n<p>CENA ORYGINALNA: 19.0 PLN<\/p>\n<div style=\"font-weight: bold; font-size: 18px;\">\n<p>UWAGA <span style=\"color: red;\">MAMY RABATY!<\/span><\/p>\n<p>Szczeg\u00f3\u0142owe parametry takie jak dane techniczne, promocje sprawdzisz poni\u017cej w Akces-markt.pl. Rozmawiaj wygodnie przez mikrofon podczas pracy zdalnej. Odizoluj si\u0119 od niepo\u017c\u0105danych d\u017awi\u0119k\u00f3w zewn\u0119trznych. Ciesz si\u0119 czystym brzmieniem w s\u0142uchawkach. Przejd\u017a teraz bezpo\u015brednio do z sklepu gdzie szybko zakupisz te s\u0142uchawki w korzystnej cenie.<\/p>\n<p><span style=\"color: #fff; background-color: #000000; padding: 1px 7px;\"><strong>UGREEN<\/strong><\/span><strong><span style=\"margin-left: 5px; color: #fff; background-color: red; padding: 1px 7px;\">19.0 PLN<\/span><\/strong><\/p>\n<p>&nbsp;<\/p>\n<p>&nbsp;<\/p>\n<\/div>\n<p style=\"text-align: center; padding-bottom: 15px;\"><a style=\"color: #fff; font-size: 22px; background-color: #e4144d; padding: 9px 14px; border-radius: 7px; text-decoration: underline;\" href=\"https:\/\/converti.se\/click\/34590059-c70e8160-5f3ad5bd\/?deep_link=https%3A%2F%2Fakces-markt.pl%2Fpl%2Fp%2FUGREEN-AV192-Rozdzielacz-audio-AUX-sluchawki-mikrofon-do-kabel-mini-jack-3.5mm-szary%2F146818&#038;sid=sluchawki-z-mikrofonem&#038;tag6=product&#038;tag8=6039b3c8d83481772c2fd3e0b01f8443&#038;tag9=UGREEN+AV192+Rozdzielacz+audio+AUX+s%C5%82uchawki+%2B+mikrofon+do+kabel+mini+jack+3.5mm+%28szary%29\" target=\"_blank\" rel=\"nofollow noopener\">Kup teraz<\/a> <span style=\"font-size: 22px; padding-left: 10px;\">19.0 PLN<\/span><\/p>\n","protected":false},"excerpt":{"rendered":"<h3>Odpowiednie <span style='color: red;'>s\u0142uchawki<\/span> z mikrofonem? <\/h3>\n<p> Cechy i zalety: <\/p>\n<ul style='padding-left: 10px; padding-bottom: 10px;'>\n<li style='padding-top: 10px;'>Rozdzielacz audio AUX do s\u0142uchawek z mikrofonemRozdzielacz UGREEN oferuje wiele mo\u017cliwo\u015bci\n<li style='padding-top: 10px;'>Umo\u017cliwia pod\u0142\u0105czenie s\u0142uchawek do rozdzielacza, aby swobodnie s\u0142ucha\u0107 muzyki, ogl\u0105da\u0107 filmy czy prowadzi\u0107 rozmowy\n<li style='padding-top: 10px;'>Kompatybilny ze wszystkimi urz\u0105dzeniami obs\u0142uguj\u0105cymi wej\u015bcie mini jack 3,5 mm\n<li style='padding-top: 10px;'>Posiada dwie ko\u0144c\u00f3wki, kt\u00f3re wpina si\u0119 do komputera b\u0105d\u017a laptopa (jedna do wej\u015bcia na s\u0142uchawki, a druga na mikrofon).\u00a0Proste u\u017cytkowanieUgreen AV192 dostarczy Ci szereg ciekawych wra\u017ce\u0144 zwi\u0105zanych ze \u015bwiatem muzyki\n<li style='padding-top: 10px;'>Wystarczy podpi\u0105\u0107 s\u0142uchawki, g\u0142o\u015bnik lub mikrofon do gniazda mini jack w laptopie\n<li style='padding-top: 10px;'>Obie wtyczki zosta\u0142y oznaczone ikonami odpowiadaj\u0105cym ich funkcjom, aby jeszcze bardziej u\u0142atwi\u0107 korzystanie podczas s\u0142uchania swoich ulubionych piosenek.\u00a0Najwy\u017csza jako\u015b\u0107 d\u017awi\u0119kuTechnologia Hi-Fi stereo zapewnia krystaliczne brzmienie i p\u0142ynn\u0105 transmisj\u0119, bez \u017cadnych zak\u0142\u00f3ce\u0144\n<li style='padding-top: 10px;'>Odpowiedni balans wysokich i niskich ton\u00f3w idealnie odwzorowuje najmniejszy szczeg\u00f3\u0142, pozwalaj\u0105c cieszy\u0107 si\u0119 nowymi do\u015bwiadczeniami.\u00a0Szeroka kompatybilno\u015b\u0107Kabel jest dostosowany do pracy z wieloma urz\u0105dzeniami, mo\u017cesz wi\u0119c wykorzysta\u0107 go na mn\u00f3stwo r\u00f3\u017cnych sposob\u00f3w\n<li style='padding-top: 10px;'>Pod\u0142\u0105cz telefon lub telewizor do wzmacniacza, aby s\u0142ucha\u0107 swoich ulubionych piosenek tak, jak chcesz\n<li style='padding-top: 10px;'>Jego uniwersalno\u015b\u0107 sprawdzi si\u0119 tak\u017ce w telewizorach, g\u0142o\u015bnikach oraz mikserach audio.\u00a0Wytrzyma\u0142y designProdukt zosta\u0142 stworzony z my\u015bl\u0105 o zaskakuj\u0105co d\u0142ugiej \u017cywotno\u015bci\n<li style='padding-top: 10px;'>Specjalna pow\u0142oka chroni przed drobnymi uszkodzeniami mechanicznymi, takimi jak przetarcia czy z\u0142amania\n<li style='padding-top: 10px;'>Ca\u0142y przew\u00f3d jest wzmocniony w najbardziej podatnych na p\u0119kni\u0119cia miejscach\n<li style='padding-top: 10px;'>Wszystko to sprawia, \u017ce AV192 znajdzie zastosowanie w ka\u017cdej sytuacji.\u00a0SpecyfikacjaProducentUgreenModelAV192Z\u0142\u0105czeAUX, poz\u0142acane ko\u0144c\u00f3wki\u015arednica przewodu3.5mmMateria\u0142Nylon + AluminiumD\u0142ugo\u015b\u010720 cm<\/ul>\n","protected":false},"featured_media":10403,"comment_status":"closed","ping_status":"open","template":"","meta":[],"product_cat":[601,76],"product_tag":[],"class_list":{"0":"post-10402","1":"product","2":"type-product","3":"status-publish","5":"hentry","6":"product_cat-sluchawki-z-mikrofonem","7":"product_cat-ugreen","8":"pa_producent-ugreen","9":"pa_sklep-akces-markt-pl"},"yoast_head":"<!-- This site is optimized with the Yoast SEO plugin v20.9 - https:\/\/yoast.com\/wordpress\/plugins\/seo\/ -->\n<title>s\u0142uchawki z mikrofonem UGREEN<\/title>\n<meta name=\"description\" content=\"S\u0142uchawki z mikrofonem. Model UGREEN w atrakcyjnej cenie 19.0 PLN. Przedstawiamy s\u0142uchawki do pracy zdalnej i s\u0142uchania muzyki.\" \/>\n<meta name=\"robots\" content=\"index, follow, max-snippet:-1, max-image-preview:large, max-video-preview:-1\" \/>\n<link rel=\"canonical\" href=\"https:\/\/taniabonament.pl\/sluchawki\/model\/ugreen-av192-rozdzielacz-audio-aux-sluchawki-mikrofon-do-kabel-mini-jack-3-5mm-szary-w-cenie-19-0-pln\/\" \/>\n<meta property=\"og:locale\" content=\"pl_PL\" \/>\n<meta property=\"og:type\" content=\"article\" \/>\n<meta property=\"og:title\" content=\"s\u0142uchawki z mikrofonem UGREEN\" \/>\n<meta property=\"og:description\" content=\"S\u0142uchawki z mikrofonem. Model UGREEN w atrakcyjnej cenie 19.0 PLN. Przedstawiamy s\u0142uchawki do pracy zdalnej i s\u0142uchania muzyki.\" \/>\n<meta property=\"og:url\" content=\"https:\/\/taniabonament.pl\/sluchawki\/model\/ugreen-av192-rozdzielacz-audio-aux-sluchawki-mikrofon-do-kabel-mini-jack-3-5mm-szary-w-cenie-19-0-pln\/\" \/>\n<meta property=\"og:site_name\" content=\"TaniAbonament.pl S\u0142uchawki\" \/>\n<meta property=\"article:modified_time\" content=\"2022-02-14T20:28:40+00:00\" \/>\n<meta property=\"og:image\" content=\"https:\/\/taniabonament.pl\/sluchawki\/wp-content\/uploads\/2022\/02\/aa9203fbd7a55578510572317fb8d0e4809a54db.webp\" \/>\n\t<meta property=\"og:image:width\" content=\"385\" \/>\n\t<meta property=\"og:image:height\" content=\"500\" \/>\n\t<meta property=\"og:image:type\" content=\"image\/jpeg\" \/>\n<meta name=\"twitter:card\" content=\"summary_large_image\" \/>\n<script type=\"application\/ld+json\" class=\"yoast-schema-graph\">{\"@context\":\"https:\/\/schema.org\",\"@graph\":[{\"@type\":\"WebPage\",\"@id\":\"https:\/\/taniabonament.pl\/sluchawki\/model\/ugreen-av192-rozdzielacz-audio-aux-sluchawki-mikrofon-do-kabel-mini-jack-3-5mm-szary-w-cenie-19-0-pln\/\",\"url\":\"https:\/\/taniabonament.pl\/sluchawki\/model\/ugreen-av192-rozdzielacz-audio-aux-sluchawki-mikrofon-do-kabel-mini-jack-3-5mm-szary-w-cenie-19-0-pln\/\",\"name\":\"s\u0142uchawki z mikrofonem UGREEN\",\"isPartOf\":{\"@id\":\"https:\/\/taniabonament.pl\/sluchawki\/#website\"},\"datePublished\":\"2022-02-14T20:28:31+00:00\",\"dateModified\":\"2022-02-14T20:28:40+00:00\",\"description\":\"S\u0142uchawki z mikrofonem. Model UGREEN w atrakcyjnej cenie 19.0 PLN. Przedstawiamy s\u0142uchawki do pracy zdalnej i s\u0142uchania muzyki.\",\"breadcrumb\":{\"@id\":\"https:\/\/taniabonament.pl\/sluchawki\/model\/ugreen-av192-rozdzielacz-audio-aux-sluchawki-mikrofon-do-kabel-mini-jack-3-5mm-szary-w-cenie-19-0-pln\/#breadcrumb\"},\"inLanguage\":\"pl-PL\",\"potentialAction\":[{\"@type\":\"ReadAction\",\"target\":[\"https:\/\/taniabonament.pl\/sluchawki\/model\/ugreen-av192-rozdzielacz-audio-aux-sluchawki-mikrofon-do-kabel-mini-jack-3-5mm-szary-w-cenie-19-0-pln\/\"]}]},{\"@type\":\"BreadcrumbList\",\"@id\":\"https:\/\/taniabonament.pl\/sluchawki\/model\/ugreen-av192-rozdzielacz-audio-aux-sluchawki-mikrofon-do-kabel-mini-jack-3-5mm-szary-w-cenie-19-0-pln\/#breadcrumb\",\"itemListElement\":[{\"@type\":\"ListItem\",\"position\":1,\"name\":\"Strona g\u0142\u00f3wna\",\"item\":\"https:\/\/taniabonament.pl\/sluchawki\/\"},{\"@type\":\"ListItem\",\"position\":2,\"name\":\"Sklep\",\"item\":\"https:\/\/taniabonament.pl\/sluchawki\/\"},{\"@type\":\"ListItem\",\"position\":3,\"name\":\"UGREEN AV192 Rozdzielacz audio AUX s\u0142uchawki + mikrofon do kabel mini jack 3.5mm (szary) &#8211; w cenie 19.0 PLN\"}]},{\"@type\":\"WebSite\",\"@id\":\"https:\/\/taniabonament.pl\/sluchawki\/#website\",\"url\":\"https:\/\/taniabonament.pl\/sluchawki\/\",\"name\":\"TaniAbonament.pl S\u0142uchawki\",\"description\":\"\u015bwiat s\u0142uchawek idealnych do pracy zdalnej\",\"potentialAction\":[{\"@type\":\"SearchAction\",\"target\":{\"@type\":\"EntryPoint\",\"urlTemplate\":\"https:\/\/taniabonament.pl\/sluchawki\/?s={search_term_string}\"},\"query-input\":\"required name=search_term_string\"}],\"inLanguage\":\"pl-PL\"}]}<\/script>\n<!-- \/ Yoast SEO plugin. -->","yoast_head_json":{"title":"s\u0142uchawki z mikrofonem UGREEN","description":"S\u0142uchawki z mikrofonem. Model UGREEN w atrakcyjnej cenie 19.0 PLN. Przedstawiamy s\u0142uchawki do pracy zdalnej i s\u0142uchania muzyki.","robots":{"index":"index","follow":"follow","max-snippet":"max-snippet:-1","max-image-preview":"max-image-preview:large","max-video-preview":"max-video-preview:-1"},"canonical":"https:\/\/taniabonament.pl\/sluchawki\/model\/ugreen-av192-rozdzielacz-audio-aux-sluchawki-mikrofon-do-kabel-mini-jack-3-5mm-szary-w-cenie-19-0-pln\/","og_locale":"pl_PL","og_type":"article","og_title":"s\u0142uchawki z mikrofonem UGREEN","og_description":"S\u0142uchawki z mikrofonem. Model UGREEN w atrakcyjnej cenie 19.0 PLN. Przedstawiamy s\u0142uchawki do pracy zdalnej i s\u0142uchania muzyki.","og_url":"https:\/\/taniabonament.pl\/sluchawki\/model\/ugreen-av192-rozdzielacz-audio-aux-sluchawki-mikrofon-do-kabel-mini-jack-3-5mm-szary-w-cenie-19-0-pln\/","og_site_name":"TaniAbonament.pl S\u0142uchawki","article_modified_time":"2022-02-14T20:28:40+00:00","og_image":[{"width":385,"height":500,"url":"https:\/\/taniabonament.pl\/sluchawki\/wp-content\/uploads\/2022\/02\/aa9203fbd7a55578510572317fb8d0e4809a54db.webp","type":"image\/jpeg"}],"twitter_card":"summary_large_image","schema":{"@context":"https:\/\/schema.org","@graph":[{"@type":"WebPage","@id":"https:\/\/taniabonament.pl\/sluchawki\/model\/ugreen-av192-rozdzielacz-audio-aux-sluchawki-mikrofon-do-kabel-mini-jack-3-5mm-szary-w-cenie-19-0-pln\/","url":"https:\/\/taniabonament.pl\/sluchawki\/model\/ugreen-av192-rozdzielacz-audio-aux-sluchawki-mikrofon-do-kabel-mini-jack-3-5mm-szary-w-cenie-19-0-pln\/","name":"s\u0142uchawki z mikrofonem UGREEN","isPartOf":{"@id":"https:\/\/taniabonament.pl\/sluchawki\/#website"},"datePublished":"2022-02-14T20:28:31+00:00","dateModified":"2022-02-14T20:28:40+00:00","description":"S\u0142uchawki z mikrofonem. Model UGREEN w atrakcyjnej cenie 19.0 PLN. Przedstawiamy s\u0142uchawki do pracy zdalnej i s\u0142uchania muzyki.","breadcrumb":{"@id":"https:\/\/taniabonament.pl\/sluchawki\/model\/ugreen-av192-rozdzielacz-audio-aux-sluchawki-mikrofon-do-kabel-mini-jack-3-5mm-szary-w-cenie-19-0-pln\/#breadcrumb"},"inLanguage":"pl-PL","potentialAction":[{"@type":"ReadAction","target":["https:\/\/taniabonament.pl\/sluchawki\/model\/ugreen-av192-rozdzielacz-audio-aux-sluchawki-mikrofon-do-kabel-mini-jack-3-5mm-szary-w-cenie-19-0-pln\/"]}]},{"@type":"BreadcrumbList","@id":"https:\/\/taniabonament.pl\/sluchawki\/model\/ugreen-av192-rozdzielacz-audio-aux-sluchawki-mikrofon-do-kabel-mini-jack-3-5mm-szary-w-cenie-19-0-pln\/#breadcrumb","itemListElement":[{"@type":"ListItem","position":1,"name":"Strona g\u0142\u00f3wna","item":"https:\/\/taniabonament.pl\/sluchawki\/"},{"@type":"ListItem","position":2,"name":"Sklep","item":"https:\/\/taniabonament.pl\/sluchawki\/"},{"@type":"ListItem","position":3,"name":"UGREEN AV192 Rozdzielacz audio AUX s\u0142uchawki + mikrofon do kabel mini jack 3.5mm (szary) &#8211; w cenie 19.0 PLN"}]},{"@type":"WebSite","@id":"https:\/\/taniabonament.pl\/sluchawki\/#website","url":"https:\/\/taniabonament.pl\/sluchawki\/","name":"TaniAbonament.pl S\u0142uchawki","description":"\u015bwiat s\u0142uchawek idealnych do pracy zdalnej","potentialAction":[{"@type":"SearchAction","target":{"@type":"EntryPoint","urlTemplate":"https:\/\/taniabonament.pl\/sluchawki\/?s={search_term_string}"},"query-input":"required name=search_term_string"}],"inLanguage":"pl-PL"}]}},"_links":{"self":[{"href":"https:\/\/taniabonament.pl\/sluchawki\/wp-json\/wp\/v2\/product\/10402","targetHints":{"allow":["GET"]}}],"collection":[{"href":"https:\/\/taniabonament.pl\/sluchawki\/wp-json\/wp\/v2\/product"}],"about":[{"href":"https:\/\/taniabonament.pl\/sluchawki\/wp-json\/wp\/v2\/types\/product"}],"replies":[{"embeddable":true,"href":"https:\/\/taniabonament.pl\/sluchawki\/wp-json\/wp\/v2\/comments?post=10402"}],"wp:featuredmedia":[{"embeddable":true,"href":"https:\/\/taniabonament.pl\/sluchawki\/wp-json\/wp\/v2\/media\/10403"}],"wp:attachment":[{"href":"https:\/\/taniabonament.pl\/sluchawki\/wp-json\/wp\/v2\/media?parent=10402"}],"wp:term":[{"taxonomy":"product_cat","embeddable":true,"href":"https:\/\/taniabonament.pl\/sluchawki\/wp-json\/wp\/v2\/product_cat?post=10402"},{"taxonomy":"product_tag","embeddable":true,"href":"https:\/\/taniabonament.pl\/sluchawki\/wp-json\/wp\/v2\/product_tag?post=10402"}],"curies":[{"name":"wp","href":"https:\/\/api.w.org\/{rel}","templated":true}]}}