{"id":10145,"date":"2022-02-14T20:26:45","date_gmt":"2022-02-14T20:26:45","guid":{"rendered":"https:\/\/taniabonament.pl\/sluchawki\/model\/sluchawki-dokanalowe-przewodowe-edifier-gm2-se-czarne-w-cenie-119-0-pln\/"},"modified":"2022-02-14T20:26:47","modified_gmt":"2022-02-14T20:26:47","slug":"sluchawki-dokanalowe-przewodowe-edifier-gm2-se-czarne-w-cenie-119-0-pln","status":"publish","type":"product","link":"https:\/\/taniabonament.pl\/sluchawki\/model\/sluchawki-dokanalowe-przewodowe-edifier-gm2-se-czarne-w-cenie-119-0-pln\/","title":{"rendered":"S\u0142uchawki dokana\u0142owe przewodowe Edifier GM2 SE (czarne) &#8211; w cenie 119.0 PLN"},"content":{"rendered":"<p><img decoding=\"async\" style=\"margin-right: 25px; margin-bottom: 10px; width: 220px;\" src=\"https:\/\/static.convertiser.com\/media\/product_images\/294\/bec2b569b943e89655b8bcfff58b059a\/115bd401c97babc5d09f7b55027354b1498ac4e7.webp\" alt=\"s\u0142uchawki z mikrofonem Edifier\" align=\"left\" \/><\/p>\n<h2>S\u0142uchawki marki Edifier<\/h2>\n<p>CENA ORYGINALNA: 119.0 PLN<\/p>\n<div style=\"font-weight: bold; font-size: 18px;\">\n<p>UWAGA <span style=\"color: red;\">MAMY RABATY!<\/span><\/p>\n<p>Szczeg\u00f3\u0142owe parametry takie jak dane techniczne, promocje sprawdzisz poni\u017cej w Akces-markt.pl. Rozmawiaj wygodnie przez mikrofon podczas pracy zdalnej. Odizoluj si\u0119 od niepo\u017c\u0105danych d\u017awi\u0119k\u00f3w zewn\u0119trznych. Ciesz si\u0119 czystym brzmieniem w s\u0142uchawkach. Przejd\u017a teraz bezpo\u015brednio do z sklepu gdzie szybko zakupisz te s\u0142uchawki w korzystnej cenie.<\/p>\n<p><span style=\"color: #fff; background-color: #000000; padding: 1px 7px;\"><strong>Edifier<\/strong><\/span><strong><span style=\"margin-left: 5px; color: #fff; background-color: red; padding: 1px 7px;\">119.0 PLN<\/span><\/strong><\/p>\n<p>&nbsp;<\/p>\n<p>&nbsp;<\/p>\n<\/div>\n<p style=\"text-align: center; padding-bottom: 15px;\"><a style=\"color: #fff; font-size: 22px; background-color: #e4144d; padding: 9px 14px; border-radius: 7px; text-decoration: underline;\" href=\"https:\/\/converti.se\/click\/34590059-c70e8160-5f3ad5bd\/?deep_link=https%3A%2F%2Fakces-markt.pl%2Fpl%2Fp%2FSluchawki-dokanalowe-przewodowe-Edifier-GM2-SE-czarne%2F146886&#038;sid=sluchawki-z-mikrofonem&#038;tag6=product&#038;tag8=bec2b569b943e89655b8bcfff58b059a&#038;tag9=S%C5%82uchawki+dokana%C5%82owe+przewodowe+Edifier+GM2+SE+%28czarne%29\" target=\"_blank\" rel=\"nofollow noopener\">Kup teraz<\/a> <span style=\"font-size: 22px; padding-left: 10px;\">119.0 PLN<\/span><\/p>\n","protected":false},"excerpt":{"rendered":"<h3>Odpowiednie <span style='color: red;'>s\u0142uchawki<\/span> z mikrofonem? <\/h3>\n<p> Cechy i zalety: <\/p>\n<ul style='padding-left: 10px; padding-bottom: 10px;'>\n<li style='padding-top: 10px;'>Stworzone specjalnie dla graczyS\u0142uchawki GM2 SE zosta\u0142y stworzone specjalnie dla graczy\n<li style='padding-top: 10px;'>Zapewniaj\u0105 wysokiej jako\u015bci d\u017awi\u0119k podczas ka\u017cdej rozgrywki\n<li style='padding-top: 10px;'>Dzi\u0119ki nim Twoje wra\u017cenia podczas grania b\u0119d\u0105 jeszcze lepsze\n<li style='padding-top: 10px;'>Zosta\u0142y wyposa\u017cone w funkcj\u0119 redukcji szum\u00f3w, pozwalaj\u0105c skupi\u0107 si\u0119 wy\u0142\u0105cznie na grze\n<li style='padding-top: 10px;'>Posiadaj\u0105 zintegrowany z kablem pilot, za pomoc\u0105 kt\u00f3rego b\u0142yskawicznie wyciszysz mikrofon lub wyregulujesz g\u0142o\u015bno\u015b\u0107\n<li style='padding-top: 10px;'>Te s\u0142uchawki zadowol\u0105 nawet najbardziej wymagaj\u0105cego gracza.Imponuj\u0105ca jako\u015b\u0107 d\u017awi\u0119kuW modelu GM2 SE wysokie, \u015brednie i niskie cz\u0119stotliwo\u015bci zosta\u0142y dok\u0142adnie opracowane\n<li style='padding-top: 10px;'>Wszystko po to, by ka\u017cdy d\u017awi\u0119k by\u0142 dok\u0142adny, a bas jeszcze mocniejszy.Komfortowe u\u017cytkowanieErgonomiczny kszta\u0142t s\u0142uchawek sprawia, \u017ce s\u0105 one niezwykle wygodne podczas u\u017cytkowania\n<li style='padding-top: 10px;'>Nawet podczas wielu godzin sp\u0119dzonych na swoich ulubionych rozgrywkach nie odczujesz dyskomfortu.\u00a0\u0141atwa kontrolaDzi\u0119ki panelowi steruj\u0105cemu mo\u017cesz \u0142atwo i szybko kontrolowa\u0107 swoje GM2 SE\n<li style='padding-top: 10px;'>Jedno klikni\u0119cie sprawi, \u017ce odbierzesz\/odrzucisz po\u0142\u0105czenie lub w\u0142\u0105czysz\/zatrzymasz utw\u00f3r\n<li style='padding-top: 10px;'>Z kolei podw\u00f3jne klikni\u0119cie prze\u0142\u0105czy na kolejne utw\u00f3r, a potr\u00f3jne na poprzedni.\u00a0Trwa\u0142y i wytrzyma\u0142y przew\u00f3dWysokiej jako\u015bci przew\u00f3d sk\u0142ada si\u0119 mi\u0119dzy innymi z trwa\u0142ej i wytrzyma\u0142ej miedzi, a zewn\u0119trzna cz\u0119\u015b\u0107 z odpornego na uszkodzenia materia\u0142u TPE\n<li style='padding-top: 10px;'>Dzi\u0119ki temu przew\u00f3d kabla jest trwa\u0142y i odporny na drobne uszkodzenia mechaniczne.\u00a0Specyfikacja\u00a0ProducentEdifierModelGM2 SEKolorczarnyTypdokana\u0142owe\u015arednica przetwornika6 mm (x4)Pasmo przenoszenia20Hz &#8211; 20 kHzImpedancja16 \u03a9Czu\u0142o\u015b\u0107100 \u00b1 3dBMikrofondook\u00f3lnyPort3.5 mmD\u0142ugo\u015b\u0107 kabla1.3 m<\/ul>\n","protected":false},"featured_media":10146,"comment_status":"closed","ping_status":"open","template":"","meta":[],"product_cat":[82,601],"product_tag":[],"class_list":{"0":"post-10145","1":"product","2":"type-product","3":"status-publish","5":"hentry","6":"product_cat-edifier","7":"product_cat-sluchawki-z-mikrofonem","8":"pa_producent-edifier","9":"pa_sklep-akces-markt-pl"},"yoast_head":"<!-- This site is optimized with the Yoast SEO plugin v20.9 - https:\/\/yoast.com\/wordpress\/plugins\/seo\/ -->\n<title>s\u0142uchawki z mikrofonem Edifier<\/title>\n<meta name=\"description\" content=\"S\u0142uchawki z mikrofonem. Model Edifier w atrakcyjnej cenie 119.0 PLN. Przedstawiamy s\u0142uchawki do pracy zdalnej i s\u0142uchania muzyki.\" \/>\n<meta name=\"robots\" content=\"index, follow, max-snippet:-1, max-image-preview:large, max-video-preview:-1\" \/>\n<link rel=\"canonical\" href=\"https:\/\/taniabonament.pl\/sluchawki\/model\/sluchawki-dokanalowe-przewodowe-edifier-gm2-se-czarne-w-cenie-119-0-pln\/\" \/>\n<meta property=\"og:locale\" content=\"pl_PL\" \/>\n<meta property=\"og:type\" content=\"article\" \/>\n<meta property=\"og:title\" content=\"s\u0142uchawki z mikrofonem Edifier\" \/>\n<meta property=\"og:description\" content=\"S\u0142uchawki z mikrofonem. Model Edifier w atrakcyjnej cenie 119.0 PLN. Przedstawiamy s\u0142uchawki do pracy zdalnej i s\u0142uchania muzyki.\" \/>\n<meta property=\"og:url\" content=\"https:\/\/taniabonament.pl\/sluchawki\/model\/sluchawki-dokanalowe-przewodowe-edifier-gm2-se-czarne-w-cenie-119-0-pln\/\" \/>\n<meta property=\"og:site_name\" content=\"TaniAbonament.pl S\u0142uchawki\" \/>\n<meta property=\"article:modified_time\" content=\"2022-02-14T20:26:47+00:00\" \/>\n<meta property=\"og:image\" content=\"https:\/\/taniabonament.pl\/sluchawki\/wp-content\/uploads\/2022\/02\/115bd401c97babc5d09f7b55027354b1498ac4e7.webp\" \/>\n\t<meta property=\"og:image:width\" content=\"399\" \/>\n\t<meta property=\"og:image:height\" content=\"500\" \/>\n\t<meta property=\"og:image:type\" content=\"image\/jpeg\" \/>\n<meta name=\"twitter:card\" content=\"summary_large_image\" \/>\n<script type=\"application\/ld+json\" class=\"yoast-schema-graph\">{\"@context\":\"https:\/\/schema.org\",\"@graph\":[{\"@type\":\"WebPage\",\"@id\":\"https:\/\/taniabonament.pl\/sluchawki\/model\/sluchawki-dokanalowe-przewodowe-edifier-gm2-se-czarne-w-cenie-119-0-pln\/\",\"url\":\"https:\/\/taniabonament.pl\/sluchawki\/model\/sluchawki-dokanalowe-przewodowe-edifier-gm2-se-czarne-w-cenie-119-0-pln\/\",\"name\":\"s\u0142uchawki z mikrofonem Edifier\",\"isPartOf\":{\"@id\":\"https:\/\/taniabonament.pl\/sluchawki\/#website\"},\"datePublished\":\"2022-02-14T20:26:45+00:00\",\"dateModified\":\"2022-02-14T20:26:47+00:00\",\"description\":\"S\u0142uchawki z mikrofonem. Model Edifier w atrakcyjnej cenie 119.0 PLN. Przedstawiamy s\u0142uchawki do pracy zdalnej i s\u0142uchania muzyki.\",\"breadcrumb\":{\"@id\":\"https:\/\/taniabonament.pl\/sluchawki\/model\/sluchawki-dokanalowe-przewodowe-edifier-gm2-se-czarne-w-cenie-119-0-pln\/#breadcrumb\"},\"inLanguage\":\"pl-PL\",\"potentialAction\":[{\"@type\":\"ReadAction\",\"target\":[\"https:\/\/taniabonament.pl\/sluchawki\/model\/sluchawki-dokanalowe-przewodowe-edifier-gm2-se-czarne-w-cenie-119-0-pln\/\"]}]},{\"@type\":\"BreadcrumbList\",\"@id\":\"https:\/\/taniabonament.pl\/sluchawki\/model\/sluchawki-dokanalowe-przewodowe-edifier-gm2-se-czarne-w-cenie-119-0-pln\/#breadcrumb\",\"itemListElement\":[{\"@type\":\"ListItem\",\"position\":1,\"name\":\"Strona g\u0142\u00f3wna\",\"item\":\"https:\/\/taniabonament.pl\/sluchawki\/\"},{\"@type\":\"ListItem\",\"position\":2,\"name\":\"Sklep\",\"item\":\"https:\/\/taniabonament.pl\/sluchawki\/\"},{\"@type\":\"ListItem\",\"position\":3,\"name\":\"S\u0142uchawki dokana\u0142owe przewodowe Edifier GM2 SE (czarne) &#8211; w cenie 119.0 PLN\"}]},{\"@type\":\"WebSite\",\"@id\":\"https:\/\/taniabonament.pl\/sluchawki\/#website\",\"url\":\"https:\/\/taniabonament.pl\/sluchawki\/\",\"name\":\"TaniAbonament.pl S\u0142uchawki\",\"description\":\"\u015bwiat s\u0142uchawek idealnych do pracy zdalnej\",\"potentialAction\":[{\"@type\":\"SearchAction\",\"target\":{\"@type\":\"EntryPoint\",\"urlTemplate\":\"https:\/\/taniabonament.pl\/sluchawki\/?s={search_term_string}\"},\"query-input\":\"required name=search_term_string\"}],\"inLanguage\":\"pl-PL\"}]}<\/script>\n<!-- \/ Yoast SEO plugin. -->","yoast_head_json":{"title":"s\u0142uchawki z mikrofonem Edifier","description":"S\u0142uchawki z mikrofonem. Model Edifier w atrakcyjnej cenie 119.0 PLN. Przedstawiamy s\u0142uchawki do pracy zdalnej i s\u0142uchania muzyki.","robots":{"index":"index","follow":"follow","max-snippet":"max-snippet:-1","max-image-preview":"max-image-preview:large","max-video-preview":"max-video-preview:-1"},"canonical":"https:\/\/taniabonament.pl\/sluchawki\/model\/sluchawki-dokanalowe-przewodowe-edifier-gm2-se-czarne-w-cenie-119-0-pln\/","og_locale":"pl_PL","og_type":"article","og_title":"s\u0142uchawki z mikrofonem Edifier","og_description":"S\u0142uchawki z mikrofonem. Model Edifier w atrakcyjnej cenie 119.0 PLN. Przedstawiamy s\u0142uchawki do pracy zdalnej i s\u0142uchania muzyki.","og_url":"https:\/\/taniabonament.pl\/sluchawki\/model\/sluchawki-dokanalowe-przewodowe-edifier-gm2-se-czarne-w-cenie-119-0-pln\/","og_site_name":"TaniAbonament.pl S\u0142uchawki","article_modified_time":"2022-02-14T20:26:47+00:00","og_image":[{"width":399,"height":500,"url":"https:\/\/taniabonament.pl\/sluchawki\/wp-content\/uploads\/2022\/02\/115bd401c97babc5d09f7b55027354b1498ac4e7.webp","type":"image\/jpeg"}],"twitter_card":"summary_large_image","schema":{"@context":"https:\/\/schema.org","@graph":[{"@type":"WebPage","@id":"https:\/\/taniabonament.pl\/sluchawki\/model\/sluchawki-dokanalowe-przewodowe-edifier-gm2-se-czarne-w-cenie-119-0-pln\/","url":"https:\/\/taniabonament.pl\/sluchawki\/model\/sluchawki-dokanalowe-przewodowe-edifier-gm2-se-czarne-w-cenie-119-0-pln\/","name":"s\u0142uchawki z mikrofonem Edifier","isPartOf":{"@id":"https:\/\/taniabonament.pl\/sluchawki\/#website"},"datePublished":"2022-02-14T20:26:45+00:00","dateModified":"2022-02-14T20:26:47+00:00","description":"S\u0142uchawki z mikrofonem. Model Edifier w atrakcyjnej cenie 119.0 PLN. Przedstawiamy s\u0142uchawki do pracy zdalnej i s\u0142uchania muzyki.","breadcrumb":{"@id":"https:\/\/taniabonament.pl\/sluchawki\/model\/sluchawki-dokanalowe-przewodowe-edifier-gm2-se-czarne-w-cenie-119-0-pln\/#breadcrumb"},"inLanguage":"pl-PL","potentialAction":[{"@type":"ReadAction","target":["https:\/\/taniabonament.pl\/sluchawki\/model\/sluchawki-dokanalowe-przewodowe-edifier-gm2-se-czarne-w-cenie-119-0-pln\/"]}]},{"@type":"BreadcrumbList","@id":"https:\/\/taniabonament.pl\/sluchawki\/model\/sluchawki-dokanalowe-przewodowe-edifier-gm2-se-czarne-w-cenie-119-0-pln\/#breadcrumb","itemListElement":[{"@type":"ListItem","position":1,"name":"Strona g\u0142\u00f3wna","item":"https:\/\/taniabonament.pl\/sluchawki\/"},{"@type":"ListItem","position":2,"name":"Sklep","item":"https:\/\/taniabonament.pl\/sluchawki\/"},{"@type":"ListItem","position":3,"name":"S\u0142uchawki dokana\u0142owe przewodowe Edifier GM2 SE (czarne) &#8211; w cenie 119.0 PLN"}]},{"@type":"WebSite","@id":"https:\/\/taniabonament.pl\/sluchawki\/#website","url":"https:\/\/taniabonament.pl\/sluchawki\/","name":"TaniAbonament.pl S\u0142uchawki","description":"\u015bwiat s\u0142uchawek idealnych do pracy zdalnej","potentialAction":[{"@type":"SearchAction","target":{"@type":"EntryPoint","urlTemplate":"https:\/\/taniabonament.pl\/sluchawki\/?s={search_term_string}"},"query-input":"required name=search_term_string"}],"inLanguage":"pl-PL"}]}},"_links":{"self":[{"href":"https:\/\/taniabonament.pl\/sluchawki\/wp-json\/wp\/v2\/product\/10145","targetHints":{"allow":["GET"]}}],"collection":[{"href":"https:\/\/taniabonament.pl\/sluchawki\/wp-json\/wp\/v2\/product"}],"about":[{"href":"https:\/\/taniabonament.pl\/sluchawki\/wp-json\/wp\/v2\/types\/product"}],"replies":[{"embeddable":true,"href":"https:\/\/taniabonament.pl\/sluchawki\/wp-json\/wp\/v2\/comments?post=10145"}],"wp:featuredmedia":[{"embeddable":true,"href":"https:\/\/taniabonament.pl\/sluchawki\/wp-json\/wp\/v2\/media\/10146"}],"wp:attachment":[{"href":"https:\/\/taniabonament.pl\/sluchawki\/wp-json\/wp\/v2\/media?parent=10145"}],"wp:term":[{"taxonomy":"product_cat","embeddable":true,"href":"https:\/\/taniabonament.pl\/sluchawki\/wp-json\/wp\/v2\/product_cat?post=10145"},{"taxonomy":"product_tag","embeddable":true,"href":"https:\/\/taniabonament.pl\/sluchawki\/wp-json\/wp\/v2\/product_tag?post=10145"}],"curies":[{"name":"wp","href":"https:\/\/api.w.org\/{rel}","templated":true}]}}