{"id":10071,"date":"2022-02-14T20:26:08","date_gmt":"2022-02-14T20:26:08","guid":{"rendered":"https:\/\/taniabonament.pl\/sluchawki\/model\/sluchawki-soundpeats-truecapsule-czarne-w-cenie-139-0-pln\/"},"modified":"2022-02-14T20:26:16","modified_gmt":"2022-02-14T20:26:16","slug":"sluchawki-soundpeats-truecapsule-czarne-w-cenie-139-0-pln","status":"publish","type":"product","link":"https:\/\/taniabonament.pl\/sluchawki\/model\/sluchawki-soundpeats-truecapsule-czarne-w-cenie-139-0-pln\/","title":{"rendered":"S\u0142uchawki Soundpeats Truecapsule (czarne) &#8211; w cenie 139.0 PLN"},"content":{"rendered":"<p><img decoding=\"async\" style=\"margin-right: 25px; margin-bottom: 10px; width: 220px;\" src=\"https:\/\/static.convertiser.com\/media\/product_images\/294\/0b384233cbc8fdc92275016e1975dcf2\/6aa5f31e4790fe4d57d5069bdd1efa03ebda0df1.webp\" alt=\"s\u0142uchawki z mikrofonem Soundpeats\" align=\"left\" \/><\/p>\n<h2>S\u0142uchawki marki Soundpeats<\/h2>\n<p>CENA ORYGINALNA: 139.0 PLN<\/p>\n<div style=\"font-weight: bold; font-size: 18px;\">\n<p>UWAGA <span style=\"color: red;\">MAMY RABATY!<\/span><\/p>\n<p>Szczeg\u00f3\u0142owe parametry takie jak dane techniczne, promocje sprawdzisz poni\u017cej w Akces-markt.pl. Rozmawiaj wygodnie przez mikrofon podczas pracy zdalnej. Odizoluj si\u0119 od niepo\u017c\u0105danych d\u017awi\u0119k\u00f3w zewn\u0119trznych. Ciesz si\u0119 czystym brzmieniem w s\u0142uchawkach. Przejd\u017a teraz bezpo\u015brednio do z sklepu gdzie szybko zakupisz te s\u0142uchawki w korzystnej cenie.<\/p>\n<p><span style=\"color: #fff; background-color: #000000; padding: 1px 7px;\"><strong>Soundpeats<\/strong><\/span><strong><span style=\"margin-left: 5px; color: #fff; background-color: red; padding: 1px 7px;\">139.0 PLN<\/span><\/strong><\/p>\n<p>&nbsp;<\/p>\n<p>&nbsp;<\/p>\n<\/div>\n<p style=\"text-align: center; padding-bottom: 15px;\"><a style=\"color: #fff; font-size: 22px; background-color: #e4144d; padding: 9px 14px; border-radius: 7px; text-decoration: underline;\" href=\"https:\/\/converti.se\/click\/34590059-c70e8160-5f3ad5bd\/?deep_link=https%3A%2F%2Fakces-markt.pl%2Fpl%2Fp%2FSluchawki-Soundpeats-Truecapsule-czarne%2F147841&#038;sid=sluchawki-z-mikrofonem&#038;tag6=product&#038;tag8=0b384233cbc8fdc92275016e1975dcf2&#038;tag9=S%C5%82uchawki+Soundpeats+Truecapsule+%28czarne%29\" target=\"_blank\" rel=\"nofollow noopener\">Kup teraz<\/a> <span style=\"font-size: 22px; padding-left: 10px;\">139.0 PLN<\/span><\/p>\n","protected":false},"excerpt":{"rendered":"<h3>Odpowiednie <span style='color: red;'>s\u0142uchawki<\/span> z mikrofonem? <\/h3>\n<p> Cechy i zalety: <\/p>\n<ul style='padding-left: 10px; padding-bottom: 10px;'>\n<li style='padding-top: 10px;'>S\u0142uchawki TWS Soundpeats TruecapsuleWysokiej klasy d\u017awi\u0119k, niezawodne po\u0142\u0105czenie i d\u0142ugi czas pracy (do 24 h) to g\u0142\u00f3wne zalety Truecapsule\n<li style='padding-top: 10px;'>Ich ergonomiczny design zapewnia wygod\u0119, a obs\u0142uga za pomoc\u0105 paneli dotykowych gwarantuje proste i szybkie kontrolowanie akcesorium\n<li style='padding-top: 10px;'>Ponadto s\u0105 odporne na wod\u0119 na poziomie IPX5, wi\u0119c mo\u017cesz je bez obaw zabra\u0107 na trening.\u00a0Odkryj ulubione utwory na nowoS\u0142uchawki posiadaj\u0105 chip Realtek i membran\u0119 biologiczn\u0105, co pozytywnie wp\u0142ywa na jako\u015b\u0107 d\u017awi\u0119ku\n<li style='padding-top: 10px;'>Truecapsule dostarcz\u0105 Ci wysokiej klasy brzmienie bogate w tony basowe\n<li style='padding-top: 10px;'>Przekonaj si\u0119 sam!\u00a0Do 24h pracyPojemno\u015b\u0107 akumulatora etui \u0142aduj\u0105cego wynosi 650 mAh, co pozwala na korzystanie ze s\u0142uchawek a\u017c do 24 godzin\n<li style='padding-top: 10px;'>Dodatkowo akcesorium pozostaje w trybie czuwania przez 30 godzin\n<li style='padding-top: 10px;'>Aby na\u0142adowa\u0107 Truecapsule, skorzystaj z kabla do\u0142\u0105czonego do zestawu\n<li style='padding-top: 10px;'>Wystarczy oko\u0142o 1.5 godziny, aby s\u0142uchawki by\u0142y zn\u00f3w gotowe do pracy.\u00a0Bluetooth 5.0Szybka i stabilna transmisja bez zak\u0142\u00f3ce\u0144 i op\u00f3\u017anie\u0144? Tak, to mo\u017cliwe! S\u0142uchawki Soundpeats wykorzystuj\u0105 Bluetooth w wersji 5.0, dzi\u0119ki czemu mo\u017cesz cieszy\u0107 si\u0119 niezawodnym po\u0142\u0105czeniem do 10 m\n<li style='padding-top: 10px;'>Ponadto udoskonalony, podw\u00f3jny mikrofon zapewnia jeszcze lepsz\u0105 jako\u015b\u0107 rozm\u00f3w.\u00a0Wygodna obs\u0142uga dotykowaS\u0142uchawki w\u0142\u0105cz\u0105 si\u0119 automatycznie po wyj\u0119ciu ich z etui \u0142aduj\u0105cego i wy\u0142\u0105cz\u0105, kiedy je z powrotem od\u0142o\u017cysz\n<li style='padding-top: 10px;'>Panele dotykowe na s\u0142uchawkach umo\u017cliwiaj\u0105 zatrzymywanie odtwarzania, w\u0142\u0105czenie asystenta g\u0142osowego (Siri, Google Assistant) itp.\u00a0Zabierz ulubion\u0105 muzyk\u0119 na treningAkcesorium wyposa\u017cono w ochron\u0119 przed wod\u0105 na poziomie IPX5, co chroni je przed uszkodzeniem\n<li style='padding-top: 10px;'>Teraz mo\u017cesz s\u0142ucha\u0107 ulubionej muzyki podczas treningu na si\u0142owni, bez obaw o uszkodzenie akcesorium.\u00a0W zestawies\u0142uchawkietui \u0142aduj\u0105cekabel \u0142adowania USB do USB-Cnak\u0142adki silikonowe (3 pary)instrukcja obs\u0142ugi\u00a0Specyfikacja\u00a0ProducentSoundpeatsModelSonicChip BluetoothRTL8763BFPWersja Bluetooth5.0Wodoodporno\u015b\u0107IPX5Zasi\u0119g Bluetooth10 mProfile audioHSP1.2, HFP1.6, A2DP1.3, AVRCP1.6Pojemno\u015b\u0107 akumulatora650 mAh (etui \u0142aduj\u0105ce), 45 mAh (s\u0142uchawki)Czas \u0142adowaniaoko\u0142o 2.5 h (etui \u0142aduj\u0105ce), oko\u0142o 1.5h (s\u0142uchawki)Czas czuwania30 hCzas odtwarzania4h (s\u0142uchawki) + 20h (etui \u0142aduj\u0105ce)Kolorczarny<\/ul>\n","protected":false},"featured_media":10072,"comment_status":"closed","ping_status":"open","template":"","meta":[],"product_cat":[601,31],"product_tag":[],"class_list":{"0":"post-10071","1":"product","2":"type-product","3":"status-publish","5":"hentry","6":"product_cat-sluchawki-z-mikrofonem","7":"product_cat-soundpeats","8":"pa_producent-soundpeats","9":"pa_sklep-akces-markt-pl"},"yoast_head":"<!-- This site is optimized with the Yoast SEO plugin v20.9 - https:\/\/yoast.com\/wordpress\/plugins\/seo\/ -->\n<title>s\u0142uchawki z mikrofonem Soundpeats<\/title>\n<meta name=\"description\" content=\"S\u0142uchawki z mikrofonem. Model Soundpeats w atrakcyjnej cenie 139.0 PLN. Przedstawiamy s\u0142uchawki do pracy zdalnej i s\u0142uchania muzyki.\" \/>\n<meta name=\"robots\" content=\"index, follow, max-snippet:-1, max-image-preview:large, max-video-preview:-1\" \/>\n<link rel=\"canonical\" href=\"https:\/\/taniabonament.pl\/sluchawki\/model\/sluchawki-soundpeats-truecapsule-czarne-w-cenie-139-0-pln\/\" \/>\n<meta property=\"og:locale\" content=\"pl_PL\" \/>\n<meta property=\"og:type\" content=\"article\" \/>\n<meta property=\"og:title\" content=\"s\u0142uchawki z mikrofonem Soundpeats\" \/>\n<meta property=\"og:description\" content=\"S\u0142uchawki z mikrofonem. Model Soundpeats w atrakcyjnej cenie 139.0 PLN. Przedstawiamy s\u0142uchawki do pracy zdalnej i s\u0142uchania muzyki.\" \/>\n<meta property=\"og:url\" content=\"https:\/\/taniabonament.pl\/sluchawki\/model\/sluchawki-soundpeats-truecapsule-czarne-w-cenie-139-0-pln\/\" \/>\n<meta property=\"og:site_name\" content=\"TaniAbonament.pl S\u0142uchawki\" \/>\n<meta property=\"article:modified_time\" content=\"2022-02-14T20:26:16+00:00\" \/>\n<meta property=\"og:image\" content=\"https:\/\/taniabonament.pl\/sluchawki\/wp-content\/uploads\/2022\/02\/6aa5f31e4790fe4d57d5069bdd1efa03ebda0df1.webp\" \/>\n\t<meta property=\"og:image:width\" content=\"500\" \/>\n\t<meta property=\"og:image:height\" content=\"500\" \/>\n\t<meta property=\"og:image:type\" content=\"image\/jpeg\" \/>\n<meta name=\"twitter:card\" content=\"summary_large_image\" \/>\n<script type=\"application\/ld+json\" class=\"yoast-schema-graph\">{\"@context\":\"https:\/\/schema.org\",\"@graph\":[{\"@type\":\"WebPage\",\"@id\":\"https:\/\/taniabonament.pl\/sluchawki\/model\/sluchawki-soundpeats-truecapsule-czarne-w-cenie-139-0-pln\/\",\"url\":\"https:\/\/taniabonament.pl\/sluchawki\/model\/sluchawki-soundpeats-truecapsule-czarne-w-cenie-139-0-pln\/\",\"name\":\"s\u0142uchawki z mikrofonem Soundpeats\",\"isPartOf\":{\"@id\":\"https:\/\/taniabonament.pl\/sluchawki\/#website\"},\"datePublished\":\"2022-02-14T20:26:08+00:00\",\"dateModified\":\"2022-02-14T20:26:16+00:00\",\"description\":\"S\u0142uchawki z mikrofonem. Model Soundpeats w atrakcyjnej cenie 139.0 PLN. Przedstawiamy s\u0142uchawki do pracy zdalnej i s\u0142uchania muzyki.\",\"breadcrumb\":{\"@id\":\"https:\/\/taniabonament.pl\/sluchawki\/model\/sluchawki-soundpeats-truecapsule-czarne-w-cenie-139-0-pln\/#breadcrumb\"},\"inLanguage\":\"pl-PL\",\"potentialAction\":[{\"@type\":\"ReadAction\",\"target\":[\"https:\/\/taniabonament.pl\/sluchawki\/model\/sluchawki-soundpeats-truecapsule-czarne-w-cenie-139-0-pln\/\"]}]},{\"@type\":\"BreadcrumbList\",\"@id\":\"https:\/\/taniabonament.pl\/sluchawki\/model\/sluchawki-soundpeats-truecapsule-czarne-w-cenie-139-0-pln\/#breadcrumb\",\"itemListElement\":[{\"@type\":\"ListItem\",\"position\":1,\"name\":\"Strona g\u0142\u00f3wna\",\"item\":\"https:\/\/taniabonament.pl\/sluchawki\/\"},{\"@type\":\"ListItem\",\"position\":2,\"name\":\"Sklep\",\"item\":\"https:\/\/taniabonament.pl\/sluchawki\/\"},{\"@type\":\"ListItem\",\"position\":3,\"name\":\"S\u0142uchawki Soundpeats Truecapsule (czarne) &#8211; w cenie 139.0 PLN\"}]},{\"@type\":\"WebSite\",\"@id\":\"https:\/\/taniabonament.pl\/sluchawki\/#website\",\"url\":\"https:\/\/taniabonament.pl\/sluchawki\/\",\"name\":\"TaniAbonament.pl S\u0142uchawki\",\"description\":\"\u015bwiat s\u0142uchawek idealnych do pracy zdalnej\",\"potentialAction\":[{\"@type\":\"SearchAction\",\"target\":{\"@type\":\"EntryPoint\",\"urlTemplate\":\"https:\/\/taniabonament.pl\/sluchawki\/?s={search_term_string}\"},\"query-input\":\"required name=search_term_string\"}],\"inLanguage\":\"pl-PL\"}]}<\/script>\n<!-- \/ Yoast SEO plugin. -->","yoast_head_json":{"title":"s\u0142uchawki z mikrofonem Soundpeats","description":"S\u0142uchawki z mikrofonem. Model Soundpeats w atrakcyjnej cenie 139.0 PLN. Przedstawiamy s\u0142uchawki do pracy zdalnej i s\u0142uchania muzyki.","robots":{"index":"index","follow":"follow","max-snippet":"max-snippet:-1","max-image-preview":"max-image-preview:large","max-video-preview":"max-video-preview:-1"},"canonical":"https:\/\/taniabonament.pl\/sluchawki\/model\/sluchawki-soundpeats-truecapsule-czarne-w-cenie-139-0-pln\/","og_locale":"pl_PL","og_type":"article","og_title":"s\u0142uchawki z mikrofonem Soundpeats","og_description":"S\u0142uchawki z mikrofonem. Model Soundpeats w atrakcyjnej cenie 139.0 PLN. Przedstawiamy s\u0142uchawki do pracy zdalnej i s\u0142uchania muzyki.","og_url":"https:\/\/taniabonament.pl\/sluchawki\/model\/sluchawki-soundpeats-truecapsule-czarne-w-cenie-139-0-pln\/","og_site_name":"TaniAbonament.pl S\u0142uchawki","article_modified_time":"2022-02-14T20:26:16+00:00","og_image":[{"width":500,"height":500,"url":"https:\/\/taniabonament.pl\/sluchawki\/wp-content\/uploads\/2022\/02\/6aa5f31e4790fe4d57d5069bdd1efa03ebda0df1.webp","type":"image\/jpeg"}],"twitter_card":"summary_large_image","schema":{"@context":"https:\/\/schema.org","@graph":[{"@type":"WebPage","@id":"https:\/\/taniabonament.pl\/sluchawki\/model\/sluchawki-soundpeats-truecapsule-czarne-w-cenie-139-0-pln\/","url":"https:\/\/taniabonament.pl\/sluchawki\/model\/sluchawki-soundpeats-truecapsule-czarne-w-cenie-139-0-pln\/","name":"s\u0142uchawki z mikrofonem Soundpeats","isPartOf":{"@id":"https:\/\/taniabonament.pl\/sluchawki\/#website"},"datePublished":"2022-02-14T20:26:08+00:00","dateModified":"2022-02-14T20:26:16+00:00","description":"S\u0142uchawki z mikrofonem. Model Soundpeats w atrakcyjnej cenie 139.0 PLN. Przedstawiamy s\u0142uchawki do pracy zdalnej i s\u0142uchania muzyki.","breadcrumb":{"@id":"https:\/\/taniabonament.pl\/sluchawki\/model\/sluchawki-soundpeats-truecapsule-czarne-w-cenie-139-0-pln\/#breadcrumb"},"inLanguage":"pl-PL","potentialAction":[{"@type":"ReadAction","target":["https:\/\/taniabonament.pl\/sluchawki\/model\/sluchawki-soundpeats-truecapsule-czarne-w-cenie-139-0-pln\/"]}]},{"@type":"BreadcrumbList","@id":"https:\/\/taniabonament.pl\/sluchawki\/model\/sluchawki-soundpeats-truecapsule-czarne-w-cenie-139-0-pln\/#breadcrumb","itemListElement":[{"@type":"ListItem","position":1,"name":"Strona g\u0142\u00f3wna","item":"https:\/\/taniabonament.pl\/sluchawki\/"},{"@type":"ListItem","position":2,"name":"Sklep","item":"https:\/\/taniabonament.pl\/sluchawki\/"},{"@type":"ListItem","position":3,"name":"S\u0142uchawki Soundpeats Truecapsule (czarne) &#8211; w cenie 139.0 PLN"}]},{"@type":"WebSite","@id":"https:\/\/taniabonament.pl\/sluchawki\/#website","url":"https:\/\/taniabonament.pl\/sluchawki\/","name":"TaniAbonament.pl S\u0142uchawki","description":"\u015bwiat s\u0142uchawek idealnych do pracy zdalnej","potentialAction":[{"@type":"SearchAction","target":{"@type":"EntryPoint","urlTemplate":"https:\/\/taniabonament.pl\/sluchawki\/?s={search_term_string}"},"query-input":"required name=search_term_string"}],"inLanguage":"pl-PL"}]}},"_links":{"self":[{"href":"https:\/\/taniabonament.pl\/sluchawki\/wp-json\/wp\/v2\/product\/10071","targetHints":{"allow":["GET"]}}],"collection":[{"href":"https:\/\/taniabonament.pl\/sluchawki\/wp-json\/wp\/v2\/product"}],"about":[{"href":"https:\/\/taniabonament.pl\/sluchawki\/wp-json\/wp\/v2\/types\/product"}],"replies":[{"embeddable":true,"href":"https:\/\/taniabonament.pl\/sluchawki\/wp-json\/wp\/v2\/comments?post=10071"}],"wp:featuredmedia":[{"embeddable":true,"href":"https:\/\/taniabonament.pl\/sluchawki\/wp-json\/wp\/v2\/media\/10072"}],"wp:attachment":[{"href":"https:\/\/taniabonament.pl\/sluchawki\/wp-json\/wp\/v2\/media?parent=10071"}],"wp:term":[{"taxonomy":"product_cat","embeddable":true,"href":"https:\/\/taniabonament.pl\/sluchawki\/wp-json\/wp\/v2\/product_cat?post=10071"},{"taxonomy":"product_tag","embeddable":true,"href":"https:\/\/taniabonament.pl\/sluchawki\/wp-json\/wp\/v2\/product_tag?post=10071"}],"curies":[{"name":"wp","href":"https:\/\/api.w.org\/{rel}","templated":true}]}}