{"id":10057,"date":"2022-02-14T20:26:08","date_gmt":"2022-02-14T20:26:08","guid":{"rendered":"https:\/\/taniabonament.pl\/sluchawki\/model\/sluchawki-tws-edifier-hecate-gm6-czarne-w-cenie-349-0-pln\/"},"modified":"2022-02-14T20:26:13","modified_gmt":"2022-02-14T20:26:13","slug":"sluchawki-tws-edifier-hecate-gm6-czarne-w-cenie-349-0-pln","status":"publish","type":"product","link":"https:\/\/taniabonament.pl\/sluchawki\/model\/sluchawki-tws-edifier-hecate-gm6-czarne-w-cenie-349-0-pln\/","title":{"rendered":"S\u0142uchawki TWS Edifier HECATE GM6 (czarne) &#8211; w cenie 349.0 PLN"},"content":{"rendered":"<p><img decoding=\"async\" style=\"margin-right: 25px; margin-bottom: 10px; width: 220px;\" src=\"https:\/\/static.convertiser.com\/media\/product_images\/294\/3597c4901a4a383ec7e3a94cf814e357\/3bcce0242836856a5e0ed8d97c982ad1780a229a.webp\" alt=\"s\u0142uchawki z mikrofonem Edifier\" align=\"left\" \/><\/p>\n<h2>S\u0142uchawki marki Edifier<\/h2>\n<p>CENA ORYGINALNA: 349.0 PLN<\/p>\n<div style=\"font-weight: bold; font-size: 18px;\">\n<p>UWAGA <span style=\"color: red;\">MAMY RABATY!<\/span><\/p>\n<p>Szczeg\u00f3\u0142owe parametry takie jak dane techniczne, promocje sprawdzisz poni\u017cej w Akces-markt.pl. Rozmawiaj wygodnie przez mikrofon podczas pracy zdalnej. Odizoluj si\u0119 od niepo\u017c\u0105danych d\u017awi\u0119k\u00f3w zewn\u0119trznych. Ciesz si\u0119 czystym brzmieniem w s\u0142uchawkach. Przejd\u017a teraz bezpo\u015brednio do z sklepu gdzie szybko zakupisz te s\u0142uchawki w korzystnej cenie.<\/p>\n<p><span style=\"color: #fff; background-color: #000000; padding: 1px 7px;\"><strong>Edifier<\/strong><\/span><strong><span style=\"margin-left: 5px; color: #fff; background-color: red; padding: 1px 7px;\">349.0 PLN<\/span><\/strong><\/p>\n<p>&nbsp;<\/p>\n<p>&nbsp;<\/p>\n<\/div>\n<p style=\"text-align: center; padding-bottom: 15px;\"><a style=\"color: #fff; font-size: 22px; background-color: #e4144d; padding: 9px 14px; border-radius: 7px; text-decoration: underline;\" href=\"https:\/\/converti.se\/click\/34590059-c70e8160-5f3ad5bd\/?deep_link=https%3A%2F%2Fakces-markt.pl%2Fpl%2Fp%2FSluchawki-TWS-Edifier-HECATE-GM6-czarne%2F147354&#038;sid=sluchawki-z-mikrofonem&#038;tag6=product&#038;tag8=3597c4901a4a383ec7e3a94cf814e357&#038;tag9=S%C5%82uchawki+TWS+Edifier+HECATE+GM6+%28czarne%29\" target=\"_blank\" rel=\"nofollow noopener\">Kup teraz<\/a> <span style=\"font-size: 22px; padding-left: 10px;\">349.0 PLN<\/span><\/p>\n","protected":false},"excerpt":{"rendered":"<h3>Odpowiednie <span style='color: red;'>s\u0142uchawki<\/span> z mikrofonem? <\/h3>\n<p> Cechy i zalety: <\/p>\n<ul style='padding-left: 10px; padding-bottom: 10px;'>\n<li style='padding-top: 10px;'>S\u0142uchawki TWS Edifier HECATE GM6Zyskaj przewag\u0119 nad przeciwnikami dzi\u0119ki s\u0142uchawkom od Edifier! Akcesorium obs\u0142uguje Bluetooth 5.0 i technologi\u0119 aptX zapewniaj\u0105c stabilne po\u0142\u0105czenie i niski poziom op\u00f3\u017anienia\n<li style='padding-top: 10px;'>Funkcja redukcji szum\u00f3w ENC eliminuje zb\u0119dny ha\u0142as, aby\u015b m\u00f3g\u0142 si\u0119 skupi\u0107 na rozgrywce\n<li style='padding-top: 10px;'>S\u0142uchawki potrafi\u0105 te\u017c niezale\u017cnie \u0142\u0105czy\u0107 si\u0119 z wybranym urz\u0105dzeniem, a technologia QCC zapewnia jeszcze lepsz\u0105 transmisj\u0119 i d\u0142u\u017cszy czas odtwarzania\n<li style='padding-top: 10px;'>Sprawd\u017a, czym jeszcze mog\u0105 Ci\u0119 zaskoczy\u0107!\u00a0Wysokiej jako\u015bci d\u017awi\u0119kCo sprawia, \u017ce GM6 odtwarzaj\u0105 tak dobrze? Zesp\u00f3\u0142 Edifier wyposa\u017cy\u0142 s\u0142uchawki w 6 mm membran\u0119 biologiczn\u0105, kt\u00f3ra odpowiada za bogate w szczeg\u00f3\u0142y brzmienie\n<li style='padding-top: 10px;'>Odkrywaj swoje ulubione utwory na nowo i zanurz si\u0119 w \u015bwiecie gier!\u00a0Bluetooth 5.0 i technologia aptXS\u0142uchawki gamingowe GM6 zosta\u0142y wyposa\u017cone w modu\u0142 Bluetooth 5.0 i technologi\u0119 aptX, dzi\u0119ki czemu mo\u017cesz cieszy\u0107 si\u0119 stabiln\u0105 i szybk\u0105 transmisj\u0105 sygna\u0142u do 10 m\n<li style='padding-top: 10px;'>Co wi\u0119cej, po\u0142\u0105czenie zapewnia niski poziom op\u00f3\u017anienia (70 ms) i pobiera niewiele energii.\u00a0Swoboda u\u017cytkowaniaAkcesorium wykorzystuje technologi\u0119 podw\u00f3jnej transmisji sygna\u0142u (QCC), kt\u00f3ra wzmacnia sygna\u0142 i wyd\u0142u\u017ca czas odtwarzania\n<li style='padding-top: 10px;'>S\u0142uchasz audiobooka i jeste\u015b ciekawy jak potoczy si\u0119 akcja? Skorzystaj z obu s\u0142uchawek\n<li style='padding-top: 10px;'>Je\u015bli jednak wolisz pozosta\u0107 w kontakcie z otoczeniem, mo\u017cesz u\u017cywa\u0107 jednej s\u0142uchawki, poniewa\u017c GM6 potrafi\u0105 pracowa\u0107 niezale\u017cnie od siebie.\u00a0D\u0142ugi czas pracyGM6 z powodzeniem zabierzesz w podr\u00f3\u017c, na trening, gdzie tylko chcesz\n<li style='padding-top: 10px;'>Etui \u0142aduj\u0105ce jest kompaktowe, dzi\u0119ki czemu schowasz je nawet do kieszeni\n<li style='padding-top: 10px;'>Czas pracy s\u0142uchawek wynosi oko\u0142o 7 godzin, a etui \u0142aduj\u0105ce wyd\u0142u\u017ca czas dzia\u0142ania do nawet 21 godzin.\u00a0Wbudowany mikrofonS\u0142uchawki zosta\u0142y wyposa\u017cone w podw\u00f3jny mikrofon, dzi\u0119ki czemu mo\u017cesz wygodnie prowadzi\u0107 rozmowy\n<li style='padding-top: 10px;'>Funkcja redukcji szum\u00f3w ENC eliminuje ha\u0142as otoczenia, pozwalaj\u0105c si\u0119 skupi\u0107 na rozgrywce.\u00a0Wygodne sterowanieObs\u0142uga GM6 jest prosta i wygodna\n<li style='padding-top: 10px;'>Ka\u017cda ze s\u0142uchawek posiada panel dotykowy, kt\u00f3ry umo\u017cliwia sterowanie akcesorium\n<li style='padding-top: 10px;'>Ju\u017c nie musisz si\u0119ga\u0107 po telefon, aby odbiera\u0107 po\u0142\u0105czenia przychodz\u0105ce, pomija\u0107 utwory, wznawia\u0107 odtwarzanie, itp\n<li style='padding-top: 10px;'>Dodatkowo, po wyj\u0119ciu s\u0142uchawek z uszu, odtwarzanie automatycznie si\u0119 zatrzyma, a kiedy za\u0142o\u017cysz je ponownie, zostanie wznowione.\u00a0Nowoczesny designGM6 wyr\u00f3\u017cnia nowoczesny, stylowy design\n<li style='padding-top: 10px;'>Niebieskie pod\u015bwietlenie LED zosta\u0142o umieszczone na s\u0142uchawkach i etui \u0142aduj\u0105cym, co nadaje im gamingowego charakteru\n<li style='padding-top: 10px;'>Co wi\u0119cej, do zestawu do\u0142\u0105czono 2 rodzaje nak\u0142adek gumowych: do s\u0142uchania muzyki i grania, dla zapewnienia wygody u\u017cytkowania.\u00a0Specyfikacja\u00a0ProducentEdifierModelGM6Wersja Bluetooth5.0Zasi\u0119g sygna\u0142u10 m\u015arednica membrany6 mmRedukcja szum\u00f3wENCKodeki audioA2DP, AVRCP, HFP, HSPCzas odtwarzania7h (s\u0142uchawki) + 14h (etui \u0142aduj\u0105ce)Pasmo przenoszenia20Hz &#8211; 20kHzCzu\u0142o\u015b\u010798dBImpedancja16 \u03a9Wej\u015bcieDC 5V 55mA (s\u0142uchawki), DC 5V 500mA (etui \u0142aduj\u0105ce)Poziom wodoodporno\u015bciIPX5Poziom op\u00f3\u017anienia70 msKolorczarny<\/ul>\n","protected":false},"featured_media":10058,"comment_status":"closed","ping_status":"open","template":"","meta":[],"product_cat":[82,601],"product_tag":[],"class_list":{"0":"post-10057","1":"product","2":"type-product","3":"status-publish","5":"hentry","6":"product_cat-edifier","7":"product_cat-sluchawki-z-mikrofonem","8":"pa_producent-edifier","9":"pa_sklep-akces-markt-pl"},"yoast_head":"<!-- This site is optimized with the Yoast SEO plugin v20.9 - https:\/\/yoast.com\/wordpress\/plugins\/seo\/ -->\n<title>s\u0142uchawki z mikrofonem Edifier<\/title>\n<meta name=\"description\" content=\"S\u0142uchawki z mikrofonem. Model Edifier w atrakcyjnej cenie 349.0 PLN. Przedstawiamy s\u0142uchawki do pracy zdalnej i s\u0142uchania muzyki.\" \/>\n<meta name=\"robots\" content=\"index, follow, max-snippet:-1, max-image-preview:large, max-video-preview:-1\" \/>\n<link rel=\"canonical\" href=\"https:\/\/taniabonament.pl\/sluchawki\/model\/sluchawki-tws-edifier-hecate-gm6-czarne-w-cenie-349-0-pln\/\" \/>\n<meta property=\"og:locale\" content=\"pl_PL\" \/>\n<meta property=\"og:type\" content=\"article\" \/>\n<meta property=\"og:title\" content=\"s\u0142uchawki z mikrofonem Edifier\" \/>\n<meta property=\"og:description\" content=\"S\u0142uchawki z mikrofonem. Model Edifier w atrakcyjnej cenie 349.0 PLN. Przedstawiamy s\u0142uchawki do pracy zdalnej i s\u0142uchania muzyki.\" \/>\n<meta property=\"og:url\" content=\"https:\/\/taniabonament.pl\/sluchawki\/model\/sluchawki-tws-edifier-hecate-gm6-czarne-w-cenie-349-0-pln\/\" \/>\n<meta property=\"og:site_name\" content=\"TaniAbonament.pl S\u0142uchawki\" \/>\n<meta property=\"article:modified_time\" content=\"2022-02-14T20:26:13+00:00\" \/>\n<meta property=\"og:image\" content=\"https:\/\/taniabonament.pl\/sluchawki\/wp-content\/uploads\/2022\/02\/3bcce0242836856a5e0ed8d97c982ad1780a229a.webp\" \/>\n\t<meta property=\"og:image:width\" content=\"500\" \/>\n\t<meta property=\"og:image:height\" content=\"472\" \/>\n\t<meta property=\"og:image:type\" content=\"image\/jpeg\" \/>\n<meta name=\"twitter:card\" content=\"summary_large_image\" \/>\n<script type=\"application\/ld+json\" class=\"yoast-schema-graph\">{\"@context\":\"https:\/\/schema.org\",\"@graph\":[{\"@type\":\"WebPage\",\"@id\":\"https:\/\/taniabonament.pl\/sluchawki\/model\/sluchawki-tws-edifier-hecate-gm6-czarne-w-cenie-349-0-pln\/\",\"url\":\"https:\/\/taniabonament.pl\/sluchawki\/model\/sluchawki-tws-edifier-hecate-gm6-czarne-w-cenie-349-0-pln\/\",\"name\":\"s\u0142uchawki z mikrofonem Edifier\",\"isPartOf\":{\"@id\":\"https:\/\/taniabonament.pl\/sluchawki\/#website\"},\"datePublished\":\"2022-02-14T20:26:08+00:00\",\"dateModified\":\"2022-02-14T20:26:13+00:00\",\"description\":\"S\u0142uchawki z mikrofonem. Model Edifier w atrakcyjnej cenie 349.0 PLN. Przedstawiamy s\u0142uchawki do pracy zdalnej i s\u0142uchania muzyki.\",\"breadcrumb\":{\"@id\":\"https:\/\/taniabonament.pl\/sluchawki\/model\/sluchawki-tws-edifier-hecate-gm6-czarne-w-cenie-349-0-pln\/#breadcrumb\"},\"inLanguage\":\"pl-PL\",\"potentialAction\":[{\"@type\":\"ReadAction\",\"target\":[\"https:\/\/taniabonament.pl\/sluchawki\/model\/sluchawki-tws-edifier-hecate-gm6-czarne-w-cenie-349-0-pln\/\"]}]},{\"@type\":\"BreadcrumbList\",\"@id\":\"https:\/\/taniabonament.pl\/sluchawki\/model\/sluchawki-tws-edifier-hecate-gm6-czarne-w-cenie-349-0-pln\/#breadcrumb\",\"itemListElement\":[{\"@type\":\"ListItem\",\"position\":1,\"name\":\"Strona g\u0142\u00f3wna\",\"item\":\"https:\/\/taniabonament.pl\/sluchawki\/\"},{\"@type\":\"ListItem\",\"position\":2,\"name\":\"Sklep\",\"item\":\"https:\/\/taniabonament.pl\/sluchawki\/\"},{\"@type\":\"ListItem\",\"position\":3,\"name\":\"S\u0142uchawki TWS Edifier HECATE GM6 (czarne) &#8211; w cenie 349.0 PLN\"}]},{\"@type\":\"WebSite\",\"@id\":\"https:\/\/taniabonament.pl\/sluchawki\/#website\",\"url\":\"https:\/\/taniabonament.pl\/sluchawki\/\",\"name\":\"TaniAbonament.pl S\u0142uchawki\",\"description\":\"\u015bwiat s\u0142uchawek idealnych do pracy zdalnej\",\"potentialAction\":[{\"@type\":\"SearchAction\",\"target\":{\"@type\":\"EntryPoint\",\"urlTemplate\":\"https:\/\/taniabonament.pl\/sluchawki\/?s={search_term_string}\"},\"query-input\":\"required name=search_term_string\"}],\"inLanguage\":\"pl-PL\"}]}<\/script>\n<!-- \/ Yoast SEO plugin. -->","yoast_head_json":{"title":"s\u0142uchawki z mikrofonem Edifier","description":"S\u0142uchawki z mikrofonem. Model Edifier w atrakcyjnej cenie 349.0 PLN. Przedstawiamy s\u0142uchawki do pracy zdalnej i s\u0142uchania muzyki.","robots":{"index":"index","follow":"follow","max-snippet":"max-snippet:-1","max-image-preview":"max-image-preview:large","max-video-preview":"max-video-preview:-1"},"canonical":"https:\/\/taniabonament.pl\/sluchawki\/model\/sluchawki-tws-edifier-hecate-gm6-czarne-w-cenie-349-0-pln\/","og_locale":"pl_PL","og_type":"article","og_title":"s\u0142uchawki z mikrofonem Edifier","og_description":"S\u0142uchawki z mikrofonem. Model Edifier w atrakcyjnej cenie 349.0 PLN. Przedstawiamy s\u0142uchawki do pracy zdalnej i s\u0142uchania muzyki.","og_url":"https:\/\/taniabonament.pl\/sluchawki\/model\/sluchawki-tws-edifier-hecate-gm6-czarne-w-cenie-349-0-pln\/","og_site_name":"TaniAbonament.pl S\u0142uchawki","article_modified_time":"2022-02-14T20:26:13+00:00","og_image":[{"width":500,"height":472,"url":"https:\/\/taniabonament.pl\/sluchawki\/wp-content\/uploads\/2022\/02\/3bcce0242836856a5e0ed8d97c982ad1780a229a.webp","type":"image\/jpeg"}],"twitter_card":"summary_large_image","schema":{"@context":"https:\/\/schema.org","@graph":[{"@type":"WebPage","@id":"https:\/\/taniabonament.pl\/sluchawki\/model\/sluchawki-tws-edifier-hecate-gm6-czarne-w-cenie-349-0-pln\/","url":"https:\/\/taniabonament.pl\/sluchawki\/model\/sluchawki-tws-edifier-hecate-gm6-czarne-w-cenie-349-0-pln\/","name":"s\u0142uchawki z mikrofonem Edifier","isPartOf":{"@id":"https:\/\/taniabonament.pl\/sluchawki\/#website"},"datePublished":"2022-02-14T20:26:08+00:00","dateModified":"2022-02-14T20:26:13+00:00","description":"S\u0142uchawki z mikrofonem. Model Edifier w atrakcyjnej cenie 349.0 PLN. Przedstawiamy s\u0142uchawki do pracy zdalnej i s\u0142uchania muzyki.","breadcrumb":{"@id":"https:\/\/taniabonament.pl\/sluchawki\/model\/sluchawki-tws-edifier-hecate-gm6-czarne-w-cenie-349-0-pln\/#breadcrumb"},"inLanguage":"pl-PL","potentialAction":[{"@type":"ReadAction","target":["https:\/\/taniabonament.pl\/sluchawki\/model\/sluchawki-tws-edifier-hecate-gm6-czarne-w-cenie-349-0-pln\/"]}]},{"@type":"BreadcrumbList","@id":"https:\/\/taniabonament.pl\/sluchawki\/model\/sluchawki-tws-edifier-hecate-gm6-czarne-w-cenie-349-0-pln\/#breadcrumb","itemListElement":[{"@type":"ListItem","position":1,"name":"Strona g\u0142\u00f3wna","item":"https:\/\/taniabonament.pl\/sluchawki\/"},{"@type":"ListItem","position":2,"name":"Sklep","item":"https:\/\/taniabonament.pl\/sluchawki\/"},{"@type":"ListItem","position":3,"name":"S\u0142uchawki TWS Edifier HECATE GM6 (czarne) &#8211; w cenie 349.0 PLN"}]},{"@type":"WebSite","@id":"https:\/\/taniabonament.pl\/sluchawki\/#website","url":"https:\/\/taniabonament.pl\/sluchawki\/","name":"TaniAbonament.pl S\u0142uchawki","description":"\u015bwiat s\u0142uchawek idealnych do pracy zdalnej","potentialAction":[{"@type":"SearchAction","target":{"@type":"EntryPoint","urlTemplate":"https:\/\/taniabonament.pl\/sluchawki\/?s={search_term_string}"},"query-input":"required name=search_term_string"}],"inLanguage":"pl-PL"}]}},"_links":{"self":[{"href":"https:\/\/taniabonament.pl\/sluchawki\/wp-json\/wp\/v2\/product\/10057","targetHints":{"allow":["GET"]}}],"collection":[{"href":"https:\/\/taniabonament.pl\/sluchawki\/wp-json\/wp\/v2\/product"}],"about":[{"href":"https:\/\/taniabonament.pl\/sluchawki\/wp-json\/wp\/v2\/types\/product"}],"replies":[{"embeddable":true,"href":"https:\/\/taniabonament.pl\/sluchawki\/wp-json\/wp\/v2\/comments?post=10057"}],"wp:featuredmedia":[{"embeddable":true,"href":"https:\/\/taniabonament.pl\/sluchawki\/wp-json\/wp\/v2\/media\/10058"}],"wp:attachment":[{"href":"https:\/\/taniabonament.pl\/sluchawki\/wp-json\/wp\/v2\/media?parent=10057"}],"wp:term":[{"taxonomy":"product_cat","embeddable":true,"href":"https:\/\/taniabonament.pl\/sluchawki\/wp-json\/wp\/v2\/product_cat?post=10057"},{"taxonomy":"product_tag","embeddable":true,"href":"https:\/\/taniabonament.pl\/sluchawki\/wp-json\/wp\/v2\/product_tag?post=10057"}],"curies":[{"name":"wp","href":"https:\/\/api.w.org\/{rel}","templated":true}]}}