{"id":10045,"date":"2022-02-14T20:26:08","date_gmt":"2022-02-14T20:26:08","guid":{"rendered":"https:\/\/taniabonament.pl\/sluchawki\/model\/sluchawki-do-rozmow-edifier-k5000-czarne-w-cenie-279-0-pln\/"},"modified":"2022-02-14T20:26:11","modified_gmt":"2022-02-14T20:26:11","slug":"sluchawki-do-rozmow-edifier-k5000-czarne-w-cenie-279-0-pln","status":"publish","type":"product","link":"https:\/\/taniabonament.pl\/sluchawki\/model\/sluchawki-do-rozmow-edifier-k5000-czarne-w-cenie-279-0-pln\/","title":{"rendered":"S\u0142uchawki do rozm\u00f3w Edifier K5000 (czarne) &#8211; w cenie 279.0 PLN"},"content":{"rendered":"<p><img decoding=\"async\" style=\"margin-right: 25px; margin-bottom: 10px; width: 220px;\" src=\"https:\/\/static.convertiser.com\/media\/product_images\/294\/6458ceb1f278eb7e8d8fc37c237849bc\/0ece578971a47c54eb146224195c6b34aa737ef0.webp\" alt=\"s\u0142uchawki z mikrofonem Edifier\" align=\"left\" \/><\/p>\n<h2>S\u0142uchawki marki Edifier<\/h2>\n<p>CENA ORYGINALNA: 279.0 PLN<\/p>\n<div style=\"font-weight: bold; font-size: 18px;\">\n<p>UWAGA <span style=\"color: red;\">MAMY RABATY!<\/span><\/p>\n<p>Szczeg\u00f3\u0142owe parametry takie jak dane techniczne, promocje sprawdzisz poni\u017cej w Akces-markt.pl. Rozmawiaj wygodnie przez mikrofon podczas pracy zdalnej. Odizoluj si\u0119 od niepo\u017c\u0105danych d\u017awi\u0119k\u00f3w zewn\u0119trznych. Ciesz si\u0119 czystym brzmieniem w s\u0142uchawkach. Przejd\u017a teraz bezpo\u015brednio do z sklepu gdzie szybko zakupisz te s\u0142uchawki w korzystnej cenie.<\/p>\n<p><span style=\"color: #fff; background-color: #000000; padding: 1px 7px;\"><strong>Edifier<\/strong><\/span><strong><span style=\"margin-left: 5px; color: #fff; background-color: red; padding: 1px 7px;\">279.0 PLN<\/span><\/strong><\/p>\n<p>&nbsp;<\/p>\n<p>&nbsp;<\/p>\n<\/div>\n<p style=\"text-align: center; padding-bottom: 15px;\"><a style=\"color: #fff; font-size: 22px; background-color: #e4144d; padding: 9px 14px; border-radius: 7px; text-decoration: underline;\" href=\"https:\/\/converti.se\/click\/34590059-c70e8160-5f3ad5bd\/?deep_link=https%3A%2F%2Fakces-markt.pl%2Fpl%2Fp%2FSluchawki-do-rozmow-Edifier-K5000-czarne%2F146900&#038;sid=sluchawki-z-mikrofonem&#038;tag6=product&#038;tag8=6458ceb1f278eb7e8d8fc37c237849bc&#038;tag9=S%C5%82uchawki+do+rozm%C3%B3w+Edifier+K5000+%28czarne%29\" target=\"_blank\" rel=\"nofollow noopener\">Kup teraz<\/a> <span style=\"font-size: 22px; padding-left: 10px;\">279.0 PLN<\/span><\/p>\n","protected":false},"excerpt":{"rendered":"<h3>Odpowiednie <span style='color: red;'>s\u0142uchawki<\/span> z mikrofonem? <\/h3>\n<p> Cechy i zalety: <\/p>\n<ul style='padding-left: 10px; padding-bottom: 10px;'>\n<li style='padding-top: 10px;'>S\u0142uchawki Edifier K5000Cz\u0119sto bierzesz udzia\u0142 w wyk\u0142adach lub spotkaniach online? Twoje dziecko ma zdalne lekcje lub kursy? A mo\u017ce lubisz gra\u0107 w gry sieciowe? W podobnych sytuacjach warto sprawi\u0107 sobie s\u0142uchawki, kt\u00f3re zapewniaj\u0105 doskona\u0142\u0105 jako\u015b\u0107 d\u017awi\u0119ku i umo\u017cliwiaj\u0105 swobodn\u0105 komunikacj\u0119\n<li style='padding-top: 10px;'>Edifier K5000 oka\u017c\u0105 si\u0119 prawdziwym strza\u0142em w dziesi\u0105tk\u0119! Mikrofon z redukcj\u0105 szum\u00f3w precyzyjnie rejestruje g\u0142os, a mi\u0119kkie nauszniki zapewniaj\u0105 komfort u\u017cytkowania\n<li style='padding-top: 10px;'>S\u0142uchawki chroni\u0105 te\u017c s\u0142uch u\u017cytkownika przed uszkodzeniem.\u00a0Mikrofon z redukcj\u0105 szum\u00f3w &#8211; swobodna komunikacjaDziel si\u0119 spostrze\u017ceniami z innymi uczestnikami spotkania, bierz udzia\u0142 w dyskusjach na zaj\u0119ciach lub planuj taktyk\u0119 na kolejne rozgrywki\n<li style='padding-top: 10px;'>S\u0142uchawki Edifier K5000 zosta\u0142y wyposa\u017cone w wysokiej klasy mikrofon, kt\u00f3ry doskonale rejestruje g\u0142os, a dzi\u0119ki technologii redukcji szum\u00f3w skutecznie filtruje zb\u0119dny ha\u0142as z otoczenia\n<li style='padding-top: 10px;'>Pozw\u00f3l swojemu dziecku skupi\u0107 si\u0119 na nauce lub wygrywaj kolejne pojedynki w grze sieciowej &#8211; teraz ju\u017c nic Ci\u0119 nie rozproszy!\u00a0\u015awietna jako\u015b\u0107 d\u017awi\u0119kuZ Edifier doskonale us\u0142yszysz swoich rozm\u00f3wc\u00f3w i b\u0119dziesz cieszy\u0107 si\u0119 fantastycznej jako\u015bci d\u017awi\u0119kiem podczas ogl\u0105dania film\u00f3w, s\u0142uchania muzyki i grania w gry\n<li style='padding-top: 10px;'>Dynamiczny przetwornik 40 mm oraz zaawansowany chip DSP zapewniaj\u0105 czyste, naturalne, bogate w szczeg\u00f3\u0142y brzmienie\n<li style='padding-top: 10px;'>To oznacza, \u017ce s\u0142uchawki Edifier K5000 idealnie sprawdz\u0105 si\u0119 w wielu zastosowaniach &#8211; nie tylko w szkole lub w pracy, ale te\u017c w trakcie odpoczynku!\u00a0Ochrona s\u0142uchu u\u017cytkownik\u00f3wZ pewno\u015bci\u0105 wiesz, \u017ce u\u017cywaj\u0105c s\u0142uchawek przez d\u0142ugi czas, mo\u017cemy narazi\u0107 s\u0142uch na uszkodzenie\n<li style='padding-top: 10px;'>Producent pomy\u015bla\u0142 r\u00f3wnie\u017c o tym! S\u0142uchawki zosta\u0142y wyposa\u017cone w specjalny mechanizm kontrolny, kt\u00f3ry na bie\u017c\u0105co monitoruje ci\u015bnienie akustyczne, aby zapewni\u0107 u\u017cytkownikom bezpiecze\u0144stwo\n<li style='padding-top: 10px;'>Dzi\u0119ki temu mo\u017cesz mie\u0107 pewno\u015b\u0107, \u017ce z Edifier Ty i Twoje dziecko otrzymacie odpowiedni\u0105 ochron\u0119 przed uszkodzeniem s\u0142uchu.\u00a0Prosta obs\u0142ugaS\u0142uchawki s\u0105 bajecznie proste w obs\u0142udze\n<li style='padding-top: 10px;'>Z\u0142\u0105cze USB sprawia, \u017ce wystarczy pod\u0142\u0105czy\u0107 K5000 do komputera lub laptopa &#8211; i ju\u017c mo\u017cesz ich u\u017cywa\u0107! To kolejny pow\u00f3d, kt\u00f3ry sprawia, \u017ce okazuj\u0105 si\u0119 idealne niemal dla wszystkich &#8211; zar\u00f3wno dla doros\u0142ych, jak i dla dzieci\n<li style='padding-top: 10px;'>Nawet najm\u0142odsi u\u017cytkownicy bez problemu poradz\u0105 sobie z ich pod\u0142\u0105czeniem.\u00a0Dostosowane do potrzeb u\u017cytkownikaS\u0142uchawki K5000 s\u0105 nie tylko funkcjonalne, ale te\u017c niesamowicie wygodne\n<li style='padding-top: 10px;'>Regulowany pa\u0142\u0105k pozwala idealnie dostosowa\u0107 je do potrzeb u\u017cytkownik\u00f3w w ka\u017cdym wieku\n<li style='padding-top: 10px;'>Mi\u0119kkie nauszniki zosta\u0142y wykonane z przyjaznych dla sk\u00f3ry materia\u0142\u00f3w i doskonale przylegaj\u0105 do uszu\n<li style='padding-top: 10px;'>Nie wywo\u0142uj\u0105 przy tym nieprzyjemnego nacisku\n<li style='padding-top: 10px;'>S\u0142uchawki s\u0105 te\u017c niezwykle lekkie &#8211; mo\u017cesz wi\u0119c korzysta\u0107 z nich tak d\u0142ugo, jak potrzebujesz, nie obawiaj\u0105c si\u0119 zm\u0119czenia.\u00a0Specyfikacja\u00a0ProducentEdifierModelK5000PrzetwornikDynamiczny przetwornik 40 mmPasmo przenoszenia20 Hz &#8211; 20 kHzImpedancja32\u03a9SPL91 \u00b13 dBSPL(A)Kierunkowo\u015b\u0107 mikrofonuJednokierunkowyCzu\u0142o\u015b\u0107 mikrofonu-38 dB \u00b13 dBZ\u0142\u0105czeWtyczka USB-AD\u0142ugo\u015b\u0107 kabla2,8 mWaga300 g<\/ul>\n","protected":false},"featured_media":10046,"comment_status":"closed","ping_status":"open","template":"","meta":[],"product_cat":[82,601],"product_tag":[],"class_list":{"0":"post-10045","1":"product","2":"type-product","3":"status-publish","5":"hentry","6":"product_cat-edifier","7":"product_cat-sluchawki-z-mikrofonem","8":"pa_producent-edifier","9":"pa_sklep-akces-markt-pl"},"yoast_head":"<!-- This site is optimized with the Yoast SEO plugin v20.9 - https:\/\/yoast.com\/wordpress\/plugins\/seo\/ -->\n<title>s\u0142uchawki z mikrofonem Edifier<\/title>\n<meta name=\"description\" content=\"S\u0142uchawki z mikrofonem. Model Edifier w atrakcyjnej cenie 279.0 PLN. Przedstawiamy s\u0142uchawki do pracy zdalnej i s\u0142uchania muzyki.\" \/>\n<meta name=\"robots\" content=\"index, follow, max-snippet:-1, max-image-preview:large, max-video-preview:-1\" \/>\n<link rel=\"canonical\" href=\"https:\/\/taniabonament.pl\/sluchawki\/model\/sluchawki-do-rozmow-edifier-k5000-czarne-w-cenie-279-0-pln\/\" \/>\n<meta property=\"og:locale\" content=\"pl_PL\" \/>\n<meta property=\"og:type\" content=\"article\" \/>\n<meta property=\"og:title\" content=\"s\u0142uchawki z mikrofonem Edifier\" \/>\n<meta property=\"og:description\" content=\"S\u0142uchawki z mikrofonem. Model Edifier w atrakcyjnej cenie 279.0 PLN. Przedstawiamy s\u0142uchawki do pracy zdalnej i s\u0142uchania muzyki.\" \/>\n<meta property=\"og:url\" content=\"https:\/\/taniabonament.pl\/sluchawki\/model\/sluchawki-do-rozmow-edifier-k5000-czarne-w-cenie-279-0-pln\/\" \/>\n<meta property=\"og:site_name\" content=\"TaniAbonament.pl S\u0142uchawki\" \/>\n<meta property=\"article:modified_time\" content=\"2022-02-14T20:26:11+00:00\" \/>\n<meta property=\"og:image\" content=\"https:\/\/taniabonament.pl\/sluchawki\/wp-content\/uploads\/2022\/02\/0ece578971a47c54eb146224195c6b34aa737ef0.webp\" \/>\n\t<meta property=\"og:image:width\" content=\"500\" \/>\n\t<meta property=\"og:image:height\" content=\"500\" \/>\n\t<meta property=\"og:image:type\" content=\"image\/jpeg\" \/>\n<meta name=\"twitter:card\" content=\"summary_large_image\" \/>\n<script type=\"application\/ld+json\" class=\"yoast-schema-graph\">{\"@context\":\"https:\/\/schema.org\",\"@graph\":[{\"@type\":\"WebPage\",\"@id\":\"https:\/\/taniabonament.pl\/sluchawki\/model\/sluchawki-do-rozmow-edifier-k5000-czarne-w-cenie-279-0-pln\/\",\"url\":\"https:\/\/taniabonament.pl\/sluchawki\/model\/sluchawki-do-rozmow-edifier-k5000-czarne-w-cenie-279-0-pln\/\",\"name\":\"s\u0142uchawki z mikrofonem Edifier\",\"isPartOf\":{\"@id\":\"https:\/\/taniabonament.pl\/sluchawki\/#website\"},\"datePublished\":\"2022-02-14T20:26:08+00:00\",\"dateModified\":\"2022-02-14T20:26:11+00:00\",\"description\":\"S\u0142uchawki z mikrofonem. Model Edifier w atrakcyjnej cenie 279.0 PLN. Przedstawiamy s\u0142uchawki do pracy zdalnej i s\u0142uchania muzyki.\",\"breadcrumb\":{\"@id\":\"https:\/\/taniabonament.pl\/sluchawki\/model\/sluchawki-do-rozmow-edifier-k5000-czarne-w-cenie-279-0-pln\/#breadcrumb\"},\"inLanguage\":\"pl-PL\",\"potentialAction\":[{\"@type\":\"ReadAction\",\"target\":[\"https:\/\/taniabonament.pl\/sluchawki\/model\/sluchawki-do-rozmow-edifier-k5000-czarne-w-cenie-279-0-pln\/\"]}]},{\"@type\":\"BreadcrumbList\",\"@id\":\"https:\/\/taniabonament.pl\/sluchawki\/model\/sluchawki-do-rozmow-edifier-k5000-czarne-w-cenie-279-0-pln\/#breadcrumb\",\"itemListElement\":[{\"@type\":\"ListItem\",\"position\":1,\"name\":\"Strona g\u0142\u00f3wna\",\"item\":\"https:\/\/taniabonament.pl\/sluchawki\/\"},{\"@type\":\"ListItem\",\"position\":2,\"name\":\"Sklep\",\"item\":\"https:\/\/taniabonament.pl\/sluchawki\/\"},{\"@type\":\"ListItem\",\"position\":3,\"name\":\"S\u0142uchawki do rozm\u00f3w Edifier K5000 (czarne) &#8211; w cenie 279.0 PLN\"}]},{\"@type\":\"WebSite\",\"@id\":\"https:\/\/taniabonament.pl\/sluchawki\/#website\",\"url\":\"https:\/\/taniabonament.pl\/sluchawki\/\",\"name\":\"TaniAbonament.pl S\u0142uchawki\",\"description\":\"\u015bwiat s\u0142uchawek idealnych do pracy zdalnej\",\"potentialAction\":[{\"@type\":\"SearchAction\",\"target\":{\"@type\":\"EntryPoint\",\"urlTemplate\":\"https:\/\/taniabonament.pl\/sluchawki\/?s={search_term_string}\"},\"query-input\":\"required name=search_term_string\"}],\"inLanguage\":\"pl-PL\"}]}<\/script>\n<!-- \/ Yoast SEO plugin. -->","yoast_head_json":{"title":"s\u0142uchawki z mikrofonem Edifier","description":"S\u0142uchawki z mikrofonem. Model Edifier w atrakcyjnej cenie 279.0 PLN. Przedstawiamy s\u0142uchawki do pracy zdalnej i s\u0142uchania muzyki.","robots":{"index":"index","follow":"follow","max-snippet":"max-snippet:-1","max-image-preview":"max-image-preview:large","max-video-preview":"max-video-preview:-1"},"canonical":"https:\/\/taniabonament.pl\/sluchawki\/model\/sluchawki-do-rozmow-edifier-k5000-czarne-w-cenie-279-0-pln\/","og_locale":"pl_PL","og_type":"article","og_title":"s\u0142uchawki z mikrofonem Edifier","og_description":"S\u0142uchawki z mikrofonem. Model Edifier w atrakcyjnej cenie 279.0 PLN. Przedstawiamy s\u0142uchawki do pracy zdalnej i s\u0142uchania muzyki.","og_url":"https:\/\/taniabonament.pl\/sluchawki\/model\/sluchawki-do-rozmow-edifier-k5000-czarne-w-cenie-279-0-pln\/","og_site_name":"TaniAbonament.pl S\u0142uchawki","article_modified_time":"2022-02-14T20:26:11+00:00","og_image":[{"width":500,"height":500,"url":"https:\/\/taniabonament.pl\/sluchawki\/wp-content\/uploads\/2022\/02\/0ece578971a47c54eb146224195c6b34aa737ef0.webp","type":"image\/jpeg"}],"twitter_card":"summary_large_image","schema":{"@context":"https:\/\/schema.org","@graph":[{"@type":"WebPage","@id":"https:\/\/taniabonament.pl\/sluchawki\/model\/sluchawki-do-rozmow-edifier-k5000-czarne-w-cenie-279-0-pln\/","url":"https:\/\/taniabonament.pl\/sluchawki\/model\/sluchawki-do-rozmow-edifier-k5000-czarne-w-cenie-279-0-pln\/","name":"s\u0142uchawki z mikrofonem Edifier","isPartOf":{"@id":"https:\/\/taniabonament.pl\/sluchawki\/#website"},"datePublished":"2022-02-14T20:26:08+00:00","dateModified":"2022-02-14T20:26:11+00:00","description":"S\u0142uchawki z mikrofonem. Model Edifier w atrakcyjnej cenie 279.0 PLN. Przedstawiamy s\u0142uchawki do pracy zdalnej i s\u0142uchania muzyki.","breadcrumb":{"@id":"https:\/\/taniabonament.pl\/sluchawki\/model\/sluchawki-do-rozmow-edifier-k5000-czarne-w-cenie-279-0-pln\/#breadcrumb"},"inLanguage":"pl-PL","potentialAction":[{"@type":"ReadAction","target":["https:\/\/taniabonament.pl\/sluchawki\/model\/sluchawki-do-rozmow-edifier-k5000-czarne-w-cenie-279-0-pln\/"]}]},{"@type":"BreadcrumbList","@id":"https:\/\/taniabonament.pl\/sluchawki\/model\/sluchawki-do-rozmow-edifier-k5000-czarne-w-cenie-279-0-pln\/#breadcrumb","itemListElement":[{"@type":"ListItem","position":1,"name":"Strona g\u0142\u00f3wna","item":"https:\/\/taniabonament.pl\/sluchawki\/"},{"@type":"ListItem","position":2,"name":"Sklep","item":"https:\/\/taniabonament.pl\/sluchawki\/"},{"@type":"ListItem","position":3,"name":"S\u0142uchawki do rozm\u00f3w Edifier K5000 (czarne) &#8211; w cenie 279.0 PLN"}]},{"@type":"WebSite","@id":"https:\/\/taniabonament.pl\/sluchawki\/#website","url":"https:\/\/taniabonament.pl\/sluchawki\/","name":"TaniAbonament.pl S\u0142uchawki","description":"\u015bwiat s\u0142uchawek idealnych do pracy zdalnej","potentialAction":[{"@type":"SearchAction","target":{"@type":"EntryPoint","urlTemplate":"https:\/\/taniabonament.pl\/sluchawki\/?s={search_term_string}"},"query-input":"required name=search_term_string"}],"inLanguage":"pl-PL"}]}},"_links":{"self":[{"href":"https:\/\/taniabonament.pl\/sluchawki\/wp-json\/wp\/v2\/product\/10045","targetHints":{"allow":["GET"]}}],"collection":[{"href":"https:\/\/taniabonament.pl\/sluchawki\/wp-json\/wp\/v2\/product"}],"about":[{"href":"https:\/\/taniabonament.pl\/sluchawki\/wp-json\/wp\/v2\/types\/product"}],"replies":[{"embeddable":true,"href":"https:\/\/taniabonament.pl\/sluchawki\/wp-json\/wp\/v2\/comments?post=10045"}],"wp:featuredmedia":[{"embeddable":true,"href":"https:\/\/taniabonament.pl\/sluchawki\/wp-json\/wp\/v2\/media\/10046"}],"wp:attachment":[{"href":"https:\/\/taniabonament.pl\/sluchawki\/wp-json\/wp\/v2\/media?parent=10045"}],"wp:term":[{"taxonomy":"product_cat","embeddable":true,"href":"https:\/\/taniabonament.pl\/sluchawki\/wp-json\/wp\/v2\/product_cat?post=10045"},{"taxonomy":"product_tag","embeddable":true,"href":"https:\/\/taniabonament.pl\/sluchawki\/wp-json\/wp\/v2\/product_tag?post=10045"}],"curies":[{"name":"wp","href":"https:\/\/api.w.org\/{rel}","templated":true}]}}